{"id":6251,"date":"2021-01-01T12:15:22","date_gmt":"2021-01-01T12:15:22","guid":{"rendered":"https:\/\/bakirci.com\/ekipman\/?post_type=product&#038;p=6251"},"modified":"2023-07-25T07:15:03","modified_gmt":"2023-07-25T07:15:03","slug":"aluminyum-seyyar-zimpara-toz-emme-sistemirupesborn-in-italykr2a-atex","status":"publish","type":"product","link":"https:\/\/bakirci.com\/ekipman\/servis-ekipmanlari\/boya\/zimpara-toz-emme\/aluminyum-seyyar-zimpara-toz-emme-sistemirupesborn-in-italykr2a-atex\/","title":{"rendered":"<p class=\"ustmetin\">Al\u00fcminyum Seyyar Z\u0131mpara Toz Emme Sistemi<\/p><p class=\"ortametin\">RUPES<span class=\"ortametin2\">(Born in ITALY)<\/span><p class=\"altmetin\">KR2A ATEX<\/p>"},"content":{"rendered":"<ul>\n<li>Y\u00fcksek performansl\u0131 t\u00fcrbin sayesinde y\u00fcksek emi\u015f g\u00fcc\u00fc<\/li>\n<li>Anti-Statik \u00f6zelli\u011fi ile \u00e7al\u0131\u015fma esnas\u0131nda statik y\u00fcklemeyi \u00f6nler<\/li>\n<li>D\u00fczenli ve g\u00fcvenli \u00e7al\u0131\u015fmay\u0131 sa\u011flayan aksesuar ve sarf malzeme dolab\u0131<\/li>\n<li>Otomatik filtre temizleme sistemi<\/li>\n<li>Atex Zone 22 standart\u0131 ve ATEX2014\/34\/EU y\u00f6netmeli\u011fene uygun \u00e7al\u0131\u015fma sistemi<\/li>\n<li>1 valfli 2 \u00e7\u0131k\u0131\u015fl\u0131 antistatik ba\u011flant\u0131 sistemi<\/li>\n<li>Max. vakum 24000 Pa<\/li>\n<li>Filtre y\u00fczey alan\u0131 1m\u00b2<\/li>\n<li>Konteyner \/ filtre torba kapasitesi 23 lt<\/li>\n<li>\u00c7al\u0131\u015fma g\u00fcc\u00fc 1,5 kW \/ 2 HP<\/li>\n<li>\u00c7al\u0131\u015fma voltaj\u0131 400V<\/li>\n<\/ul>\n","protected":false},"excerpt":{"rendered":"<ul>\n<li>Y\u00fcksek performansl\u0131 t\u00fcrbin sayesinde y\u00fcksek emi\u015f g\u00fcc\u00fc<\/li>\n<li>Anti-Statik \u00f6zelli\u011fi ile \u00e7al\u0131\u015fma esnas\u0131nda statik y\u00fcklemeyi \u00f6nler<\/li>\n<li>D\u00fczenli ve g\u00fcvenli \u00e7al\u0131\u015fmay\u0131 sa\u011flayan aksesuar ve sarf malzeme dolab\u0131<\/li>\n<li>Otomatik filtre temizleme sistemi<\/li>\n<li>Atex Zone 22 standart\u0131 ve ATEX2014\/34\/EU y\u00f6netmeli\u011fene uygun \u00e7al\u0131\u015fma sistemi<\/li>\n<li>1 valfli 2 \u00e7\u0131k\u0131\u015fl\u0131 antistatik ba\u011flant\u0131 sistemi<\/li>\n<li>Max. vakum 24000 Pa<\/li>\n<li>Filtre y\u00fczey alan\u0131 1m\u00b2<\/li>\n<li>Konteyner \/ filtre torba kapasitesi 23 lt<\/li>\n<li>\u00c7al\u0131\u015fma g\u00fcc\u00fc 1,5 kW \/ 2 HP<\/li>\n<li>\u00c7al\u0131\u015fma voltaj\u0131 400V<\/li>\n<\/ul>\n","protected":false},"featured_media":6391,"comment_status":"open","ping_status":"closed","template":"","meta":[],"product_cat":[181],"product_tag":[],"class_list":["post-6251","product","type-product","status-publish","has-post-thumbnail","hentry","pwb-brand-rupes","product_cat-zimpara-toz-emme"],"brands":[{"id":811,"name":"RUPES","slug":"rupes"}],"yoast_head":"<!-- This site is optimized with the Yoast SEO plugin v17.1 - https:\/\/yoast.com\/wordpress\/plugins\/seo\/ -->\n<title>Al\u00fcminyum Seyyar Z\u0131mpara Toz Emme SistemiRUPES(Born in ITALY)KR2A ATEX - Bak\u0131rc\u0131 Garagineering<\/title>\n<meta name=\"robots\" content=\"index, follow, max-snippet:-1, max-image-preview:large, max-video-preview:-1\" \/>\n<link rel=\"canonical\" href=\"https:\/\/bakirci.com\/ekipman\/servis-ekipmanlari\/boya\/zimpara-toz-emme\/aluminyum-seyyar-zimpara-toz-emme-sistemirupesborn-in-italykr2a-atex\/\" \/>\n<meta property=\"og:locale\" content=\"tr_TR\" \/>\n<meta property=\"og:type\" content=\"article\" \/>\n<meta property=\"og:title\" content=\"Al\u00fcminyum Seyyar Z\u0131mpara Toz Emme SistemiRUPES(Born in ITALY)KR2A ATEX - Bak\u0131rc\u0131 Garagineering\" \/>\n<meta property=\"og:description\" content=\"Y\u00fcksek performansl\u0131 t\u00fcrbin sayesinde y\u00fcksek emi\u015f g\u00fcc\u00fc  Anti-Statik \u00f6zelli\u011fi ile \u00e7al\u0131\u015fma esnas\u0131nda statik y\u00fcklemeyi \u00f6nler  D\u00fczenli ve g\u00fcvenli \u00e7al\u0131\u015fmay\u0131 sa\u011flayan aksesuar ve sarf malzeme dolab\u0131  Otomatik filtre temizleme sistemi  Atex Zone 22 standart\u0131 ve ATEX2014\/34\/EU y\u00f6netmeli\u011fene uygun \u00e7al\u0131\u015fma sistemi  1 valfli 2 \u00e7\u0131k\u0131\u015fl\u0131 antistatik ba\u011flant\u0131 sistemi  Max. vakum 24000 Pa  Filtre y\u00fczey alan\u0131 1m\u00b2  Konteyner \/ filtre torba kapasitesi 23 lt  \u00c7al\u0131\u015fma g\u00fcc\u00fc 1,5 kW \/ 2 HP  \u00c7al\u0131\u015fma voltaj\u0131 400V\" \/>\n<meta property=\"og:url\" content=\"https:\/\/bakirci.com\/ekipman\/servis-ekipmanlari\/boya\/zimpara-toz-emme\/aluminyum-seyyar-zimpara-toz-emme-sistemirupesborn-in-italykr2a-atex\/\" \/>\n<meta property=\"og:site_name\" content=\"Bak\u0131rc\u0131 Garagineering\" \/>\n<meta property=\"article:publisher\" content=\"https:\/\/www.facebook.com\/bakirci.garagineering\" \/>\n<meta property=\"article:modified_time\" content=\"2023-07-25T07:15:03+00:00\" \/>\n<meta property=\"og:image\" content=\"https:\/\/bakirci.com\/ekipman\/wp-content\/uploads\/2023\/07\/Aluminyum-Seyyar-Zimpara-Toz-Emme-Sistemi-\u2013-KR2A-ATEX.png\" \/>\n\t<meta property=\"og:image:width\" content=\"1080\" \/>\n\t<meta property=\"og:image:height\" content=\"1080\" \/>\n<meta name=\"twitter:card\" content=\"summary_large_image\" \/>\n<script type=\"application\/ld+json\" class=\"yoast-schema-graph\">{\"@context\":\"https:\/\/schema.org\",\"@graph\":[{\"@type\":\"Organization\",\"@id\":\"https:\/\/bakirci.com\/ekipman\/#organization\",\"name\":\"Bak\\u0131rc\\u0131 garagineering\",\"url\":\"https:\/\/bakirci.com\/ekipman\/\",\"sameAs\":[\"https:\/\/www.facebook.com\/bakirci.garagineering\",\"https:\/\/www.instagram.com\/bakirci.garagineering\/\",\"https:\/\/www.linkedin.com\/company\/bakirci-garagineering\/\",\"https:\/\/www.youtube.com\/channel\/UCiVG6s_jALJ6Zk8085XiOQg\"],\"logo\":{\"@type\":\"ImageObject\",\"@id\":\"https:\/\/bakirci.com\/ekipman\/#logo\",\"inLanguage\":\"tr\",\"url\":\"https:\/\/bakirci.com\/ekipman\/wp-content\/uploads\/2021\/09\/Bakirci-logo-lacivert.png\",\"contentUrl\":\"https:\/\/bakirci.com\/ekipman\/wp-content\/uploads\/2021\/09\/Bakirci-logo-lacivert.png\",\"width\":501,\"height\":501,\"caption\":\"Bak\\u0131rc\\u0131 garagineering\"},\"image\":{\"@id\":\"https:\/\/bakirci.com\/ekipman\/#logo\"}},{\"@type\":\"WebSite\",\"@id\":\"https:\/\/bakirci.com\/ekipman\/#website\",\"url\":\"https:\/\/bakirci.com\/ekipman\/\",\"name\":\"Bak\\u0131rc\\u0131 Garagineering\",\"description\":\"Otomotiv sekt\\u00f6r\\u00fcne \\u00f6zel, \\u201c\\u00dcretici Standard\\u0131nda\\u201d \\u00e7\\u00f6z\\u00fcmler\\u2026\",\"publisher\":{\"@id\":\"https:\/\/bakirci.com\/ekipman\/#organization\"},\"potentialAction\":[{\"@type\":\"SearchAction\",\"target\":{\"@type\":\"EntryPoint\",\"urlTemplate\":\"https:\/\/bakirci.com\/ekipman\/?s={search_term_string}\"},\"query-input\":\"required name=search_term_string\"}],\"inLanguage\":\"tr\"},{\"@type\":\"ImageObject\",\"@id\":\"https:\/\/bakirci.com\/ekipman\/servis-ekipmanlari\/boya\/zimpara-toz-emme\/aluminyum-seyyar-zimpara-toz-emme-sistemirupesborn-in-italykr2a-atex\/#primaryimage\",\"inLanguage\":\"tr\",\"url\":\"https:\/\/bakirci.com\/ekipman\/wp-content\/uploads\/2023\/07\/Aluminyum-Seyyar-Zimpara-Toz-Emme-Sistemi-\\u2013-KR2A-ATEX.png\",\"contentUrl\":\"https:\/\/bakirci.com\/ekipman\/wp-content\/uploads\/2023\/07\/Aluminyum-Seyyar-Zimpara-Toz-Emme-Sistemi-\\u2013-KR2A-ATEX.png\",\"width\":1080,\"height\":1080},{\"@type\":\"WebPage\",\"@id\":\"https:\/\/bakirci.com\/ekipman\/servis-ekipmanlari\/boya\/zimpara-toz-emme\/aluminyum-seyyar-zimpara-toz-emme-sistemirupesborn-in-italykr2a-atex\/#webpage\",\"url\":\"https:\/\/bakirci.com\/ekipman\/servis-ekipmanlari\/boya\/zimpara-toz-emme\/aluminyum-seyyar-zimpara-toz-emme-sistemirupesborn-in-italykr2a-atex\/\",\"name\":\"Al\\u00fcminyum Seyyar Z\\u0131mpara Toz Emme Sistemi RUPES(Born in ITALY)KR2A ATEX - Bak\\u0131rc\\u0131 Garagineering\",\"isPartOf\":{\"@id\":\"https:\/\/bakirci.com\/ekipman\/#website\"},\"primaryImageOfPage\":{\"@id\":\"https:\/\/bakirci.com\/ekipman\/servis-ekipmanlari\/boya\/zimpara-toz-emme\/aluminyum-seyyar-zimpara-toz-emme-sistemirupesborn-in-italykr2a-atex\/#primaryimage\"},\"datePublished\":\"2021-01-01T12:15:22+00:00\",\"dateModified\":\"2023-07-25T07:15:03+00:00\",\"breadcrumb\":{\"@id\":\"https:\/\/bakirci.com\/ekipman\/servis-ekipmanlari\/boya\/zimpara-toz-emme\/aluminyum-seyyar-zimpara-toz-emme-sistemirupesborn-in-italykr2a-atex\/#breadcrumb\"},\"inLanguage\":\"tr\",\"potentialAction\":[{\"@type\":\"ReadAction\",\"target\":[\"https:\/\/bakirci.com\/ekipman\/servis-ekipmanlari\/boya\/zimpara-toz-emme\/aluminyum-seyyar-zimpara-toz-emme-sistemirupesborn-in-italykr2a-atex\/\"]}]},{\"@type\":\"BreadcrumbList\",\"@id\":\"https:\/\/bakirci.com\/ekipman\/servis-ekipmanlari\/boya\/zimpara-toz-emme\/aluminyum-seyyar-zimpara-toz-emme-sistemirupesborn-in-italykr2a-atex\/#breadcrumb\",\"itemListElement\":[{\"@type\":\"ListItem\",\"position\":1,\"name\":\"Ekipman\",\"item\":\"https:\/\/bakirci.com\/ekipman\/\"},{\"@type\":\"ListItem\",\"position\":2,\"name\":\"Otomotiv Tesisleri \\u0130\\u00e7in Servis Ekipmanlar\\u0131\",\"item\":\"https:\/\/bakirci.com\/ekipman\/\"},{\"@type\":\"ListItem\",\"position\":3,\"name\":\"Al\\u00fcminyum Seyyar Z\\u0131mpara Toz Emme SistemiRUPES(Born in ITALY)KR2A ATEX\"}]}]}<\/script>\n<!-- \/ Yoast SEO plugin. -->","yoast_head_json":{"title":"Al\u00fcminyum Seyyar Z\u0131mpara Toz Emme SistemiRUPES(Born in ITALY)KR2A ATEX - Bak\u0131rc\u0131 Garagineering","robots":{"index":"index","follow":"follow","max-snippet":"max-snippet:-1","max-image-preview":"max-image-preview:large","max-video-preview":"max-video-preview:-1"},"canonical":"https:\/\/bakirci.com\/ekipman\/servis-ekipmanlari\/boya\/zimpara-toz-emme\/aluminyum-seyyar-zimpara-toz-emme-sistemirupesborn-in-italykr2a-atex\/","og_locale":"tr_TR","og_type":"article","og_title":"Al\u00fcminyum Seyyar Z\u0131mpara Toz Emme SistemiRUPES(Born in ITALY)KR2A ATEX - Bak\u0131rc\u0131 Garagineering","og_description":"Y\u00fcksek performansl\u0131 t\u00fcrbin sayesinde y\u00fcksek emi\u015f g\u00fcc\u00fc  Anti-Statik \u00f6zelli\u011fi ile \u00e7al\u0131\u015fma esnas\u0131nda statik y\u00fcklemeyi \u00f6nler  D\u00fczenli ve g\u00fcvenli \u00e7al\u0131\u015fmay\u0131 sa\u011flayan aksesuar ve sarf malzeme dolab\u0131  Otomatik filtre temizleme sistemi  Atex Zone 22 standart\u0131 ve ATEX2014\/34\/EU y\u00f6netmeli\u011fene uygun \u00e7al\u0131\u015fma sistemi  1 valfli 2 \u00e7\u0131k\u0131\u015fl\u0131 antistatik ba\u011flant\u0131 sistemi  Max. vakum 24000 Pa  Filtre y\u00fczey alan\u0131 1m\u00b2  Konteyner \/ filtre torba kapasitesi 23 lt  \u00c7al\u0131\u015fma g\u00fcc\u00fc 1,5 kW \/ 2 HP  \u00c7al\u0131\u015fma voltaj\u0131 400V","og_url":"https:\/\/bakirci.com\/ekipman\/servis-ekipmanlari\/boya\/zimpara-toz-emme\/aluminyum-seyyar-zimpara-toz-emme-sistemirupesborn-in-italykr2a-atex\/","og_site_name":"Bak\u0131rc\u0131 Garagineering","article_publisher":"https:\/\/www.facebook.com\/bakirci.garagineering","article_modified_time":"2023-07-25T07:15:03+00:00","og_image":[{"width":1080,"height":1080,"filesize":260852,"url":"https:\/\/bakirci.com\/ekipman\/wp-content\/uploads\/2023\/07\/Aluminyum-Seyyar-Zimpara-Toz-Emme-Sistemi-\u2013-KR2A-ATEX.png","path":"\/home\/bakirciwebsitesi\/public_html\/ekipman\/wp-content\/uploads\/2023\/07\/Aluminyum-Seyyar-Zimpara-Toz-Emme-Sistemi-\u2013-KR2A-ATEX.png","size":"full","id":6391,"alt":"","pixels":1166400,"type":"image\/png"}],"twitter_card":"summary_large_image","schema":{"@context":"https:\/\/schema.org","@graph":[{"@type":"Organization","@id":"https:\/\/bakirci.com\/ekipman\/#organization","name":"Bak\u0131rc\u0131 garagineering","url":"https:\/\/bakirci.com\/ekipman\/","sameAs":["https:\/\/www.facebook.com\/bakirci.garagineering","https:\/\/www.instagram.com\/bakirci.garagineering\/","https:\/\/www.linkedin.com\/company\/bakirci-garagineering\/","https:\/\/www.youtube.com\/channel\/UCiVG6s_jALJ6Zk8085XiOQg"],"logo":{"@type":"ImageObject","@id":"https:\/\/bakirci.com\/ekipman\/#logo","inLanguage":"tr","url":"https:\/\/bakirci.com\/ekipman\/wp-content\/uploads\/2021\/09\/Bakirci-logo-lacivert.png","contentUrl":"https:\/\/bakirci.com\/ekipman\/wp-content\/uploads\/2021\/09\/Bakirci-logo-lacivert.png","width":501,"height":501,"caption":"Bak\u0131rc\u0131 garagineering"},"image":{"@id":"https:\/\/bakirci.com\/ekipman\/#logo"}},{"@type":"WebSite","@id":"https:\/\/bakirci.com\/ekipman\/#website","url":"https:\/\/bakirci.com\/ekipman\/","name":"Bak\u0131rc\u0131 Garagineering","description":"Otomotiv sekt\u00f6r\u00fcne \u00f6zel, \u201c\u00dcretici Standard\u0131nda\u201d \u00e7\u00f6z\u00fcmler\u2026","publisher":{"@id":"https:\/\/bakirci.com\/ekipman\/#organization"},"potentialAction":[{"@type":"SearchAction","target":{"@type":"EntryPoint","urlTemplate":"https:\/\/bakirci.com\/ekipman\/?s={search_term_string}"},"query-input":"required name=search_term_string"}],"inLanguage":"tr"},{"@type":"ImageObject","@id":"https:\/\/bakirci.com\/ekipman\/servis-ekipmanlari\/boya\/zimpara-toz-emme\/aluminyum-seyyar-zimpara-toz-emme-sistemirupesborn-in-italykr2a-atex\/#primaryimage","inLanguage":"tr","url":"https:\/\/bakirci.com\/ekipman\/wp-content\/uploads\/2023\/07\/Aluminyum-Seyyar-Zimpara-Toz-Emme-Sistemi-\u2013-KR2A-ATEX.png","contentUrl":"https:\/\/bakirci.com\/ekipman\/wp-content\/uploads\/2023\/07\/Aluminyum-Seyyar-Zimpara-Toz-Emme-Sistemi-\u2013-KR2A-ATEX.png","width":1080,"height":1080},{"@type":"WebPage","@id":"https:\/\/bakirci.com\/ekipman\/servis-ekipmanlari\/boya\/zimpara-toz-emme\/aluminyum-seyyar-zimpara-toz-emme-sistemirupesborn-in-italykr2a-atex\/#webpage","url":"https:\/\/bakirci.com\/ekipman\/servis-ekipmanlari\/boya\/zimpara-toz-emme\/aluminyum-seyyar-zimpara-toz-emme-sistemirupesborn-in-italykr2a-atex\/","name":"Al\u00fcminyum Seyyar Z\u0131mpara Toz Emme Sistemi RUPES(Born in ITALY)KR2A ATEX - Bak\u0131rc\u0131 Garagineering","isPartOf":{"@id":"https:\/\/bakirci.com\/ekipman\/#website"},"primaryImageOfPage":{"@id":"https:\/\/bakirci.com\/ekipman\/servis-ekipmanlari\/boya\/zimpara-toz-emme\/aluminyum-seyyar-zimpara-toz-emme-sistemirupesborn-in-italykr2a-atex\/#primaryimage"},"datePublished":"2021-01-01T12:15:22+00:00","dateModified":"2023-07-25T07:15:03+00:00","breadcrumb":{"@id":"https:\/\/bakirci.com\/ekipman\/servis-ekipmanlari\/boya\/zimpara-toz-emme\/aluminyum-seyyar-zimpara-toz-emme-sistemirupesborn-in-italykr2a-atex\/#breadcrumb"},"inLanguage":"tr","potentialAction":[{"@type":"ReadAction","target":["https:\/\/bakirci.com\/ekipman\/servis-ekipmanlari\/boya\/zimpara-toz-emme\/aluminyum-seyyar-zimpara-toz-emme-sistemirupesborn-in-italykr2a-atex\/"]}]},{"@type":"BreadcrumbList","@id":"https:\/\/bakirci.com\/ekipman\/servis-ekipmanlari\/boya\/zimpara-toz-emme\/aluminyum-seyyar-zimpara-toz-emme-sistemirupesborn-in-italykr2a-atex\/#breadcrumb","itemListElement":[{"@type":"ListItem","position":1,"name":"Ekipman","item":"https:\/\/bakirci.com\/ekipman\/"},{"@type":"ListItem","position":2,"name":"Otomotiv Tesisleri \u0130\u00e7in Servis Ekipmanlar\u0131","item":"https:\/\/bakirci.com\/ekipman\/"},{"@type":"ListItem","position":3,"name":"Al\u00fcminyum Seyyar Z\u0131mpara Toz Emme SistemiRUPES(Born in ITALY)KR2A ATEX"}]}]}},"_links":{"self":[{"href":"https:\/\/bakirci.com\/ekipman\/wp-json\/wp\/v2\/product\/6251","targetHints":{"allow":["GET"]}}],"collection":[{"href":"https:\/\/bakirci.com\/ekipman\/wp-json\/wp\/v2\/product"}],"about":[{"href":"https:\/\/bakirci.com\/ekipman\/wp-json\/wp\/v2\/types\/product"}],"replies":[{"embeddable":true,"href":"https:\/\/bakirci.com\/ekipman\/wp-json\/wp\/v2\/comments?post=6251"}],"wp:featuredmedia":[{"embeddable":true,"href":"https:\/\/bakirci.com\/ekipman\/wp-json\/wp\/v2\/media\/6391"}],"wp:attachment":[{"href":"https:\/\/bakirci.com\/ekipman\/wp-json\/wp\/v2\/media?parent=6251"}],"wp:term":[{"taxonomy":"product_cat","embeddable":true,"href":"https:\/\/bakirci.com\/ekipman\/wp-json\/wp\/v2\/product_cat?post=6251"},{"taxonomy":"product_tag","embeddable":true,"href":"https:\/\/bakirci.com\/ekipman\/wp-json\/wp\/v2\/product_tag?post=6251"}],"curies":[{"name":"wp","href":"https:\/\/api.w.org\/{rel}","templated":true}]}}