{"id":6228,"date":"2021-01-02T07:00:43","date_gmt":"2021-01-02T07:00:43","guid":{"rendered":"https:\/\/bakirci.com\/ekipman\/?post_type=product&#038;p=6228"},"modified":"2023-07-24T11:08:15","modified_gmt":"2023-07-24T11:08:15","slug":"aluminyum-ve-celik-gocuk-duzeltme-setigys-born-in-francedentstation-premium-expert-400-arcpull-200","status":"publish","type":"product","link":"https:\/\/bakirci.com\/ekipman\/servis-ekipmanlari\/kaporta\/gocuk-duzeltme-ve-mini-onarim\/aluminyum-ve-celik-gocuk-duzeltme-setigys-born-in-francedentstation-premium-expert-400-arcpull-200\/","title":{"rendered":"<p class=\"ustmetin\">Al\u00fcminyum ve \u00c7elik G\u00f6\u00e7\u00fck D\u00fczeltme Seti<\/p><p class=\"ortametin\">GYS <span class=\"ortametin2\">(Born in FRANCE)<\/span><p class=\"altmetin\">Dentstation Premium Expert 400 + Arcpull 200<\/p>"},"content":{"rendered":"<ul>\n<li>Dijital, y\u00fcksek hassasiyetli kontrol \u00fcnitesi<\/li>\n<li>\u00d6nceden tan\u0131mlanm\u0131\u015f olan programlar, h\u0131zl\u0131 ve g\u00fcvenilir kullan\u0131m<\/li>\n<li>Otomatik ve manuel 2 farkl\u0131 kaynak modu<\/li>\n<li>Hafifletilmi\u015f ve kullan\u0131m kolayl\u0131\u011f\u0131 sa\u011flayan premium \u00e7ektirme kollar\u0131<\/li>\n<li>Akseuar kutusu (Spotter box)<\/li>\n<li>Aluminyum akseuar kutusu (Alu box standard)<\/li>\n<li>\u00c7elik aksesuar kutusu (Dent box consumables)<\/li>\n<li>Destekli \u00e7ektirme kolu (Alu puller)<\/li>\n<li>Premium tek destekli ve makas tipi \u00e7ektirme kolu<\/li>\n<li>Premium \u00e7ift destekli \u00e7ektirme kolu<\/li>\n<li>Manyetik \u015fase ba\u011flant\u0131s\u0131<\/li>\n<li>H\u0131zl\u0131 g\u00f6\u00e7\u00fck \u00e7ektirme seti (Manuspot)<\/li>\n<li>\u00c7al\u0131\u015fma ak\u0131m\u0131 (Expert 400) 4500 A \/ (Arcpull 200) 200 A<\/li>\n<li>\u00c7al\u0131\u015fma voltaj\u0131 (Expert 400) 400 V \/ (Arcpull 200) 230 V<\/li>\n<\/ul>\n","protected":false},"excerpt":{"rendered":"<ul>\n<li>Dijital, y\u00fcksek hassasiyetli kontrol \u00fcnitesi<\/li>\n<li>\u00d6nceden tan\u0131mlanm\u0131\u015f olan programlar, h\u0131zl\u0131 ve g\u00fcvenilir kullan\u0131m<\/li>\n<li>Otomatik ve manuel 2 farkl\u0131 kaynak modu<\/li>\n<li>Hafifletilmi\u015f ve kullan\u0131m kolayl\u0131\u011f\u0131 sa\u011flayan premium \u00e7ektirme kollar\u0131<\/li>\n<li>Akseuar kutusu (Spotter box)<\/li>\n<li>Aluminyum akseuar kutusu (Alu box standard)<\/li>\n<li>\u00c7elik aksesuar kutusu (Dent box consumables)<\/li>\n<li>Destekli \u00e7ektirme kolu (Alu puller)<\/li>\n<li>Premium tek destekli ve makas tipi \u00e7ektirme kolu<\/li>\n<li>Premium \u00e7ift destekli \u00e7ektirme kolu<\/li>\n<li>Manyetik \u015fase ba\u011flant\u0131s\u0131<\/li>\n<li>H\u0131zl\u0131 g\u00f6\u00e7\u00fck \u00e7ektirme seti (Manuspot)<\/li>\n<li>\u00c7al\u0131\u015fma ak\u0131m\u0131 (Expert 400) 4500 A \/ (Arcpull 200) 200 A<\/li>\n<li>\u00c7al\u0131\u015fma voltaj\u0131 (Expert 400) 400 V \/ (Arcpull 200) 230 V<\/li>\n<\/ul>\n","protected":false},"featured_media":6368,"comment_status":"open","ping_status":"closed","template":"","meta":[],"product_cat":[173],"product_tag":[],"class_list":["post-6228","product","type-product","status-publish","has-post-thumbnail","hentry","pwb-brand-gys","product_cat-gocuk-duzeltme-ve-mini-onarim"],"brands":[{"id":378,"name":"GYS","slug":"gys"}],"yoast_head":"<!-- This site is optimized with the Yoast SEO plugin v17.1 - https:\/\/yoast.com\/wordpress\/plugins\/seo\/ -->\n<title>Al\u00fcminyum ve \u00c7elik G\u00f6\u00e7\u00fck D\u00fczeltme SetiGYS (Born in FRANCE)Dentstation Premium Expert 400 + Arcpull 200 - Bak\u0131rc\u0131 Garagineering<\/title>\n<meta name=\"robots\" content=\"index, follow, max-snippet:-1, max-image-preview:large, max-video-preview:-1\" \/>\n<link rel=\"canonical\" href=\"https:\/\/bakirci.com\/ekipman\/servis-ekipmanlari\/kaporta\/gocuk-duzeltme-ve-mini-onarim\/aluminyum-ve-celik-gocuk-duzeltme-setigys-born-in-francedentstation-premium-expert-400-arcpull-200\/\" \/>\n<meta property=\"og:locale\" content=\"tr_TR\" \/>\n<meta property=\"og:type\" content=\"article\" \/>\n<meta property=\"og:title\" content=\"Al\u00fcminyum ve \u00c7elik G\u00f6\u00e7\u00fck D\u00fczeltme SetiGYS (Born in FRANCE)Dentstation Premium Expert 400 + Arcpull 200 - Bak\u0131rc\u0131 Garagineering\" \/>\n<meta property=\"og:description\" content=\"Dijital, y\u00fcksek hassasiyetli kontrol \u00fcnitesi  \u00d6nceden tan\u0131mlanm\u0131\u015f olan programlar, h\u0131zl\u0131 ve g\u00fcvenilir kullan\u0131m  Otomatik ve manuel 2 farkl\u0131 kaynak modu  Hafifletilmi\u015f ve kullan\u0131m kolayl\u0131\u011f\u0131 sa\u011flayan premium \u00e7ektirme kollar\u0131  Akseuar kutusu (Spotter box)  Aluminyum akseuar kutusu (Alu box standard)  \u00c7elik aksesuar kutusu (Dent box consumables)  Destekli \u00e7ektirme kolu (Alu puller)  Premium tek destekli ve makas tipi \u00e7ektirme kolu  Premium \u00e7ift destekli \u00e7ektirme kolu  Manyetik \u015fase ba\u011flant\u0131s\u0131  H\u0131zl\u0131 g\u00f6\u00e7\u00fck \u00e7ektirme seti (Manuspot)  \u00c7al\u0131\u015fma ak\u0131m\u0131 (Expert 400) 4500 A \/ (Arcpull 200) 200 A  \u00c7al\u0131\u015fma voltaj\u0131 (Expert 400) 400 V \/ (Arcpull 200) 230 V\" \/>\n<meta property=\"og:url\" content=\"https:\/\/bakirci.com\/ekipman\/servis-ekipmanlari\/kaporta\/gocuk-duzeltme-ve-mini-onarim\/aluminyum-ve-celik-gocuk-duzeltme-setigys-born-in-francedentstation-premium-expert-400-arcpull-200\/\" \/>\n<meta property=\"og:site_name\" content=\"Bak\u0131rc\u0131 Garagineering\" \/>\n<meta property=\"article:publisher\" content=\"https:\/\/www.facebook.com\/bakirci.garagineering\" \/>\n<meta property=\"article:modified_time\" content=\"2023-07-24T11:08:15+00:00\" \/>\n<meta property=\"og:image\" content=\"https:\/\/bakirci.com\/ekipman\/wp-content\/uploads\/2023\/07\/Aluminyum-ve-Celik-Gocuk-Duzeltme-Seti-\u2013-Dentstation-Premium-Expert-400-Arcpull-200.png\" \/>\n\t<meta property=\"og:image:width\" content=\"1080\" \/>\n\t<meta property=\"og:image:height\" content=\"1080\" \/>\n<meta name=\"twitter:card\" content=\"summary_large_image\" \/>\n<script type=\"application\/ld+json\" class=\"yoast-schema-graph\">{\"@context\":\"https:\/\/schema.org\",\"@graph\":[{\"@type\":\"Organization\",\"@id\":\"https:\/\/bakirci.com\/ekipman\/#organization\",\"name\":\"Bak\\u0131rc\\u0131 garagineering\",\"url\":\"https:\/\/bakirci.com\/ekipman\/\",\"sameAs\":[\"https:\/\/www.facebook.com\/bakirci.garagineering\",\"https:\/\/www.instagram.com\/bakirci.garagineering\/\",\"https:\/\/www.linkedin.com\/company\/bakirci-garagineering\/\",\"https:\/\/www.youtube.com\/channel\/UCiVG6s_jALJ6Zk8085XiOQg\"],\"logo\":{\"@type\":\"ImageObject\",\"@id\":\"https:\/\/bakirci.com\/ekipman\/#logo\",\"inLanguage\":\"tr\",\"url\":\"https:\/\/bakirci.com\/ekipman\/wp-content\/uploads\/2021\/09\/Bakirci-logo-lacivert.png\",\"contentUrl\":\"https:\/\/bakirci.com\/ekipman\/wp-content\/uploads\/2021\/09\/Bakirci-logo-lacivert.png\",\"width\":501,\"height\":501,\"caption\":\"Bak\\u0131rc\\u0131 garagineering\"},\"image\":{\"@id\":\"https:\/\/bakirci.com\/ekipman\/#logo\"}},{\"@type\":\"WebSite\",\"@id\":\"https:\/\/bakirci.com\/ekipman\/#website\",\"url\":\"https:\/\/bakirci.com\/ekipman\/\",\"name\":\"Bak\\u0131rc\\u0131 Garagineering\",\"description\":\"Otomotiv sekt\\u00f6r\\u00fcne \\u00f6zel, \\u201c\\u00dcretici Standard\\u0131nda\\u201d \\u00e7\\u00f6z\\u00fcmler\\u2026\",\"publisher\":{\"@id\":\"https:\/\/bakirci.com\/ekipman\/#organization\"},\"potentialAction\":[{\"@type\":\"SearchAction\",\"target\":{\"@type\":\"EntryPoint\",\"urlTemplate\":\"https:\/\/bakirci.com\/ekipman\/?s={search_term_string}\"},\"query-input\":\"required name=search_term_string\"}],\"inLanguage\":\"tr\"},{\"@type\":\"ImageObject\",\"@id\":\"https:\/\/bakirci.com\/ekipman\/servis-ekipmanlari\/kaporta\/gocuk-duzeltme-ve-mini-onarim\/aluminyum-ve-celik-gocuk-duzeltme-setigys-born-in-francedentstation-premium-expert-400-arcpull-200\/#primaryimage\",\"inLanguage\":\"tr\",\"url\":\"https:\/\/bakirci.com\/ekipman\/wp-content\/uploads\/2023\/07\/Aluminyum-ve-Celik-Gocuk-Duzeltme-Seti-\\u2013-Dentstation-Premium-Expert-400-Arcpull-200.png\",\"contentUrl\":\"https:\/\/bakirci.com\/ekipman\/wp-content\/uploads\/2023\/07\/Aluminyum-ve-Celik-Gocuk-Duzeltme-Seti-\\u2013-Dentstation-Premium-Expert-400-Arcpull-200.png\",\"width\":1080,\"height\":1080},{\"@type\":\"WebPage\",\"@id\":\"https:\/\/bakirci.com\/ekipman\/servis-ekipmanlari\/kaporta\/gocuk-duzeltme-ve-mini-onarim\/aluminyum-ve-celik-gocuk-duzeltme-setigys-born-in-francedentstation-premium-expert-400-arcpull-200\/#webpage\",\"url\":\"https:\/\/bakirci.com\/ekipman\/servis-ekipmanlari\/kaporta\/gocuk-duzeltme-ve-mini-onarim\/aluminyum-ve-celik-gocuk-duzeltme-setigys-born-in-francedentstation-premium-expert-400-arcpull-200\/\",\"name\":\"Al\\u00fcminyum ve \\u00c7elik G\\u00f6\\u00e7\\u00fck D\\u00fczeltme Seti GYS (Born in FRANCE)Dentstation Premium Expert 400 + Arcpull 200 - Bak\\u0131rc\\u0131 Garagineering\",\"isPartOf\":{\"@id\":\"https:\/\/bakirci.com\/ekipman\/#website\"},\"primaryImageOfPage\":{\"@id\":\"https:\/\/bakirci.com\/ekipman\/servis-ekipmanlari\/kaporta\/gocuk-duzeltme-ve-mini-onarim\/aluminyum-ve-celik-gocuk-duzeltme-setigys-born-in-francedentstation-premium-expert-400-arcpull-200\/#primaryimage\"},\"datePublished\":\"2021-01-02T07:00:43+00:00\",\"dateModified\":\"2023-07-24T11:08:15+00:00\",\"breadcrumb\":{\"@id\":\"https:\/\/bakirci.com\/ekipman\/servis-ekipmanlari\/kaporta\/gocuk-duzeltme-ve-mini-onarim\/aluminyum-ve-celik-gocuk-duzeltme-setigys-born-in-francedentstation-premium-expert-400-arcpull-200\/#breadcrumb\"},\"inLanguage\":\"tr\",\"potentialAction\":[{\"@type\":\"ReadAction\",\"target\":[\"https:\/\/bakirci.com\/ekipman\/servis-ekipmanlari\/kaporta\/gocuk-duzeltme-ve-mini-onarim\/aluminyum-ve-celik-gocuk-duzeltme-setigys-born-in-francedentstation-premium-expert-400-arcpull-200\/\"]}]},{\"@type\":\"BreadcrumbList\",\"@id\":\"https:\/\/bakirci.com\/ekipman\/servis-ekipmanlari\/kaporta\/gocuk-duzeltme-ve-mini-onarim\/aluminyum-ve-celik-gocuk-duzeltme-setigys-born-in-francedentstation-premium-expert-400-arcpull-200\/#breadcrumb\",\"itemListElement\":[{\"@type\":\"ListItem\",\"position\":1,\"name\":\"Ekipman\",\"item\":\"https:\/\/bakirci.com\/ekipman\/\"},{\"@type\":\"ListItem\",\"position\":2,\"name\":\"Otomotiv Tesisleri \\u0130\\u00e7in Servis Ekipmanlar\\u0131\",\"item\":\"https:\/\/bakirci.com\/ekipman\/\"},{\"@type\":\"ListItem\",\"position\":3,\"name\":\"Al\\u00fcminyum ve \\u00c7elik G\\u00f6\\u00e7\\u00fck D\\u00fczeltme SetiGYS (Born in FRANCE)Dentstation Premium Expert 400 + Arcpull 200\"}]}]}<\/script>\n<!-- \/ Yoast SEO plugin. -->","yoast_head_json":{"title":"Al\u00fcminyum ve \u00c7elik G\u00f6\u00e7\u00fck D\u00fczeltme SetiGYS (Born in FRANCE)Dentstation Premium Expert 400 + Arcpull 200 - Bak\u0131rc\u0131 Garagineering","robots":{"index":"index","follow":"follow","max-snippet":"max-snippet:-1","max-image-preview":"max-image-preview:large","max-video-preview":"max-video-preview:-1"},"canonical":"https:\/\/bakirci.com\/ekipman\/servis-ekipmanlari\/kaporta\/gocuk-duzeltme-ve-mini-onarim\/aluminyum-ve-celik-gocuk-duzeltme-setigys-born-in-francedentstation-premium-expert-400-arcpull-200\/","og_locale":"tr_TR","og_type":"article","og_title":"Al\u00fcminyum ve \u00c7elik G\u00f6\u00e7\u00fck D\u00fczeltme SetiGYS (Born in FRANCE)Dentstation Premium Expert 400 + Arcpull 200 - Bak\u0131rc\u0131 Garagineering","og_description":"Dijital, y\u00fcksek hassasiyetli kontrol \u00fcnitesi  \u00d6nceden tan\u0131mlanm\u0131\u015f olan programlar, h\u0131zl\u0131 ve g\u00fcvenilir kullan\u0131m  Otomatik ve manuel 2 farkl\u0131 kaynak modu  Hafifletilmi\u015f ve kullan\u0131m kolayl\u0131\u011f\u0131 sa\u011flayan premium \u00e7ektirme kollar\u0131  Akseuar kutusu (Spotter box)  Aluminyum akseuar kutusu (Alu box standard)  \u00c7elik aksesuar kutusu (Dent box consumables)  Destekli \u00e7ektirme kolu (Alu puller)  Premium tek destekli ve makas tipi \u00e7ektirme kolu  Premium \u00e7ift destekli \u00e7ektirme kolu  Manyetik \u015fase ba\u011flant\u0131s\u0131  H\u0131zl\u0131 g\u00f6\u00e7\u00fck \u00e7ektirme seti (Manuspot)  \u00c7al\u0131\u015fma ak\u0131m\u0131 (Expert 400) 4500 A \/ (Arcpull 200) 200 A  \u00c7al\u0131\u015fma voltaj\u0131 (Expert 400) 400 V \/ (Arcpull 200) 230 V","og_url":"https:\/\/bakirci.com\/ekipman\/servis-ekipmanlari\/kaporta\/gocuk-duzeltme-ve-mini-onarim\/aluminyum-ve-celik-gocuk-duzeltme-setigys-born-in-francedentstation-premium-expert-400-arcpull-200\/","og_site_name":"Bak\u0131rc\u0131 Garagineering","article_publisher":"https:\/\/www.facebook.com\/bakirci.garagineering","article_modified_time":"2023-07-24T11:08:15+00:00","og_image":[{"width":1080,"height":1080,"filesize":768839,"url":"https:\/\/bakirci.com\/ekipman\/wp-content\/uploads\/2023\/07\/Aluminyum-ve-Celik-Gocuk-Duzeltme-Seti-\u2013-Dentstation-Premium-Expert-400-Arcpull-200.png","path":"\/home\/bakirciwebsitesi\/public_html\/ekipman\/wp-content\/uploads\/2023\/07\/Aluminyum-ve-Celik-Gocuk-Duzeltme-Seti-\u2013-Dentstation-Premium-Expert-400-Arcpull-200.png","size":"full","id":6368,"alt":"","pixels":1166400,"type":"image\/png"}],"twitter_card":"summary_large_image","schema":{"@context":"https:\/\/schema.org","@graph":[{"@type":"Organization","@id":"https:\/\/bakirci.com\/ekipman\/#organization","name":"Bak\u0131rc\u0131 garagineering","url":"https:\/\/bakirci.com\/ekipman\/","sameAs":["https:\/\/www.facebook.com\/bakirci.garagineering","https:\/\/www.instagram.com\/bakirci.garagineering\/","https:\/\/www.linkedin.com\/company\/bakirci-garagineering\/","https:\/\/www.youtube.com\/channel\/UCiVG6s_jALJ6Zk8085XiOQg"],"logo":{"@type":"ImageObject","@id":"https:\/\/bakirci.com\/ekipman\/#logo","inLanguage":"tr","url":"https:\/\/bakirci.com\/ekipman\/wp-content\/uploads\/2021\/09\/Bakirci-logo-lacivert.png","contentUrl":"https:\/\/bakirci.com\/ekipman\/wp-content\/uploads\/2021\/09\/Bakirci-logo-lacivert.png","width":501,"height":501,"caption":"Bak\u0131rc\u0131 garagineering"},"image":{"@id":"https:\/\/bakirci.com\/ekipman\/#logo"}},{"@type":"WebSite","@id":"https:\/\/bakirci.com\/ekipman\/#website","url":"https:\/\/bakirci.com\/ekipman\/","name":"Bak\u0131rc\u0131 Garagineering","description":"Otomotiv sekt\u00f6r\u00fcne \u00f6zel, \u201c\u00dcretici Standard\u0131nda\u201d \u00e7\u00f6z\u00fcmler\u2026","publisher":{"@id":"https:\/\/bakirci.com\/ekipman\/#organization"},"potentialAction":[{"@type":"SearchAction","target":{"@type":"EntryPoint","urlTemplate":"https:\/\/bakirci.com\/ekipman\/?s={search_term_string}"},"query-input":"required name=search_term_string"}],"inLanguage":"tr"},{"@type":"ImageObject","@id":"https:\/\/bakirci.com\/ekipman\/servis-ekipmanlari\/kaporta\/gocuk-duzeltme-ve-mini-onarim\/aluminyum-ve-celik-gocuk-duzeltme-setigys-born-in-francedentstation-premium-expert-400-arcpull-200\/#primaryimage","inLanguage":"tr","url":"https:\/\/bakirci.com\/ekipman\/wp-content\/uploads\/2023\/07\/Aluminyum-ve-Celik-Gocuk-Duzeltme-Seti-\u2013-Dentstation-Premium-Expert-400-Arcpull-200.png","contentUrl":"https:\/\/bakirci.com\/ekipman\/wp-content\/uploads\/2023\/07\/Aluminyum-ve-Celik-Gocuk-Duzeltme-Seti-\u2013-Dentstation-Premium-Expert-400-Arcpull-200.png","width":1080,"height":1080},{"@type":"WebPage","@id":"https:\/\/bakirci.com\/ekipman\/servis-ekipmanlari\/kaporta\/gocuk-duzeltme-ve-mini-onarim\/aluminyum-ve-celik-gocuk-duzeltme-setigys-born-in-francedentstation-premium-expert-400-arcpull-200\/#webpage","url":"https:\/\/bakirci.com\/ekipman\/servis-ekipmanlari\/kaporta\/gocuk-duzeltme-ve-mini-onarim\/aluminyum-ve-celik-gocuk-duzeltme-setigys-born-in-francedentstation-premium-expert-400-arcpull-200\/","name":"Al\u00fcminyum ve \u00c7elik G\u00f6\u00e7\u00fck D\u00fczeltme Seti GYS (Born in FRANCE)Dentstation Premium Expert 400 + Arcpull 200 - Bak\u0131rc\u0131 Garagineering","isPartOf":{"@id":"https:\/\/bakirci.com\/ekipman\/#website"},"primaryImageOfPage":{"@id":"https:\/\/bakirci.com\/ekipman\/servis-ekipmanlari\/kaporta\/gocuk-duzeltme-ve-mini-onarim\/aluminyum-ve-celik-gocuk-duzeltme-setigys-born-in-francedentstation-premium-expert-400-arcpull-200\/#primaryimage"},"datePublished":"2021-01-02T07:00:43+00:00","dateModified":"2023-07-24T11:08:15+00:00","breadcrumb":{"@id":"https:\/\/bakirci.com\/ekipman\/servis-ekipmanlari\/kaporta\/gocuk-duzeltme-ve-mini-onarim\/aluminyum-ve-celik-gocuk-duzeltme-setigys-born-in-francedentstation-premium-expert-400-arcpull-200\/#breadcrumb"},"inLanguage":"tr","potentialAction":[{"@type":"ReadAction","target":["https:\/\/bakirci.com\/ekipman\/servis-ekipmanlari\/kaporta\/gocuk-duzeltme-ve-mini-onarim\/aluminyum-ve-celik-gocuk-duzeltme-setigys-born-in-francedentstation-premium-expert-400-arcpull-200\/"]}]},{"@type":"BreadcrumbList","@id":"https:\/\/bakirci.com\/ekipman\/servis-ekipmanlari\/kaporta\/gocuk-duzeltme-ve-mini-onarim\/aluminyum-ve-celik-gocuk-duzeltme-setigys-born-in-francedentstation-premium-expert-400-arcpull-200\/#breadcrumb","itemListElement":[{"@type":"ListItem","position":1,"name":"Ekipman","item":"https:\/\/bakirci.com\/ekipman\/"},{"@type":"ListItem","position":2,"name":"Otomotiv Tesisleri \u0130\u00e7in Servis Ekipmanlar\u0131","item":"https:\/\/bakirci.com\/ekipman\/"},{"@type":"ListItem","position":3,"name":"Al\u00fcminyum ve \u00c7elik G\u00f6\u00e7\u00fck D\u00fczeltme SetiGYS (Born in FRANCE)Dentstation Premium Expert 400 + Arcpull 200"}]}]}},"_links":{"self":[{"href":"https:\/\/bakirci.com\/ekipman\/wp-json\/wp\/v2\/product\/6228","targetHints":{"allow":["GET"]}}],"collection":[{"href":"https:\/\/bakirci.com\/ekipman\/wp-json\/wp\/v2\/product"}],"about":[{"href":"https:\/\/bakirci.com\/ekipman\/wp-json\/wp\/v2\/types\/product"}],"replies":[{"embeddable":true,"href":"https:\/\/bakirci.com\/ekipman\/wp-json\/wp\/v2\/comments?post=6228"}],"wp:featuredmedia":[{"embeddable":true,"href":"https:\/\/bakirci.com\/ekipman\/wp-json\/wp\/v2\/media\/6368"}],"wp:attachment":[{"href":"https:\/\/bakirci.com\/ekipman\/wp-json\/wp\/v2\/media?parent=6228"}],"wp:term":[{"taxonomy":"product_cat","embeddable":true,"href":"https:\/\/bakirci.com\/ekipman\/wp-json\/wp\/v2\/product_cat?post=6228"},{"taxonomy":"product_tag","embeddable":true,"href":"https:\/\/bakirci.com\/ekipman\/wp-json\/wp\/v2\/product_tag?post=6228"}],"curies":[{"name":"wp","href":"https:\/\/api.w.org\/{rel}","templated":true}]}}