{"id":6223,"date":"2021-01-02T08:50:18","date_gmt":"2021-01-02T08:50:18","guid":{"rendered":"https:\/\/bakirci.com\/ekipman\/?post_type=product&#038;p=6223"},"modified":"2023-07-24T11:05:10","modified_gmt":"2023-07-24T11:05:10","slug":"tig-kaynak-cihazigys-born-in-francetitanium-230-ac-dc-fv","status":"publish","type":"product","link":"https:\/\/bakirci.com\/ekipman\/servis-ekipmanlari\/kaporta\/kaynak-cihazlari\/tig-kaynak-cihazigys-born-in-francetitanium-230-ac-dc-fv\/","title":{"rendered":"<p class=\"ustmetin\">TIG Kaynak Cihaz\u0131<\/p><p class=\"ortametin\">GYS <span class=\"ortametin2\">(Born in FRANCE)<\/span><p class=\"altmetin\">Titanium 230 AC\/DC FV<\/p>"},"content":{"rendered":"<ul>\n<li>AC veya DC \u00e7\u0131k\u0131\u015f gerilimi sayesinde farkl\u0131 tip ve kal\u0131nl\u0131kta bir\u00e7ok malzemenin kayna\u011f\u0131<\/li>\n<li>TIG AC, TIG DC, TIG Pulse, MMA, MMA AC ve MMA pulse kaynak modlar\u0131<\/li>\n<li>5 inch renkli ekran, 3 farkl\u0131 ara y\u00fcz (kolay, uzman, geli\u015fmi\u015f)<\/li>\n<li>EN 3834 standard\u0131na uygun t\u00fcm kaynak diki\u015flerinin izlenebilirli\u011fi.<\/li>\n<li>Dijital bir PFC (G\u00fc\u00e7 Fakt\u00f6r\u00fc D\u00fczeltme) ile donat\u0131lm\u0131\u015f,<\/li>\n<li>FV (Esnek voltaj) teknolojisi sayesinde \u015febeke gerilimi de\u011fi\u015fiminde dahi kaliteli kaynak,<\/li>\n<li>USB ile g\u00fcncellenebilir sistem, Pulse, kademeli kaynak \u00f6zelli\u011fi<\/li>\n<li>500&#8217;e kadar kaynak program kayd\u0131 yapma \u00f6zelli\u011fine sahip<\/li>\n<li>Kaynak torcu aksesuar kutusu<\/li>\n<li>Tig kaynak torcu ve \u015fasi ba\u011flant\u0131s\u0131 4 mt<\/li>\n<li>Kaynak ak\u0131m aral\u0131\u011f\u0131 AC 5A &#8211; 230A \/ DC 3A &#8211; 220A<\/li>\n<li>\u00c7al\u0131\u015fma voltaj\u0131 230 V<\/li>\n<\/ul>\n","protected":false},"excerpt":{"rendered":"<ul>\n<li>AC veya DC \u00e7\u0131k\u0131\u015f gerilimi sayesinde farkl\u0131 tip ve kal\u0131nl\u0131kta bir\u00e7ok malzemenin kayna\u011f\u0131<\/li>\n<li>TIG AC, TIG DC, TIG Pulse, MMA, MMA AC ve MMA pulse kaynak modlar\u0131<\/li>\n<li>5 inch renkli ekran, 3 farkl\u0131 ara y\u00fcz (kolay, uzman, geli\u015fmi\u015f)<\/li>\n<li>EN 3834 standard\u0131na uygun t\u00fcm kaynak diki\u015flerinin izlenebilirli\u011fi.<\/li>\n<li>Dijital bir PFC (G\u00fc\u00e7 Fakt\u00f6r\u00fc D\u00fczeltme) ile donat\u0131lm\u0131\u015f,<\/li>\n<li>FV (Esnek voltaj) teknolojisi sayesinde \u015febeke gerilimi de\u011fi\u015fiminde dahi kaliteli kaynak,<\/li>\n<li>USB ile g\u00fcncellenebilir sistem, Pulse, kademeli kaynak \u00f6zelli\u011fi<\/li>\n<li>500&#8217;e kadar kaynak program kayd\u0131 yapma \u00f6zelli\u011fine sahip<\/li>\n<li>Kaynak torcu aksesuar kutusu<\/li>\n<li>Tig kaynak torcu ve \u015fasi ba\u011flant\u0131s\u0131 4 mt<\/li>\n<li>Kaynak ak\u0131m aral\u0131\u011f\u0131 AC 5A &#8211; 230A \/ DC 3A &#8211; 220A<\/li>\n<li>\u00c7al\u0131\u015fma voltaj\u0131 230 V<\/li>\n<\/ul>\n","protected":false},"featured_media":6366,"comment_status":"open","ping_status":"closed","template":"","meta":[],"product_cat":[176],"product_tag":[],"class_list":["post-6223","product","type-product","status-publish","has-post-thumbnail","hentry","pwb-brand-gys","product_cat-kaynak-cihazlari"],"brands":[{"id":378,"name":"GYS","slug":"gys"}],"yoast_head":"<!-- This site is optimized with the Yoast SEO plugin v17.1 - https:\/\/yoast.com\/wordpress\/plugins\/seo\/ -->\n<title>TIG Kaynak Cihaz\u0131GYS (Born in FRANCE)Titanium 230 AC\/DC FV - Bak\u0131rc\u0131 Garagineering<\/title>\n<meta name=\"robots\" content=\"index, follow, max-snippet:-1, max-image-preview:large, max-video-preview:-1\" \/>\n<link rel=\"canonical\" href=\"https:\/\/bakirci.com\/ekipman\/servis-ekipmanlari\/kaporta\/kaynak-cihazlari\/tig-kaynak-cihazigys-born-in-francetitanium-230-ac-dc-fv\/\" \/>\n<meta property=\"og:locale\" content=\"tr_TR\" \/>\n<meta property=\"og:type\" content=\"article\" \/>\n<meta property=\"og:title\" content=\"TIG Kaynak Cihaz\u0131GYS (Born in FRANCE)Titanium 230 AC\/DC FV - Bak\u0131rc\u0131 Garagineering\" \/>\n<meta property=\"og:description\" content=\"AC veya DC \u00e7\u0131k\u0131\u015f gerilimi sayesinde farkl\u0131 tip ve kal\u0131nl\u0131kta bir\u00e7ok malzemenin kayna\u011f\u0131  TIG AC, TIG DC, TIG Pulse, MMA, MMA AC ve MMA pulse kaynak modlar\u0131  5 inch renkli ekran, 3 farkl\u0131 ara y\u00fcz (kolay, uzman, geli\u015fmi\u015f)  EN 3834 standard\u0131na uygun t\u00fcm kaynak diki\u015flerinin izlenebilirli\u011fi.  Dijital bir PFC (G\u00fc\u00e7 Fakt\u00f6r\u00fc D\u00fczeltme) ile donat\u0131lm\u0131\u015f,  FV (Esnek voltaj) teknolojisi sayesinde \u015febeke gerilimi de\u011fi\u015fiminde dahi kaliteli kaynak,  USB ile g\u00fcncellenebilir sistem, Pulse, kademeli kaynak \u00f6zelli\u011fi  500&#039;e kadar kaynak program kayd\u0131 yapma \u00f6zelli\u011fine sahip  Kaynak torcu aksesuar kutusu  Tig kaynak torcu ve \u015fasi ba\u011flant\u0131s\u0131 4 mt  Kaynak ak\u0131m aral\u0131\u011f\u0131 AC 5A - 230A \/ DC 3A - 220A  \u00c7al\u0131\u015fma voltaj\u0131 230 V\" \/>\n<meta property=\"og:url\" content=\"https:\/\/bakirci.com\/ekipman\/servis-ekipmanlari\/kaporta\/kaynak-cihazlari\/tig-kaynak-cihazigys-born-in-francetitanium-230-ac-dc-fv\/\" \/>\n<meta property=\"og:site_name\" content=\"Bak\u0131rc\u0131 Garagineering\" \/>\n<meta property=\"article:publisher\" content=\"https:\/\/www.facebook.com\/bakirci.garagineering\" \/>\n<meta property=\"article:modified_time\" content=\"2023-07-24T11:05:10+00:00\" \/>\n<meta property=\"og:image\" content=\"https:\/\/bakirci.com\/ekipman\/wp-content\/uploads\/2023\/07\/TIG-Kaynak-Cihazi-\u2013-Titanium-230-ACDC-FV.png\" \/>\n\t<meta property=\"og:image:width\" content=\"1080\" \/>\n\t<meta property=\"og:image:height\" content=\"1080\" \/>\n<meta name=\"twitter:card\" content=\"summary_large_image\" \/>\n<meta name=\"twitter:label1\" content=\"Tahmini okuma s\u00fcresi\" \/>\n\t<meta name=\"twitter:data1\" content=\"1 dakika\" \/>\n<script type=\"application\/ld+json\" class=\"yoast-schema-graph\">{\"@context\":\"https:\/\/schema.org\",\"@graph\":[{\"@type\":\"Organization\",\"@id\":\"https:\/\/bakirci.com\/ekipman\/#organization\",\"name\":\"Bak\\u0131rc\\u0131 garagineering\",\"url\":\"https:\/\/bakirci.com\/ekipman\/\",\"sameAs\":[\"https:\/\/www.facebook.com\/bakirci.garagineering\",\"https:\/\/www.instagram.com\/bakirci.garagineering\/\",\"https:\/\/www.linkedin.com\/company\/bakirci-garagineering\/\",\"https:\/\/www.youtube.com\/channel\/UCiVG6s_jALJ6Zk8085XiOQg\"],\"logo\":{\"@type\":\"ImageObject\",\"@id\":\"https:\/\/bakirci.com\/ekipman\/#logo\",\"inLanguage\":\"tr\",\"url\":\"https:\/\/bakirci.com\/ekipman\/wp-content\/uploads\/2021\/09\/Bakirci-logo-lacivert.png\",\"contentUrl\":\"https:\/\/bakirci.com\/ekipman\/wp-content\/uploads\/2021\/09\/Bakirci-logo-lacivert.png\",\"width\":501,\"height\":501,\"caption\":\"Bak\\u0131rc\\u0131 garagineering\"},\"image\":{\"@id\":\"https:\/\/bakirci.com\/ekipman\/#logo\"}},{\"@type\":\"WebSite\",\"@id\":\"https:\/\/bakirci.com\/ekipman\/#website\",\"url\":\"https:\/\/bakirci.com\/ekipman\/\",\"name\":\"Bak\\u0131rc\\u0131 Garagineering\",\"description\":\"Otomotiv sekt\\u00f6r\\u00fcne \\u00f6zel, \\u201c\\u00dcretici Standard\\u0131nda\\u201d \\u00e7\\u00f6z\\u00fcmler\\u2026\",\"publisher\":{\"@id\":\"https:\/\/bakirci.com\/ekipman\/#organization\"},\"potentialAction\":[{\"@type\":\"SearchAction\",\"target\":{\"@type\":\"EntryPoint\",\"urlTemplate\":\"https:\/\/bakirci.com\/ekipman\/?s={search_term_string}\"},\"query-input\":\"required name=search_term_string\"}],\"inLanguage\":\"tr\"},{\"@type\":\"ImageObject\",\"@id\":\"https:\/\/bakirci.com\/ekipman\/servis-ekipmanlari\/kaporta\/kaynak-cihazlari\/tig-kaynak-cihazigys-born-in-francetitanium-230-ac-dc-fv\/#primaryimage\",\"inLanguage\":\"tr\",\"url\":\"https:\/\/bakirci.com\/ekipman\/wp-content\/uploads\/2023\/07\/TIG-Kaynak-Cihazi-\\u2013-Titanium-230-ACDC-FV.png\",\"contentUrl\":\"https:\/\/bakirci.com\/ekipman\/wp-content\/uploads\/2023\/07\/TIG-Kaynak-Cihazi-\\u2013-Titanium-230-ACDC-FV.png\",\"width\":1080,\"height\":1080},{\"@type\":\"WebPage\",\"@id\":\"https:\/\/bakirci.com\/ekipman\/servis-ekipmanlari\/kaporta\/kaynak-cihazlari\/tig-kaynak-cihazigys-born-in-francetitanium-230-ac-dc-fv\/#webpage\",\"url\":\"https:\/\/bakirci.com\/ekipman\/servis-ekipmanlari\/kaporta\/kaynak-cihazlari\/tig-kaynak-cihazigys-born-in-francetitanium-230-ac-dc-fv\/\",\"name\":\"TIG Kaynak Cihaz\\u0131 GYS (Born in FRANCE)Titanium 230 AC\/DC FV - Bak\\u0131rc\\u0131 Garagineering\",\"isPartOf\":{\"@id\":\"https:\/\/bakirci.com\/ekipman\/#website\"},\"primaryImageOfPage\":{\"@id\":\"https:\/\/bakirci.com\/ekipman\/servis-ekipmanlari\/kaporta\/kaynak-cihazlari\/tig-kaynak-cihazigys-born-in-francetitanium-230-ac-dc-fv\/#primaryimage\"},\"datePublished\":\"2021-01-02T08:50:18+00:00\",\"dateModified\":\"2023-07-24T11:05:10+00:00\",\"breadcrumb\":{\"@id\":\"https:\/\/bakirci.com\/ekipman\/servis-ekipmanlari\/kaporta\/kaynak-cihazlari\/tig-kaynak-cihazigys-born-in-francetitanium-230-ac-dc-fv\/#breadcrumb\"},\"inLanguage\":\"tr\",\"potentialAction\":[{\"@type\":\"ReadAction\",\"target\":[\"https:\/\/bakirci.com\/ekipman\/servis-ekipmanlari\/kaporta\/kaynak-cihazlari\/tig-kaynak-cihazigys-born-in-francetitanium-230-ac-dc-fv\/\"]}]},{\"@type\":\"BreadcrumbList\",\"@id\":\"https:\/\/bakirci.com\/ekipman\/servis-ekipmanlari\/kaporta\/kaynak-cihazlari\/tig-kaynak-cihazigys-born-in-francetitanium-230-ac-dc-fv\/#breadcrumb\",\"itemListElement\":[{\"@type\":\"ListItem\",\"position\":1,\"name\":\"Ekipman\",\"item\":\"https:\/\/bakirci.com\/ekipman\/\"},{\"@type\":\"ListItem\",\"position\":2,\"name\":\"Otomotiv Tesisleri \\u0130\\u00e7in Servis Ekipmanlar\\u0131\",\"item\":\"https:\/\/bakirci.com\/ekipman\/\"},{\"@type\":\"ListItem\",\"position\":3,\"name\":\"TIG Kaynak Cihaz\\u0131GYS (Born in FRANCE)Titanium 230 AC\/DC FV\"}]}]}<\/script>\n<!-- \/ Yoast SEO plugin. -->","yoast_head_json":{"title":"TIG Kaynak Cihaz\u0131GYS (Born in FRANCE)Titanium 230 AC\/DC FV - Bak\u0131rc\u0131 Garagineering","robots":{"index":"index","follow":"follow","max-snippet":"max-snippet:-1","max-image-preview":"max-image-preview:large","max-video-preview":"max-video-preview:-1"},"canonical":"https:\/\/bakirci.com\/ekipman\/servis-ekipmanlari\/kaporta\/kaynak-cihazlari\/tig-kaynak-cihazigys-born-in-francetitanium-230-ac-dc-fv\/","og_locale":"tr_TR","og_type":"article","og_title":"TIG Kaynak Cihaz\u0131GYS (Born in FRANCE)Titanium 230 AC\/DC FV - Bak\u0131rc\u0131 Garagineering","og_description":"AC veya DC \u00e7\u0131k\u0131\u015f gerilimi sayesinde farkl\u0131 tip ve kal\u0131nl\u0131kta bir\u00e7ok malzemenin kayna\u011f\u0131  TIG AC, TIG DC, TIG Pulse, MMA, MMA AC ve MMA pulse kaynak modlar\u0131  5 inch renkli ekran, 3 farkl\u0131 ara y\u00fcz (kolay, uzman, geli\u015fmi\u015f)  EN 3834 standard\u0131na uygun t\u00fcm kaynak diki\u015flerinin izlenebilirli\u011fi.  Dijital bir PFC (G\u00fc\u00e7 Fakt\u00f6r\u00fc D\u00fczeltme) ile donat\u0131lm\u0131\u015f,  FV (Esnek voltaj) teknolojisi sayesinde \u015febeke gerilimi de\u011fi\u015fiminde dahi kaliteli kaynak,  USB ile g\u00fcncellenebilir sistem, Pulse, kademeli kaynak \u00f6zelli\u011fi  500'e kadar kaynak program kayd\u0131 yapma \u00f6zelli\u011fine sahip  Kaynak torcu aksesuar kutusu  Tig kaynak torcu ve \u015fasi ba\u011flant\u0131s\u0131 4 mt  Kaynak ak\u0131m aral\u0131\u011f\u0131 AC 5A - 230A \/ DC 3A - 220A  \u00c7al\u0131\u015fma voltaj\u0131 230 V","og_url":"https:\/\/bakirci.com\/ekipman\/servis-ekipmanlari\/kaporta\/kaynak-cihazlari\/tig-kaynak-cihazigys-born-in-francetitanium-230-ac-dc-fv\/","og_site_name":"Bak\u0131rc\u0131 Garagineering","article_publisher":"https:\/\/www.facebook.com\/bakirci.garagineering","article_modified_time":"2023-07-24T11:05:10+00:00","og_image":[{"width":1080,"height":1080,"filesize":586547,"url":"https:\/\/bakirci.com\/ekipman\/wp-content\/uploads\/2023\/07\/TIG-Kaynak-Cihazi-\u2013-Titanium-230-ACDC-FV.png","path":"\/home\/bakirciwebsitesi\/public_html\/ekipman\/wp-content\/uploads\/2023\/07\/TIG-Kaynak-Cihazi-\u2013-Titanium-230-ACDC-FV.png","size":"full","id":6366,"alt":"","pixels":1166400,"type":"image\/png"}],"twitter_card":"summary_large_image","twitter_misc":{"Tahmini okuma s\u00fcresi":"1 dakika"},"schema":{"@context":"https:\/\/schema.org","@graph":[{"@type":"Organization","@id":"https:\/\/bakirci.com\/ekipman\/#organization","name":"Bak\u0131rc\u0131 garagineering","url":"https:\/\/bakirci.com\/ekipman\/","sameAs":["https:\/\/www.facebook.com\/bakirci.garagineering","https:\/\/www.instagram.com\/bakirci.garagineering\/","https:\/\/www.linkedin.com\/company\/bakirci-garagineering\/","https:\/\/www.youtube.com\/channel\/UCiVG6s_jALJ6Zk8085XiOQg"],"logo":{"@type":"ImageObject","@id":"https:\/\/bakirci.com\/ekipman\/#logo","inLanguage":"tr","url":"https:\/\/bakirci.com\/ekipman\/wp-content\/uploads\/2021\/09\/Bakirci-logo-lacivert.png","contentUrl":"https:\/\/bakirci.com\/ekipman\/wp-content\/uploads\/2021\/09\/Bakirci-logo-lacivert.png","width":501,"height":501,"caption":"Bak\u0131rc\u0131 garagineering"},"image":{"@id":"https:\/\/bakirci.com\/ekipman\/#logo"}},{"@type":"WebSite","@id":"https:\/\/bakirci.com\/ekipman\/#website","url":"https:\/\/bakirci.com\/ekipman\/","name":"Bak\u0131rc\u0131 Garagineering","description":"Otomotiv sekt\u00f6r\u00fcne \u00f6zel, \u201c\u00dcretici Standard\u0131nda\u201d \u00e7\u00f6z\u00fcmler\u2026","publisher":{"@id":"https:\/\/bakirci.com\/ekipman\/#organization"},"potentialAction":[{"@type":"SearchAction","target":{"@type":"EntryPoint","urlTemplate":"https:\/\/bakirci.com\/ekipman\/?s={search_term_string}"},"query-input":"required name=search_term_string"}],"inLanguage":"tr"},{"@type":"ImageObject","@id":"https:\/\/bakirci.com\/ekipman\/servis-ekipmanlari\/kaporta\/kaynak-cihazlari\/tig-kaynak-cihazigys-born-in-francetitanium-230-ac-dc-fv\/#primaryimage","inLanguage":"tr","url":"https:\/\/bakirci.com\/ekipman\/wp-content\/uploads\/2023\/07\/TIG-Kaynak-Cihazi-\u2013-Titanium-230-ACDC-FV.png","contentUrl":"https:\/\/bakirci.com\/ekipman\/wp-content\/uploads\/2023\/07\/TIG-Kaynak-Cihazi-\u2013-Titanium-230-ACDC-FV.png","width":1080,"height":1080},{"@type":"WebPage","@id":"https:\/\/bakirci.com\/ekipman\/servis-ekipmanlari\/kaporta\/kaynak-cihazlari\/tig-kaynak-cihazigys-born-in-francetitanium-230-ac-dc-fv\/#webpage","url":"https:\/\/bakirci.com\/ekipman\/servis-ekipmanlari\/kaporta\/kaynak-cihazlari\/tig-kaynak-cihazigys-born-in-francetitanium-230-ac-dc-fv\/","name":"TIG Kaynak Cihaz\u0131 GYS (Born in FRANCE)Titanium 230 AC\/DC FV - Bak\u0131rc\u0131 Garagineering","isPartOf":{"@id":"https:\/\/bakirci.com\/ekipman\/#website"},"primaryImageOfPage":{"@id":"https:\/\/bakirci.com\/ekipman\/servis-ekipmanlari\/kaporta\/kaynak-cihazlari\/tig-kaynak-cihazigys-born-in-francetitanium-230-ac-dc-fv\/#primaryimage"},"datePublished":"2021-01-02T08:50:18+00:00","dateModified":"2023-07-24T11:05:10+00:00","breadcrumb":{"@id":"https:\/\/bakirci.com\/ekipman\/servis-ekipmanlari\/kaporta\/kaynak-cihazlari\/tig-kaynak-cihazigys-born-in-francetitanium-230-ac-dc-fv\/#breadcrumb"},"inLanguage":"tr","potentialAction":[{"@type":"ReadAction","target":["https:\/\/bakirci.com\/ekipman\/servis-ekipmanlari\/kaporta\/kaynak-cihazlari\/tig-kaynak-cihazigys-born-in-francetitanium-230-ac-dc-fv\/"]}]},{"@type":"BreadcrumbList","@id":"https:\/\/bakirci.com\/ekipman\/servis-ekipmanlari\/kaporta\/kaynak-cihazlari\/tig-kaynak-cihazigys-born-in-francetitanium-230-ac-dc-fv\/#breadcrumb","itemListElement":[{"@type":"ListItem","position":1,"name":"Ekipman","item":"https:\/\/bakirci.com\/ekipman\/"},{"@type":"ListItem","position":2,"name":"Otomotiv Tesisleri \u0130\u00e7in Servis Ekipmanlar\u0131","item":"https:\/\/bakirci.com\/ekipman\/"},{"@type":"ListItem","position":3,"name":"TIG Kaynak Cihaz\u0131GYS (Born in FRANCE)Titanium 230 AC\/DC FV"}]}]}},"_links":{"self":[{"href":"https:\/\/bakirci.com\/ekipman\/wp-json\/wp\/v2\/product\/6223","targetHints":{"allow":["GET"]}}],"collection":[{"href":"https:\/\/bakirci.com\/ekipman\/wp-json\/wp\/v2\/product"}],"about":[{"href":"https:\/\/bakirci.com\/ekipman\/wp-json\/wp\/v2\/types\/product"}],"replies":[{"embeddable":true,"href":"https:\/\/bakirci.com\/ekipman\/wp-json\/wp\/v2\/comments?post=6223"}],"wp:featuredmedia":[{"embeddable":true,"href":"https:\/\/bakirci.com\/ekipman\/wp-json\/wp\/v2\/media\/6366"}],"wp:attachment":[{"href":"https:\/\/bakirci.com\/ekipman\/wp-json\/wp\/v2\/media?parent=6223"}],"wp:term":[{"taxonomy":"product_cat","embeddable":true,"href":"https:\/\/bakirci.com\/ekipman\/wp-json\/wp\/v2\/product_cat?post=6223"},{"taxonomy":"product_tag","embeddable":true,"href":"https:\/\/bakirci.com\/ekipman\/wp-json\/wp\/v2\/product_tag?post=6223"}],"curies":[{"name":"wp","href":"https:\/\/api.w.org\/{rel}","templated":true}]}}