{"id":6221,"date":"2021-01-02T08:50:17","date_gmt":"2021-01-02T08:50:17","guid":{"rendered":"https:\/\/bakirci.com\/ekipman\/?post_type=product&#038;p=6221"},"modified":"2023-07-24T11:02:39","modified_gmt":"2023-07-24T11:02:39","slug":"sinerjik-gazalti-kaynak-cihazigys-born-in-francem3gys-auto","status":"publish","type":"product","link":"https:\/\/bakirci.com\/ekipman\/servis-ekipmanlari\/kaporta\/kaynak-cihazlari\/sinerjik-gazalti-kaynak-cihazigys-born-in-francem3gys-auto\/","title":{"rendered":"<p class=\"ustmetin\">Sinerjik Gazalt\u0131 Kaynak Cihaz\u0131<\/p><p class=\"ortametin\">GYS <span class=\"ortametin2\">(Born in FRANCE)<\/span><p class=\"altmetin\">M3Gys Auto<\/p>"},"content":{"rendered":"<ul>\n<li>Enerji verimlili\u011fini artt\u0131rmak i\u00e7in &#8221;Kapasit\u00f6r&#8221; ile donat\u0131lm\u0131\u015f<\/li>\n<li>\u00c7elik kayna\u011f\u0131, bak\u0131r silisyum, paslanmaz \u00e7elik kayna\u011f\u0131, al\u00fcminyum kayna\u011f\u0131<\/li>\n<li>2 farkl\u0131 kaynak modu<\/li>\n<li>Son kullan\u0131c\u0131 kaynak parametrelerini kay\u0131t etme<\/li>\n<li>Tor\u00e7 teti\u011fine bas\u0131ld\u0131\u011f\u0131nda yap\u0131lacak kayna\u011f\u0131 ve gaz\u0131 otomatik alg\u0131lama<\/li>\n<li>Verimlili\u011fi artt\u0131ran &#8221;3 tor\u00e7&#8221;, 3m \u015fase pensesi, \u00f6zel (tor\u00e7 ve maske) ta\u015f\u0131y\u0131c\u0131 kol<\/li>\n<li>Tel y\u0131\u011f\u0131lmas\u0131n\u0131 engelleyen otomatik tel h\u0131z\u0131 ayar\u0131<\/li>\n<li>4 m\u00b3 l\u00fck (20 L) 2 gaz t\u00fcp\u00fc destek yeri<\/li>\n<li>Stabilite ve manevra kabiliyeti i\u00e7in g\u00fc\u00e7lendirilmi\u015f tekerlekler<\/li>\n<li>Aksesuarlar\u0131 koymak i\u00e7in \u00f6zel b\u00f6lmeli yer<\/li>\n<li>Kaynak ak\u0131m\u0131 15 &#8211; 160 Amper, \u00c7al\u0131\u015fma voltaj\u0131 230V<\/li>\n<\/ul>\n","protected":false},"excerpt":{"rendered":"<ul>\n<li>Enerji verimlili\u011fini artt\u0131rmak i\u00e7in &#8221;Kapasit\u00f6r&#8221; ile donat\u0131lm\u0131\u015f<\/li>\n<li>\u00c7elik kayna\u011f\u0131, bak\u0131r silisyum, paslanmaz \u00e7elik kayna\u011f\u0131, al\u00fcminyum kayna\u011f\u0131<\/li>\n<li>2 farkl\u0131 kaynak modu<\/li>\n<li>Son kullan\u0131c\u0131 kaynak parametrelerini kay\u0131t etme<\/li>\n<li>Tor\u00e7 teti\u011fine bas\u0131ld\u0131\u011f\u0131nda yap\u0131lacak kayna\u011f\u0131 ve gaz\u0131 otomatik alg\u0131lama<\/li>\n<li>Verimlili\u011fi artt\u0131ran &#8221;3 tor\u00e7&#8221;, 3m \u015fase pensesi, \u00f6zel (tor\u00e7 ve maske) ta\u015f\u0131y\u0131c\u0131 kol<\/li>\n<li>Tel y\u0131\u011f\u0131lmas\u0131n\u0131 engelleyen otomatik tel h\u0131z\u0131 ayar\u0131<\/li>\n<li>4 m\u00b3 l\u00fck (20 L) 2 gaz t\u00fcp\u00fc destek yeri<\/li>\n<li>Stabilite ve manevra kabiliyeti i\u00e7in g\u00fc\u00e7lendirilmi\u015f tekerlekler<\/li>\n<li>Aksesuarlar\u0131 koymak i\u00e7in \u00f6zel b\u00f6lmeli yer<\/li>\n<li>Kaynak ak\u0131m\u0131 15 &#8211; 160 Amper, \u00c7al\u0131\u015fma voltaj\u0131 230V<\/li>\n<\/ul>\n","protected":false},"featured_media":6364,"comment_status":"open","ping_status":"closed","template":"","meta":[],"product_cat":[176],"product_tag":[],"class_list":["post-6221","product","type-product","status-publish","has-post-thumbnail","hentry","pwb-brand-gys","product_cat-kaynak-cihazlari"],"brands":[{"id":378,"name":"GYS","slug":"gys"}],"yoast_head":"<!-- This site is optimized with the Yoast SEO plugin v17.1 - https:\/\/yoast.com\/wordpress\/plugins\/seo\/ -->\n<title>Sinerjik Gazalt\u0131 Kaynak Cihaz\u0131GYS (Born in FRANCE)M3Gys Auto - Bak\u0131rc\u0131 Garagineering<\/title>\n<meta name=\"robots\" content=\"index, follow, max-snippet:-1, max-image-preview:large, max-video-preview:-1\" \/>\n<link rel=\"canonical\" href=\"https:\/\/bakirci.com\/ekipman\/servis-ekipmanlari\/kaporta\/kaynak-cihazlari\/sinerjik-gazalti-kaynak-cihazigys-born-in-francem3gys-auto\/\" \/>\n<meta property=\"og:locale\" content=\"tr_TR\" \/>\n<meta property=\"og:type\" content=\"article\" \/>\n<meta property=\"og:title\" content=\"Sinerjik Gazalt\u0131 Kaynak Cihaz\u0131GYS (Born in FRANCE)M3Gys Auto - Bak\u0131rc\u0131 Garagineering\" \/>\n<meta property=\"og:description\" content=\"Enerji verimlili\u011fini artt\u0131rmak i\u00e7in &#039;&#039;Kapasit\u00f6r&#039;&#039; ile donat\u0131lm\u0131\u015f  \u00c7elik kayna\u011f\u0131, bak\u0131r silisyum, paslanmaz \u00e7elik kayna\u011f\u0131, al\u00fcminyum kayna\u011f\u0131  2 farkl\u0131 kaynak modu  Son kullan\u0131c\u0131 kaynak parametrelerini kay\u0131t etme  Tor\u00e7 teti\u011fine bas\u0131ld\u0131\u011f\u0131nda yap\u0131lacak kayna\u011f\u0131 ve gaz\u0131 otomatik alg\u0131lama  Verimlili\u011fi artt\u0131ran &#039;&#039;3 tor\u00e7&#039;&#039;, 3m \u015fase pensesi, \u00f6zel (tor\u00e7 ve maske) ta\u015f\u0131y\u0131c\u0131 kol  Tel y\u0131\u011f\u0131lmas\u0131n\u0131 engelleyen otomatik tel h\u0131z\u0131 ayar\u0131  4 m\u00b3 l\u00fck (20 L) 2 gaz t\u00fcp\u00fc destek yeri  Stabilite ve manevra kabiliyeti i\u00e7in g\u00fc\u00e7lendirilmi\u015f tekerlekler  Aksesuarlar\u0131 koymak i\u00e7in \u00f6zel b\u00f6lmeli yer  Kaynak ak\u0131m\u0131 15 - 160 Amper, \u00c7al\u0131\u015fma voltaj\u0131 230V\" \/>\n<meta property=\"og:url\" content=\"https:\/\/bakirci.com\/ekipman\/servis-ekipmanlari\/kaporta\/kaynak-cihazlari\/sinerjik-gazalti-kaynak-cihazigys-born-in-francem3gys-auto\/\" \/>\n<meta property=\"og:site_name\" content=\"Bak\u0131rc\u0131 Garagineering\" \/>\n<meta property=\"article:publisher\" content=\"https:\/\/www.facebook.com\/bakirci.garagineering\" \/>\n<meta property=\"article:modified_time\" content=\"2023-07-24T11:02:39+00:00\" \/>\n<meta property=\"og:image\" content=\"https:\/\/bakirci.com\/ekipman\/wp-content\/uploads\/2023\/07\/Sinerjik-Gazalti-Kaynak-Cihazi-\u2013-M3Gys-Auto.png\" \/>\n\t<meta property=\"og:image:width\" content=\"1080\" \/>\n\t<meta property=\"og:image:height\" content=\"1080\" \/>\n<meta name=\"twitter:card\" content=\"summary_large_image\" \/>\n<meta name=\"twitter:label1\" content=\"Tahmini okuma s\u00fcresi\" \/>\n\t<meta name=\"twitter:data1\" content=\"1 dakika\" \/>\n<script type=\"application\/ld+json\" class=\"yoast-schema-graph\">{\"@context\":\"https:\/\/schema.org\",\"@graph\":[{\"@type\":\"Organization\",\"@id\":\"https:\/\/bakirci.com\/ekipman\/#organization\",\"name\":\"Bak\\u0131rc\\u0131 garagineering\",\"url\":\"https:\/\/bakirci.com\/ekipman\/\",\"sameAs\":[\"https:\/\/www.facebook.com\/bakirci.garagineering\",\"https:\/\/www.instagram.com\/bakirci.garagineering\/\",\"https:\/\/www.linkedin.com\/company\/bakirci-garagineering\/\",\"https:\/\/www.youtube.com\/channel\/UCiVG6s_jALJ6Zk8085XiOQg\"],\"logo\":{\"@type\":\"ImageObject\",\"@id\":\"https:\/\/bakirci.com\/ekipman\/#logo\",\"inLanguage\":\"tr\",\"url\":\"https:\/\/bakirci.com\/ekipman\/wp-content\/uploads\/2021\/09\/Bakirci-logo-lacivert.png\",\"contentUrl\":\"https:\/\/bakirci.com\/ekipman\/wp-content\/uploads\/2021\/09\/Bakirci-logo-lacivert.png\",\"width\":501,\"height\":501,\"caption\":\"Bak\\u0131rc\\u0131 garagineering\"},\"image\":{\"@id\":\"https:\/\/bakirci.com\/ekipman\/#logo\"}},{\"@type\":\"WebSite\",\"@id\":\"https:\/\/bakirci.com\/ekipman\/#website\",\"url\":\"https:\/\/bakirci.com\/ekipman\/\",\"name\":\"Bak\\u0131rc\\u0131 Garagineering\",\"description\":\"Otomotiv sekt\\u00f6r\\u00fcne \\u00f6zel, \\u201c\\u00dcretici Standard\\u0131nda\\u201d \\u00e7\\u00f6z\\u00fcmler\\u2026\",\"publisher\":{\"@id\":\"https:\/\/bakirci.com\/ekipman\/#organization\"},\"potentialAction\":[{\"@type\":\"SearchAction\",\"target\":{\"@type\":\"EntryPoint\",\"urlTemplate\":\"https:\/\/bakirci.com\/ekipman\/?s={search_term_string}\"},\"query-input\":\"required name=search_term_string\"}],\"inLanguage\":\"tr\"},{\"@type\":\"ImageObject\",\"@id\":\"https:\/\/bakirci.com\/ekipman\/servis-ekipmanlari\/kaporta\/kaynak-cihazlari\/sinerjik-gazalti-kaynak-cihazigys-born-in-francem3gys-auto\/#primaryimage\",\"inLanguage\":\"tr\",\"url\":\"https:\/\/bakirci.com\/ekipman\/wp-content\/uploads\/2023\/07\/Sinerjik-Gazalti-Kaynak-Cihazi-\\u2013-M3Gys-Auto.png\",\"contentUrl\":\"https:\/\/bakirci.com\/ekipman\/wp-content\/uploads\/2023\/07\/Sinerjik-Gazalti-Kaynak-Cihazi-\\u2013-M3Gys-Auto.png\",\"width\":1080,\"height\":1080},{\"@type\":\"WebPage\",\"@id\":\"https:\/\/bakirci.com\/ekipman\/servis-ekipmanlari\/kaporta\/kaynak-cihazlari\/sinerjik-gazalti-kaynak-cihazigys-born-in-francem3gys-auto\/#webpage\",\"url\":\"https:\/\/bakirci.com\/ekipman\/servis-ekipmanlari\/kaporta\/kaynak-cihazlari\/sinerjik-gazalti-kaynak-cihazigys-born-in-francem3gys-auto\/\",\"name\":\"Sinerjik Gazalt\\u0131 Kaynak Cihaz\\u0131 GYS (Born in FRANCE)M3Gys Auto - Bak\\u0131rc\\u0131 Garagineering\",\"isPartOf\":{\"@id\":\"https:\/\/bakirci.com\/ekipman\/#website\"},\"primaryImageOfPage\":{\"@id\":\"https:\/\/bakirci.com\/ekipman\/servis-ekipmanlari\/kaporta\/kaynak-cihazlari\/sinerjik-gazalti-kaynak-cihazigys-born-in-francem3gys-auto\/#primaryimage\"},\"datePublished\":\"2021-01-02T08:50:17+00:00\",\"dateModified\":\"2023-07-24T11:02:39+00:00\",\"breadcrumb\":{\"@id\":\"https:\/\/bakirci.com\/ekipman\/servis-ekipmanlari\/kaporta\/kaynak-cihazlari\/sinerjik-gazalti-kaynak-cihazigys-born-in-francem3gys-auto\/#breadcrumb\"},\"inLanguage\":\"tr\",\"potentialAction\":[{\"@type\":\"ReadAction\",\"target\":[\"https:\/\/bakirci.com\/ekipman\/servis-ekipmanlari\/kaporta\/kaynak-cihazlari\/sinerjik-gazalti-kaynak-cihazigys-born-in-francem3gys-auto\/\"]}]},{\"@type\":\"BreadcrumbList\",\"@id\":\"https:\/\/bakirci.com\/ekipman\/servis-ekipmanlari\/kaporta\/kaynak-cihazlari\/sinerjik-gazalti-kaynak-cihazigys-born-in-francem3gys-auto\/#breadcrumb\",\"itemListElement\":[{\"@type\":\"ListItem\",\"position\":1,\"name\":\"Ekipman\",\"item\":\"https:\/\/bakirci.com\/ekipman\/\"},{\"@type\":\"ListItem\",\"position\":2,\"name\":\"Otomotiv Tesisleri \\u0130\\u00e7in Servis Ekipmanlar\\u0131\",\"item\":\"https:\/\/bakirci.com\/ekipman\/\"},{\"@type\":\"ListItem\",\"position\":3,\"name\":\"Sinerjik Gazalt\\u0131 Kaynak Cihaz\\u0131GYS (Born in FRANCE)M3Gys Auto\"}]}]}<\/script>\n<!-- \/ Yoast SEO plugin. -->","yoast_head_json":{"title":"Sinerjik Gazalt\u0131 Kaynak Cihaz\u0131GYS (Born in FRANCE)M3Gys Auto - Bak\u0131rc\u0131 Garagineering","robots":{"index":"index","follow":"follow","max-snippet":"max-snippet:-1","max-image-preview":"max-image-preview:large","max-video-preview":"max-video-preview:-1"},"canonical":"https:\/\/bakirci.com\/ekipman\/servis-ekipmanlari\/kaporta\/kaynak-cihazlari\/sinerjik-gazalti-kaynak-cihazigys-born-in-francem3gys-auto\/","og_locale":"tr_TR","og_type":"article","og_title":"Sinerjik Gazalt\u0131 Kaynak Cihaz\u0131GYS (Born in FRANCE)M3Gys Auto - Bak\u0131rc\u0131 Garagineering","og_description":"Enerji verimlili\u011fini artt\u0131rmak i\u00e7in ''Kapasit\u00f6r'' ile donat\u0131lm\u0131\u015f  \u00c7elik kayna\u011f\u0131, bak\u0131r silisyum, paslanmaz \u00e7elik kayna\u011f\u0131, al\u00fcminyum kayna\u011f\u0131  2 farkl\u0131 kaynak modu  Son kullan\u0131c\u0131 kaynak parametrelerini kay\u0131t etme  Tor\u00e7 teti\u011fine bas\u0131ld\u0131\u011f\u0131nda yap\u0131lacak kayna\u011f\u0131 ve gaz\u0131 otomatik alg\u0131lama  Verimlili\u011fi artt\u0131ran ''3 tor\u00e7'', 3m \u015fase pensesi, \u00f6zel (tor\u00e7 ve maske) ta\u015f\u0131y\u0131c\u0131 kol  Tel y\u0131\u011f\u0131lmas\u0131n\u0131 engelleyen otomatik tel h\u0131z\u0131 ayar\u0131  4 m\u00b3 l\u00fck (20 L) 2 gaz t\u00fcp\u00fc destek yeri  Stabilite ve manevra kabiliyeti i\u00e7in g\u00fc\u00e7lendirilmi\u015f tekerlekler  Aksesuarlar\u0131 koymak i\u00e7in \u00f6zel b\u00f6lmeli yer  Kaynak ak\u0131m\u0131 15 - 160 Amper, \u00c7al\u0131\u015fma voltaj\u0131 230V","og_url":"https:\/\/bakirci.com\/ekipman\/servis-ekipmanlari\/kaporta\/kaynak-cihazlari\/sinerjik-gazalti-kaynak-cihazigys-born-in-francem3gys-auto\/","og_site_name":"Bak\u0131rc\u0131 Garagineering","article_publisher":"https:\/\/www.facebook.com\/bakirci.garagineering","article_modified_time":"2023-07-24T11:02:39+00:00","og_image":[{"width":1080,"height":1080,"filesize":390226,"url":"https:\/\/bakirci.com\/ekipman\/wp-content\/uploads\/2023\/07\/Sinerjik-Gazalti-Kaynak-Cihazi-\u2013-M3Gys-Auto.png","path":"\/home\/bakirciwebsitesi\/public_html\/ekipman\/wp-content\/uploads\/2023\/07\/Sinerjik-Gazalti-Kaynak-Cihazi-\u2013-M3Gys-Auto.png","size":"full","id":6364,"alt":"","pixels":1166400,"type":"image\/png"}],"twitter_card":"summary_large_image","twitter_misc":{"Tahmini okuma s\u00fcresi":"1 dakika"},"schema":{"@context":"https:\/\/schema.org","@graph":[{"@type":"Organization","@id":"https:\/\/bakirci.com\/ekipman\/#organization","name":"Bak\u0131rc\u0131 garagineering","url":"https:\/\/bakirci.com\/ekipman\/","sameAs":["https:\/\/www.facebook.com\/bakirci.garagineering","https:\/\/www.instagram.com\/bakirci.garagineering\/","https:\/\/www.linkedin.com\/company\/bakirci-garagineering\/","https:\/\/www.youtube.com\/channel\/UCiVG6s_jALJ6Zk8085XiOQg"],"logo":{"@type":"ImageObject","@id":"https:\/\/bakirci.com\/ekipman\/#logo","inLanguage":"tr","url":"https:\/\/bakirci.com\/ekipman\/wp-content\/uploads\/2021\/09\/Bakirci-logo-lacivert.png","contentUrl":"https:\/\/bakirci.com\/ekipman\/wp-content\/uploads\/2021\/09\/Bakirci-logo-lacivert.png","width":501,"height":501,"caption":"Bak\u0131rc\u0131 garagineering"},"image":{"@id":"https:\/\/bakirci.com\/ekipman\/#logo"}},{"@type":"WebSite","@id":"https:\/\/bakirci.com\/ekipman\/#website","url":"https:\/\/bakirci.com\/ekipman\/","name":"Bak\u0131rc\u0131 Garagineering","description":"Otomotiv sekt\u00f6r\u00fcne \u00f6zel, \u201c\u00dcretici Standard\u0131nda\u201d \u00e7\u00f6z\u00fcmler\u2026","publisher":{"@id":"https:\/\/bakirci.com\/ekipman\/#organization"},"potentialAction":[{"@type":"SearchAction","target":{"@type":"EntryPoint","urlTemplate":"https:\/\/bakirci.com\/ekipman\/?s={search_term_string}"},"query-input":"required name=search_term_string"}],"inLanguage":"tr"},{"@type":"ImageObject","@id":"https:\/\/bakirci.com\/ekipman\/servis-ekipmanlari\/kaporta\/kaynak-cihazlari\/sinerjik-gazalti-kaynak-cihazigys-born-in-francem3gys-auto\/#primaryimage","inLanguage":"tr","url":"https:\/\/bakirci.com\/ekipman\/wp-content\/uploads\/2023\/07\/Sinerjik-Gazalti-Kaynak-Cihazi-\u2013-M3Gys-Auto.png","contentUrl":"https:\/\/bakirci.com\/ekipman\/wp-content\/uploads\/2023\/07\/Sinerjik-Gazalti-Kaynak-Cihazi-\u2013-M3Gys-Auto.png","width":1080,"height":1080},{"@type":"WebPage","@id":"https:\/\/bakirci.com\/ekipman\/servis-ekipmanlari\/kaporta\/kaynak-cihazlari\/sinerjik-gazalti-kaynak-cihazigys-born-in-francem3gys-auto\/#webpage","url":"https:\/\/bakirci.com\/ekipman\/servis-ekipmanlari\/kaporta\/kaynak-cihazlari\/sinerjik-gazalti-kaynak-cihazigys-born-in-francem3gys-auto\/","name":"Sinerjik Gazalt\u0131 Kaynak Cihaz\u0131 GYS (Born in FRANCE)M3Gys Auto - Bak\u0131rc\u0131 Garagineering","isPartOf":{"@id":"https:\/\/bakirci.com\/ekipman\/#website"},"primaryImageOfPage":{"@id":"https:\/\/bakirci.com\/ekipman\/servis-ekipmanlari\/kaporta\/kaynak-cihazlari\/sinerjik-gazalti-kaynak-cihazigys-born-in-francem3gys-auto\/#primaryimage"},"datePublished":"2021-01-02T08:50:17+00:00","dateModified":"2023-07-24T11:02:39+00:00","breadcrumb":{"@id":"https:\/\/bakirci.com\/ekipman\/servis-ekipmanlari\/kaporta\/kaynak-cihazlari\/sinerjik-gazalti-kaynak-cihazigys-born-in-francem3gys-auto\/#breadcrumb"},"inLanguage":"tr","potentialAction":[{"@type":"ReadAction","target":["https:\/\/bakirci.com\/ekipman\/servis-ekipmanlari\/kaporta\/kaynak-cihazlari\/sinerjik-gazalti-kaynak-cihazigys-born-in-francem3gys-auto\/"]}]},{"@type":"BreadcrumbList","@id":"https:\/\/bakirci.com\/ekipman\/servis-ekipmanlari\/kaporta\/kaynak-cihazlari\/sinerjik-gazalti-kaynak-cihazigys-born-in-francem3gys-auto\/#breadcrumb","itemListElement":[{"@type":"ListItem","position":1,"name":"Ekipman","item":"https:\/\/bakirci.com\/ekipman\/"},{"@type":"ListItem","position":2,"name":"Otomotiv Tesisleri \u0130\u00e7in Servis Ekipmanlar\u0131","item":"https:\/\/bakirci.com\/ekipman\/"},{"@type":"ListItem","position":3,"name":"Sinerjik Gazalt\u0131 Kaynak Cihaz\u0131GYS (Born in FRANCE)M3Gys Auto"}]}]}},"_links":{"self":[{"href":"https:\/\/bakirci.com\/ekipman\/wp-json\/wp\/v2\/product\/6221","targetHints":{"allow":["GET"]}}],"collection":[{"href":"https:\/\/bakirci.com\/ekipman\/wp-json\/wp\/v2\/product"}],"about":[{"href":"https:\/\/bakirci.com\/ekipman\/wp-json\/wp\/v2\/types\/product"}],"replies":[{"embeddable":true,"href":"https:\/\/bakirci.com\/ekipman\/wp-json\/wp\/v2\/comments?post=6221"}],"wp:featuredmedia":[{"embeddable":true,"href":"https:\/\/bakirci.com\/ekipman\/wp-json\/wp\/v2\/media\/6364"}],"wp:attachment":[{"href":"https:\/\/bakirci.com\/ekipman\/wp-json\/wp\/v2\/media?parent=6221"}],"wp:term":[{"taxonomy":"product_cat","embeddable":true,"href":"https:\/\/bakirci.com\/ekipman\/wp-json\/wp\/v2\/product_cat?post=6221"},{"taxonomy":"product_tag","embeddable":true,"href":"https:\/\/bakirci.com\/ekipman\/wp-json\/wp\/v2\/product_tag?post=6221"}],"curies":[{"name":"wp","href":"https:\/\/api.w.org\/{rel}","templated":true}]}}