{"id":6204,"date":"2021-01-03T17:00:13","date_gmt":"2021-01-03T17:00:13","guid":{"rendered":"https:\/\/bakirci.com\/ekipman\/?post_type=product&#038;p=6204"},"modified":"2023-07-24T10:35:03","modified_gmt":"2023-07-24T10:35:03","slug":"ariza-tespit-cihazi-hella-gutmann-born-in-germanymega-macs-x","status":"publish","type":"product","link":"https:\/\/bakirci.com\/ekipman\/servis-ekipmanlari\/mekanik\/diagnoz-ve-test-cihazlari\/ariza-tespit-cihazi-hella-gutmann-born-in-germanymega-macs-x\/","title":{"rendered":"<p class=\"ustmetin\">Ar\u0131za Tespit Cihaz\u0131<\/p> <p class=\"ortametin\">HELLA GUTMANN <span class=\"ortametin2\">(Born in GERMANY)<\/span><\/p><p class=\"altmetin\">Mega Macs X<\/p>"},"content":{"rendered":"<ul>\n<li>Ar\u0131za koduna dayal\u0131, araca \u00f6zg\u00fc onar\u0131m ipu\u00e7lar\u0131 ve ger\u00e7ek zamanl\u0131 g\u00f6sterim<\/li>\n<li>\u015easi numaras\u0131ndan ara\u00e7 tan\u0131ma<\/li>\n<li>T\u00fcm kumanda cihazlar\u0131n\u0131n (ECU) hata kodlar\u0131n\u0131 okuma,<\/li>\n<li>silme ve tamir i\u00e7in a\u00e7\u0131klamal\u0131 y\u00f6nlendirme<\/li>\n<li>OBD soketinin ara\u00e7 \u00fczerinde resimli yer g\u00f6sterimi ve ara\u00e7 bak\u0131m planlar\u0131<\/li>\n<li>OEM \u00fcreticiler ile koordineli kumanda beyni programlama (PassThru)<\/li>\n<li>Security Gateway eri\u015fimli ara\u00e7lara ba\u011flant\u0131 imkan\u0131<\/li>\n<li>EV ve HEV ara\u00e7lara ba\u011flant\u0131 imkan\u0131<\/li>\n<li>Wi-Fi \/ Bluetooth ba\u011flant\u0131s\u0131 ve test sonu\u00e7lar\u0131 i\u00e7in yazd\u0131rma fonksiyonu<\/li>\n<li>T\u00fcm i\u015fletim sistemlerinde \u00e7al\u0131\u015fabilen aray\u00fcz ekran\u0131<\/li>\n<\/ul>\n","protected":false},"excerpt":{"rendered":"<ul>\n<li>Ar\u0131za koduna dayal\u0131, araca \u00f6zg\u00fc onar\u0131m ipu\u00e7lar\u0131 ve ger\u00e7ek zamanl\u0131 g\u00f6sterim<\/li>\n<li>\u015easi numaras\u0131ndan ara\u00e7 tan\u0131ma<\/li>\n<li>T\u00fcm kumanda cihazlar\u0131n\u0131n (ECU) hata kodlar\u0131n\u0131 okuma,<\/li>\n<li>silme ve tamir i\u00e7in a\u00e7\u0131klamal\u0131 y\u00f6nlendirme<\/li>\n<li>OBD soketinin ara\u00e7 \u00fczerinde resimli yer g\u00f6sterimi ve ara\u00e7 bak\u0131m planlar\u0131<\/li>\n<li>OEM \u00fcreticiler ile koordineli kumanda beyni programlama (PassThru)<\/li>\n<li>Security Gateway eri\u015fimli ara\u00e7lara ba\u011flant\u0131 imkan\u0131<\/li>\n<li>EV ve HEV ara\u00e7lara ba\u011flant\u0131 imkan\u0131<\/li>\n<li>Wi-Fi \/ Bluetooth ba\u011flant\u0131s\u0131 ve test sonu\u00e7lar\u0131 i\u00e7in yazd\u0131rma fonksiyonu<\/li>\n<li>T\u00fcm i\u015fletim sistemlerinde \u00e7al\u0131\u015fabilen aray\u00fcz ekran\u0131<\/li>\n<\/ul>\n","protected":false},"featured_media":6349,"comment_status":"open","ping_status":"closed","template":"","meta":[],"product_cat":[143],"product_tag":[],"class_list":["post-6204","product","type-product","status-publish","has-post-thumbnail","hentry","pwb-brand-hella-gutmann","product_cat-diagnoz-ve-test-cihazlari"],"brands":[{"id":373,"name":"HELLA GUTMANN","slug":"hella-gutmann"}],"yoast_head":"<!-- This site is optimized with the Yoast SEO plugin v17.1 - https:\/\/yoast.com\/wordpress\/plugins\/seo\/ -->\n<title>Ar\u0131za Tespit Cihaz\u0131 HELLA GUTMANN (Born in GERMANY)Mega Macs X - Bak\u0131rc\u0131 Garagineering<\/title>\n<meta name=\"robots\" content=\"index, follow, max-snippet:-1, max-image-preview:large, max-video-preview:-1\" \/>\n<link rel=\"canonical\" href=\"https:\/\/bakirci.com\/ekipman\/servis-ekipmanlari\/mekanik\/diagnoz-ve-test-cihazlari\/ariza-tespit-cihazi-hella-gutmann-born-in-germanymega-macs-x\/\" \/>\n<meta property=\"og:locale\" content=\"tr_TR\" \/>\n<meta property=\"og:type\" content=\"article\" \/>\n<meta property=\"og:title\" content=\"Ar\u0131za Tespit Cihaz\u0131 HELLA GUTMANN (Born in GERMANY)Mega Macs X - Bak\u0131rc\u0131 Garagineering\" \/>\n<meta property=\"og:description\" content=\"Ar\u0131za koduna dayal\u0131, araca \u00f6zg\u00fc onar\u0131m ipu\u00e7lar\u0131 ve ger\u00e7ek zamanl\u0131 g\u00f6sterim  \u015easi numaras\u0131ndan ara\u00e7 tan\u0131ma  T\u00fcm kumanda cihazlar\u0131n\u0131n (ECU) hata kodlar\u0131n\u0131 okuma,  silme ve tamir i\u00e7in a\u00e7\u0131klamal\u0131 y\u00f6nlendirme  OBD soketinin ara\u00e7 \u00fczerinde resimli yer g\u00f6sterimi ve ara\u00e7 bak\u0131m planlar\u0131  OEM \u00fcreticiler ile koordineli kumanda beyni programlama (PassThru)  Security Gateway eri\u015fimli ara\u00e7lara ba\u011flant\u0131 imkan\u0131  EV ve HEV ara\u00e7lara ba\u011flant\u0131 imkan\u0131  Wi-Fi \/ Bluetooth ba\u011flant\u0131s\u0131 ve test sonu\u00e7lar\u0131 i\u00e7in yazd\u0131rma fonksiyonu  T\u00fcm i\u015fletim sistemlerinde \u00e7al\u0131\u015fabilen aray\u00fcz ekran\u0131\" \/>\n<meta property=\"og:url\" content=\"https:\/\/bakirci.com\/ekipman\/servis-ekipmanlari\/mekanik\/diagnoz-ve-test-cihazlari\/ariza-tespit-cihazi-hella-gutmann-born-in-germanymega-macs-x\/\" \/>\n<meta property=\"og:site_name\" content=\"Bak\u0131rc\u0131 Garagineering\" \/>\n<meta property=\"article:publisher\" content=\"https:\/\/www.facebook.com\/bakirci.garagineering\" \/>\n<meta property=\"article:modified_time\" content=\"2023-07-24T10:35:03+00:00\" \/>\n<meta property=\"og:image\" content=\"https:\/\/bakirci.com\/ekipman\/wp-content\/uploads\/2023\/07\/Ariza-Tespit-Cihazi-\u2013-Mega-Macs-X.png\" \/>\n\t<meta property=\"og:image:width\" content=\"1080\" \/>\n\t<meta property=\"og:image:height\" content=\"1080\" \/>\n<meta name=\"twitter:card\" content=\"summary_large_image\" \/>\n<meta name=\"twitter:label1\" content=\"Tahmini okuma s\u00fcresi\" \/>\n\t<meta name=\"twitter:data1\" content=\"1 dakika\" \/>\n<script type=\"application\/ld+json\" class=\"yoast-schema-graph\">{\"@context\":\"https:\/\/schema.org\",\"@graph\":[{\"@type\":\"Organization\",\"@id\":\"https:\/\/bakirci.com\/ekipman\/#organization\",\"name\":\"Bak\\u0131rc\\u0131 garagineering\",\"url\":\"https:\/\/bakirci.com\/ekipman\/\",\"sameAs\":[\"https:\/\/www.facebook.com\/bakirci.garagineering\",\"https:\/\/www.instagram.com\/bakirci.garagineering\/\",\"https:\/\/www.linkedin.com\/company\/bakirci-garagineering\/\",\"https:\/\/www.youtube.com\/channel\/UCiVG6s_jALJ6Zk8085XiOQg\"],\"logo\":{\"@type\":\"ImageObject\",\"@id\":\"https:\/\/bakirci.com\/ekipman\/#logo\",\"inLanguage\":\"tr\",\"url\":\"https:\/\/bakirci.com\/ekipman\/wp-content\/uploads\/2021\/09\/Bakirci-logo-lacivert.png\",\"contentUrl\":\"https:\/\/bakirci.com\/ekipman\/wp-content\/uploads\/2021\/09\/Bakirci-logo-lacivert.png\",\"width\":501,\"height\":501,\"caption\":\"Bak\\u0131rc\\u0131 garagineering\"},\"image\":{\"@id\":\"https:\/\/bakirci.com\/ekipman\/#logo\"}},{\"@type\":\"WebSite\",\"@id\":\"https:\/\/bakirci.com\/ekipman\/#website\",\"url\":\"https:\/\/bakirci.com\/ekipman\/\",\"name\":\"Bak\\u0131rc\\u0131 Garagineering\",\"description\":\"Otomotiv sekt\\u00f6r\\u00fcne \\u00f6zel, \\u201c\\u00dcretici Standard\\u0131nda\\u201d \\u00e7\\u00f6z\\u00fcmler\\u2026\",\"publisher\":{\"@id\":\"https:\/\/bakirci.com\/ekipman\/#organization\"},\"potentialAction\":[{\"@type\":\"SearchAction\",\"target\":{\"@type\":\"EntryPoint\",\"urlTemplate\":\"https:\/\/bakirci.com\/ekipman\/?s={search_term_string}\"},\"query-input\":\"required name=search_term_string\"}],\"inLanguage\":\"tr\"},{\"@type\":\"ImageObject\",\"@id\":\"https:\/\/bakirci.com\/ekipman\/servis-ekipmanlari\/mekanik\/diagnoz-ve-test-cihazlari\/ariza-tespit-cihazi-hella-gutmann-born-in-germanymega-macs-x\/#primaryimage\",\"inLanguage\":\"tr\",\"url\":\"https:\/\/bakirci.com\/ekipman\/wp-content\/uploads\/2023\/07\/Ariza-Tespit-Cihazi-\\u2013-Mega-Macs-X.png\",\"contentUrl\":\"https:\/\/bakirci.com\/ekipman\/wp-content\/uploads\/2023\/07\/Ariza-Tespit-Cihazi-\\u2013-Mega-Macs-X.png\",\"width\":1080,\"height\":1080},{\"@type\":\"WebPage\",\"@id\":\"https:\/\/bakirci.com\/ekipman\/servis-ekipmanlari\/mekanik\/diagnoz-ve-test-cihazlari\/ariza-tespit-cihazi-hella-gutmann-born-in-germanymega-macs-x\/#webpage\",\"url\":\"https:\/\/bakirci.com\/ekipman\/servis-ekipmanlari\/mekanik\/diagnoz-ve-test-cihazlari\/ariza-tespit-cihazi-hella-gutmann-born-in-germanymega-macs-x\/\",\"name\":\"Ar\\u0131za Tespit Cihaz\\u0131 HELLA GUTMANN (Born in GERMANY) Mega Macs X - Bak\\u0131rc\\u0131 Garagineering\",\"isPartOf\":{\"@id\":\"https:\/\/bakirci.com\/ekipman\/#website\"},\"primaryImageOfPage\":{\"@id\":\"https:\/\/bakirci.com\/ekipman\/servis-ekipmanlari\/mekanik\/diagnoz-ve-test-cihazlari\/ariza-tespit-cihazi-hella-gutmann-born-in-germanymega-macs-x\/#primaryimage\"},\"datePublished\":\"2021-01-03T17:00:13+00:00\",\"dateModified\":\"2023-07-24T10:35:03+00:00\",\"breadcrumb\":{\"@id\":\"https:\/\/bakirci.com\/ekipman\/servis-ekipmanlari\/mekanik\/diagnoz-ve-test-cihazlari\/ariza-tespit-cihazi-hella-gutmann-born-in-germanymega-macs-x\/#breadcrumb\"},\"inLanguage\":\"tr\",\"potentialAction\":[{\"@type\":\"ReadAction\",\"target\":[\"https:\/\/bakirci.com\/ekipman\/servis-ekipmanlari\/mekanik\/diagnoz-ve-test-cihazlari\/ariza-tespit-cihazi-hella-gutmann-born-in-germanymega-macs-x\/\"]}]},{\"@type\":\"BreadcrumbList\",\"@id\":\"https:\/\/bakirci.com\/ekipman\/servis-ekipmanlari\/mekanik\/diagnoz-ve-test-cihazlari\/ariza-tespit-cihazi-hella-gutmann-born-in-germanymega-macs-x\/#breadcrumb\",\"itemListElement\":[{\"@type\":\"ListItem\",\"position\":1,\"name\":\"Ekipman\",\"item\":\"https:\/\/bakirci.com\/ekipman\/\"},{\"@type\":\"ListItem\",\"position\":2,\"name\":\"Otomotiv Tesisleri \\u0130\\u00e7in Servis Ekipmanlar\\u0131\",\"item\":\"https:\/\/bakirci.com\/ekipman\/\"},{\"@type\":\"ListItem\",\"position\":3,\"name\":\"Ar\\u0131za Tespit Cihaz\\u0131 HELLA GUTMANN (Born in GERMANY)Mega Macs X\"}]}]}<\/script>\n<!-- \/ Yoast SEO plugin. -->","yoast_head_json":{"title":"Ar\u0131za Tespit Cihaz\u0131 HELLA GUTMANN (Born in GERMANY)Mega Macs X - Bak\u0131rc\u0131 Garagineering","robots":{"index":"index","follow":"follow","max-snippet":"max-snippet:-1","max-image-preview":"max-image-preview:large","max-video-preview":"max-video-preview:-1"},"canonical":"https:\/\/bakirci.com\/ekipman\/servis-ekipmanlari\/mekanik\/diagnoz-ve-test-cihazlari\/ariza-tespit-cihazi-hella-gutmann-born-in-germanymega-macs-x\/","og_locale":"tr_TR","og_type":"article","og_title":"Ar\u0131za Tespit Cihaz\u0131 HELLA GUTMANN (Born in GERMANY)Mega Macs X - Bak\u0131rc\u0131 Garagineering","og_description":"Ar\u0131za koduna dayal\u0131, araca \u00f6zg\u00fc onar\u0131m ipu\u00e7lar\u0131 ve ger\u00e7ek zamanl\u0131 g\u00f6sterim  \u015easi numaras\u0131ndan ara\u00e7 tan\u0131ma  T\u00fcm kumanda cihazlar\u0131n\u0131n (ECU) hata kodlar\u0131n\u0131 okuma,  silme ve tamir i\u00e7in a\u00e7\u0131klamal\u0131 y\u00f6nlendirme  OBD soketinin ara\u00e7 \u00fczerinde resimli yer g\u00f6sterimi ve ara\u00e7 bak\u0131m planlar\u0131  OEM \u00fcreticiler ile koordineli kumanda beyni programlama (PassThru)  Security Gateway eri\u015fimli ara\u00e7lara ba\u011flant\u0131 imkan\u0131  EV ve HEV ara\u00e7lara ba\u011flant\u0131 imkan\u0131  Wi-Fi \/ Bluetooth ba\u011flant\u0131s\u0131 ve test sonu\u00e7lar\u0131 i\u00e7in yazd\u0131rma fonksiyonu  T\u00fcm i\u015fletim sistemlerinde \u00e7al\u0131\u015fabilen aray\u00fcz ekran\u0131","og_url":"https:\/\/bakirci.com\/ekipman\/servis-ekipmanlari\/mekanik\/diagnoz-ve-test-cihazlari\/ariza-tespit-cihazi-hella-gutmann-born-in-germanymega-macs-x\/","og_site_name":"Bak\u0131rc\u0131 Garagineering","article_publisher":"https:\/\/www.facebook.com\/bakirci.garagineering","article_modified_time":"2023-07-24T10:35:03+00:00","og_image":[{"width":1080,"height":1080,"filesize":286208,"url":"https:\/\/bakirci.com\/ekipman\/wp-content\/uploads\/2023\/07\/Ariza-Tespit-Cihazi-\u2013-Mega-Macs-X.png","path":"\/home\/bakirciwebsitesi\/public_html\/ekipman\/wp-content\/uploads\/2023\/07\/Ariza-Tespit-Cihazi-\u2013-Mega-Macs-X.png","size":"full","id":6349,"alt":"","pixels":1166400,"type":"image\/png"}],"twitter_card":"summary_large_image","twitter_misc":{"Tahmini okuma s\u00fcresi":"1 dakika"},"schema":{"@context":"https:\/\/schema.org","@graph":[{"@type":"Organization","@id":"https:\/\/bakirci.com\/ekipman\/#organization","name":"Bak\u0131rc\u0131 garagineering","url":"https:\/\/bakirci.com\/ekipman\/","sameAs":["https:\/\/www.facebook.com\/bakirci.garagineering","https:\/\/www.instagram.com\/bakirci.garagineering\/","https:\/\/www.linkedin.com\/company\/bakirci-garagineering\/","https:\/\/www.youtube.com\/channel\/UCiVG6s_jALJ6Zk8085XiOQg"],"logo":{"@type":"ImageObject","@id":"https:\/\/bakirci.com\/ekipman\/#logo","inLanguage":"tr","url":"https:\/\/bakirci.com\/ekipman\/wp-content\/uploads\/2021\/09\/Bakirci-logo-lacivert.png","contentUrl":"https:\/\/bakirci.com\/ekipman\/wp-content\/uploads\/2021\/09\/Bakirci-logo-lacivert.png","width":501,"height":501,"caption":"Bak\u0131rc\u0131 garagineering"},"image":{"@id":"https:\/\/bakirci.com\/ekipman\/#logo"}},{"@type":"WebSite","@id":"https:\/\/bakirci.com\/ekipman\/#website","url":"https:\/\/bakirci.com\/ekipman\/","name":"Bak\u0131rc\u0131 Garagineering","description":"Otomotiv sekt\u00f6r\u00fcne \u00f6zel, \u201c\u00dcretici Standard\u0131nda\u201d \u00e7\u00f6z\u00fcmler\u2026","publisher":{"@id":"https:\/\/bakirci.com\/ekipman\/#organization"},"potentialAction":[{"@type":"SearchAction","target":{"@type":"EntryPoint","urlTemplate":"https:\/\/bakirci.com\/ekipman\/?s={search_term_string}"},"query-input":"required name=search_term_string"}],"inLanguage":"tr"},{"@type":"ImageObject","@id":"https:\/\/bakirci.com\/ekipman\/servis-ekipmanlari\/mekanik\/diagnoz-ve-test-cihazlari\/ariza-tespit-cihazi-hella-gutmann-born-in-germanymega-macs-x\/#primaryimage","inLanguage":"tr","url":"https:\/\/bakirci.com\/ekipman\/wp-content\/uploads\/2023\/07\/Ariza-Tespit-Cihazi-\u2013-Mega-Macs-X.png","contentUrl":"https:\/\/bakirci.com\/ekipman\/wp-content\/uploads\/2023\/07\/Ariza-Tespit-Cihazi-\u2013-Mega-Macs-X.png","width":1080,"height":1080},{"@type":"WebPage","@id":"https:\/\/bakirci.com\/ekipman\/servis-ekipmanlari\/mekanik\/diagnoz-ve-test-cihazlari\/ariza-tespit-cihazi-hella-gutmann-born-in-germanymega-macs-x\/#webpage","url":"https:\/\/bakirci.com\/ekipman\/servis-ekipmanlari\/mekanik\/diagnoz-ve-test-cihazlari\/ariza-tespit-cihazi-hella-gutmann-born-in-germanymega-macs-x\/","name":"Ar\u0131za Tespit Cihaz\u0131 HELLA GUTMANN (Born in GERMANY) Mega Macs X - Bak\u0131rc\u0131 Garagineering","isPartOf":{"@id":"https:\/\/bakirci.com\/ekipman\/#website"},"primaryImageOfPage":{"@id":"https:\/\/bakirci.com\/ekipman\/servis-ekipmanlari\/mekanik\/diagnoz-ve-test-cihazlari\/ariza-tespit-cihazi-hella-gutmann-born-in-germanymega-macs-x\/#primaryimage"},"datePublished":"2021-01-03T17:00:13+00:00","dateModified":"2023-07-24T10:35:03+00:00","breadcrumb":{"@id":"https:\/\/bakirci.com\/ekipman\/servis-ekipmanlari\/mekanik\/diagnoz-ve-test-cihazlari\/ariza-tespit-cihazi-hella-gutmann-born-in-germanymega-macs-x\/#breadcrumb"},"inLanguage":"tr","potentialAction":[{"@type":"ReadAction","target":["https:\/\/bakirci.com\/ekipman\/servis-ekipmanlari\/mekanik\/diagnoz-ve-test-cihazlari\/ariza-tespit-cihazi-hella-gutmann-born-in-germanymega-macs-x\/"]}]},{"@type":"BreadcrumbList","@id":"https:\/\/bakirci.com\/ekipman\/servis-ekipmanlari\/mekanik\/diagnoz-ve-test-cihazlari\/ariza-tespit-cihazi-hella-gutmann-born-in-germanymega-macs-x\/#breadcrumb","itemListElement":[{"@type":"ListItem","position":1,"name":"Ekipman","item":"https:\/\/bakirci.com\/ekipman\/"},{"@type":"ListItem","position":2,"name":"Otomotiv Tesisleri \u0130\u00e7in Servis Ekipmanlar\u0131","item":"https:\/\/bakirci.com\/ekipman\/"},{"@type":"ListItem","position":3,"name":"Ar\u0131za Tespit Cihaz\u0131 HELLA GUTMANN (Born in GERMANY)Mega Macs X"}]}]}},"_links":{"self":[{"href":"https:\/\/bakirci.com\/ekipman\/wp-json\/wp\/v2\/product\/6204","targetHints":{"allow":["GET"]}}],"collection":[{"href":"https:\/\/bakirci.com\/ekipman\/wp-json\/wp\/v2\/product"}],"about":[{"href":"https:\/\/bakirci.com\/ekipman\/wp-json\/wp\/v2\/types\/product"}],"replies":[{"embeddable":true,"href":"https:\/\/bakirci.com\/ekipman\/wp-json\/wp\/v2\/comments?post=6204"}],"wp:featuredmedia":[{"embeddable":true,"href":"https:\/\/bakirci.com\/ekipman\/wp-json\/wp\/v2\/media\/6349"}],"wp:attachment":[{"href":"https:\/\/bakirci.com\/ekipman\/wp-json\/wp\/v2\/media?parent=6204"}],"wp:term":[{"taxonomy":"product_cat","embeddable":true,"href":"https:\/\/bakirci.com\/ekipman\/wp-json\/wp\/v2\/product_cat?post=6204"},{"taxonomy":"product_tag","embeddable":true,"href":"https:\/\/bakirci.com\/ekipman\/wp-json\/wp\/v2\/product_tag?post=6204"}],"curies":[{"name":"wp","href":"https:\/\/api.w.org\/{rel}","templated":true}]}}