{"id":6197,"date":"2021-01-02T17:10:17","date_gmt":"2021-01-02T17:10:17","guid":{"rendered":"https:\/\/bakirci.com\/ekipman\/?post_type=product&#038;p=6197"},"modified":"2023-07-24T08:00:29","modified_gmt":"2023-07-24T08:00:29","slug":"yuksek-voltaj-guvenlik-olcum-moduluavl-ditest-born-in-austriaworksafe","status":"publish","type":"product","link":"https:\/\/bakirci.com\/ekipman\/servis-ekipmanlari\/mekanik\/aku-bakim-cihazlari\/yuksek-voltaj-guvenlik-olcum-moduluavl-ditest-born-in-austriaworksafe\/","title":{"rendered":"<p class=\"ustmetin\">Y\u00fcksek Voltaj G\u00fcvenlik \u00d6l\u00e7\u00fcm Mod\u00fcl\u00fc<\/p><p class=\"ortametin\">AVL DITEST <span class=\"ortametin2\">(Born in AUSTRIA)<\/span><\/p><p class=\"altmetin\">workSAFE<\/p>"},"content":{"rendered":"<ul>\n<li>Elektrikli ara\u00e7larda bulunan y\u00fcksek voltaj sistemlerinde g\u00fcvenlikle \u00f6l\u00e7\u00fcm yap\u0131lmas\u0131<\/li>\n<li>Bu \u00f6l\u00e7\u00fcmlerde gerilim olmad\u0131\u011f\u0131n\u0131n do\u011frulanmas\u0131<\/li>\n<li>Y\u00fcksek gerilimlerde yal\u0131t\u0131m direncinin \u00f6l\u00e7\u00fclmesi<\/li>\n<li>Kapasit\u00f6r, bobin ve diren\u00e7 \u00f6l\u00e7\u00fcm\u00fc<\/li>\n<li>SAE J1766, GB 18384 normlar\u0131na g\u00f6re \u00f6l\u00e7\u00fcm yap\u0131labilmesi<\/li>\n<\/ul>\n","protected":false},"excerpt":{"rendered":"<ul>\n<li>Elektrikli ara\u00e7larda bulunan y\u00fcksek voltaj sistemlerinde g\u00fcvenlikle \u00f6l\u00e7\u00fcm yap\u0131lmas\u0131<\/li>\n<li>Bu \u00f6l\u00e7\u00fcmlerde gerilim olmad\u0131\u011f\u0131n\u0131n do\u011frulanmas\u0131<\/li>\n<li>Y\u00fcksek gerilimlerde yal\u0131t\u0131m direncinin \u00f6l\u00e7\u00fclmesi<\/li>\n<li>Kapasit\u00f6r, bobin ve diren\u00e7 \u00f6l\u00e7\u00fcm\u00fc<\/li>\n<li>SAE J1766, GB 18384 normlar\u0131na g\u00f6re \u00f6l\u00e7\u00fcm yap\u0131labilmesi<\/li>\n<\/ul>\n","protected":false},"featured_media":6341,"comment_status":"open","ping_status":"closed","template":"","meta":[],"product_cat":[142],"product_tag":[],"class_list":["post-6197","product","type-product","status-publish","has-post-thumbnail","hentry","pwb-brand-avl-ditest","product_cat-aku-bakim-cihazlari"],"brands":[{"id":377,"name":"AVL DITEST","slug":"avl-ditest"}],"yoast_head":"<!-- This site is optimized with the Yoast SEO plugin v17.1 - https:\/\/yoast.com\/wordpress\/plugins\/seo\/ -->\n<title>Y\u00fcksek Voltaj G\u00fcvenlik \u00d6l\u00e7\u00fcm Mod\u00fcl\u00fcAVL DITEST (Born in AUSTRIA)workSAFE - Bak\u0131rc\u0131 Garagineering<\/title>\n<meta name=\"robots\" content=\"index, follow, max-snippet:-1, max-image-preview:large, max-video-preview:-1\" \/>\n<link rel=\"canonical\" href=\"https:\/\/bakirci.com\/ekipman\/servis-ekipmanlari\/mekanik\/aku-bakim-cihazlari\/yuksek-voltaj-guvenlik-olcum-moduluavl-ditest-born-in-austriaworksafe\/\" \/>\n<meta property=\"og:locale\" content=\"tr_TR\" \/>\n<meta property=\"og:type\" content=\"article\" \/>\n<meta property=\"og:title\" content=\"Y\u00fcksek Voltaj G\u00fcvenlik \u00d6l\u00e7\u00fcm Mod\u00fcl\u00fcAVL DITEST (Born in AUSTRIA)workSAFE - Bak\u0131rc\u0131 Garagineering\" \/>\n<meta property=\"og:description\" content=\"Elektrikli ara\u00e7larda bulunan y\u00fcksek voltaj sistemlerinde g\u00fcvenlikle \u00f6l\u00e7\u00fcm yap\u0131lmas\u0131  Bu \u00f6l\u00e7\u00fcmlerde gerilim olmad\u0131\u011f\u0131n\u0131n do\u011frulanmas\u0131  Y\u00fcksek gerilimlerde yal\u0131t\u0131m direncinin \u00f6l\u00e7\u00fclmesi  Kapasit\u00f6r, bobin ve diren\u00e7 \u00f6l\u00e7\u00fcm\u00fc  SAE J1766, GB 18384 normlar\u0131na g\u00f6re \u00f6l\u00e7\u00fcm yap\u0131labilmesi\" \/>\n<meta property=\"og:url\" content=\"https:\/\/bakirci.com\/ekipman\/servis-ekipmanlari\/mekanik\/aku-bakim-cihazlari\/yuksek-voltaj-guvenlik-olcum-moduluavl-ditest-born-in-austriaworksafe\/\" \/>\n<meta property=\"og:site_name\" content=\"Bak\u0131rc\u0131 Garagineering\" \/>\n<meta property=\"article:publisher\" content=\"https:\/\/www.facebook.com\/bakirci.garagineering\" \/>\n<meta property=\"article:modified_time\" content=\"2023-07-24T08:00:29+00:00\" \/>\n<meta property=\"og:image\" content=\"https:\/\/bakirci.com\/ekipman\/wp-content\/uploads\/2023\/07\/Yuksek-Voltaj-Guvenlik-Olcum-Modulu-\u2013-workSAFE.png\" \/>\n\t<meta property=\"og:image:width\" content=\"1080\" \/>\n\t<meta property=\"og:image:height\" content=\"1080\" \/>\n<meta name=\"twitter:card\" content=\"summary_large_image\" \/>\n<script type=\"application\/ld+json\" class=\"yoast-schema-graph\">{\"@context\":\"https:\/\/schema.org\",\"@graph\":[{\"@type\":\"Organization\",\"@id\":\"https:\/\/bakirci.com\/ekipman\/#organization\",\"name\":\"Bak\\u0131rc\\u0131 garagineering\",\"url\":\"https:\/\/bakirci.com\/ekipman\/\",\"sameAs\":[\"https:\/\/www.facebook.com\/bakirci.garagineering\",\"https:\/\/www.instagram.com\/bakirci.garagineering\/\",\"https:\/\/www.linkedin.com\/company\/bakirci-garagineering\/\",\"https:\/\/www.youtube.com\/channel\/UCiVG6s_jALJ6Zk8085XiOQg\"],\"logo\":{\"@type\":\"ImageObject\",\"@id\":\"https:\/\/bakirci.com\/ekipman\/#logo\",\"inLanguage\":\"tr\",\"url\":\"https:\/\/bakirci.com\/ekipman\/wp-content\/uploads\/2021\/09\/Bakirci-logo-lacivert.png\",\"contentUrl\":\"https:\/\/bakirci.com\/ekipman\/wp-content\/uploads\/2021\/09\/Bakirci-logo-lacivert.png\",\"width\":501,\"height\":501,\"caption\":\"Bak\\u0131rc\\u0131 garagineering\"},\"image\":{\"@id\":\"https:\/\/bakirci.com\/ekipman\/#logo\"}},{\"@type\":\"WebSite\",\"@id\":\"https:\/\/bakirci.com\/ekipman\/#website\",\"url\":\"https:\/\/bakirci.com\/ekipman\/\",\"name\":\"Bak\\u0131rc\\u0131 Garagineering\",\"description\":\"Otomotiv sekt\\u00f6r\\u00fcne \\u00f6zel, \\u201c\\u00dcretici Standard\\u0131nda\\u201d \\u00e7\\u00f6z\\u00fcmler\\u2026\",\"publisher\":{\"@id\":\"https:\/\/bakirci.com\/ekipman\/#organization\"},\"potentialAction\":[{\"@type\":\"SearchAction\",\"target\":{\"@type\":\"EntryPoint\",\"urlTemplate\":\"https:\/\/bakirci.com\/ekipman\/?s={search_term_string}\"},\"query-input\":\"required name=search_term_string\"}],\"inLanguage\":\"tr\"},{\"@type\":\"ImageObject\",\"@id\":\"https:\/\/bakirci.com\/ekipman\/servis-ekipmanlari\/mekanik\/aku-bakim-cihazlari\/yuksek-voltaj-guvenlik-olcum-moduluavl-ditest-born-in-austriaworksafe\/#primaryimage\",\"inLanguage\":\"tr\",\"url\":\"https:\/\/bakirci.com\/ekipman\/wp-content\/uploads\/2023\/07\/Yuksek-Voltaj-Guvenlik-Olcum-Modulu-\\u2013-workSAFE.png\",\"contentUrl\":\"https:\/\/bakirci.com\/ekipman\/wp-content\/uploads\/2023\/07\/Yuksek-Voltaj-Guvenlik-Olcum-Modulu-\\u2013-workSAFE.png\",\"width\":1080,\"height\":1080},{\"@type\":\"WebPage\",\"@id\":\"https:\/\/bakirci.com\/ekipman\/servis-ekipmanlari\/mekanik\/aku-bakim-cihazlari\/yuksek-voltaj-guvenlik-olcum-moduluavl-ditest-born-in-austriaworksafe\/#webpage\",\"url\":\"https:\/\/bakirci.com\/ekipman\/servis-ekipmanlari\/mekanik\/aku-bakim-cihazlari\/yuksek-voltaj-guvenlik-olcum-moduluavl-ditest-born-in-austriaworksafe\/\",\"name\":\"Y\\u00fcksek Voltaj G\\u00fcvenlik \\u00d6l\\u00e7\\u00fcm Mod\\u00fcl\\u00fc AVL DITEST (Born in AUSTRIA) workSAFE - Bak\\u0131rc\\u0131 Garagineering\",\"isPartOf\":{\"@id\":\"https:\/\/bakirci.com\/ekipman\/#website\"},\"primaryImageOfPage\":{\"@id\":\"https:\/\/bakirci.com\/ekipman\/servis-ekipmanlari\/mekanik\/aku-bakim-cihazlari\/yuksek-voltaj-guvenlik-olcum-moduluavl-ditest-born-in-austriaworksafe\/#primaryimage\"},\"datePublished\":\"2021-01-02T17:10:17+00:00\",\"dateModified\":\"2023-07-24T08:00:29+00:00\",\"breadcrumb\":{\"@id\":\"https:\/\/bakirci.com\/ekipman\/servis-ekipmanlari\/mekanik\/aku-bakim-cihazlari\/yuksek-voltaj-guvenlik-olcum-moduluavl-ditest-born-in-austriaworksafe\/#breadcrumb\"},\"inLanguage\":\"tr\",\"potentialAction\":[{\"@type\":\"ReadAction\",\"target\":[\"https:\/\/bakirci.com\/ekipman\/servis-ekipmanlari\/mekanik\/aku-bakim-cihazlari\/yuksek-voltaj-guvenlik-olcum-moduluavl-ditest-born-in-austriaworksafe\/\"]}]},{\"@type\":\"BreadcrumbList\",\"@id\":\"https:\/\/bakirci.com\/ekipman\/servis-ekipmanlari\/mekanik\/aku-bakim-cihazlari\/yuksek-voltaj-guvenlik-olcum-moduluavl-ditest-born-in-austriaworksafe\/#breadcrumb\",\"itemListElement\":[{\"@type\":\"ListItem\",\"position\":1,\"name\":\"Ekipman\",\"item\":\"https:\/\/bakirci.com\/ekipman\/\"},{\"@type\":\"ListItem\",\"position\":2,\"name\":\"Otomotiv Tesisleri \\u0130\\u00e7in Servis Ekipmanlar\\u0131\",\"item\":\"https:\/\/bakirci.com\/ekipman\/\"},{\"@type\":\"ListItem\",\"position\":3,\"name\":\"Y\\u00fcksek Voltaj G\\u00fcvenlik \\u00d6l\\u00e7\\u00fcm Mod\\u00fcl\\u00fcAVL DITEST (Born in AUSTRIA)workSAFE\"}]}]}<\/script>\n<!-- \/ Yoast SEO plugin. -->","yoast_head_json":{"title":"Y\u00fcksek Voltaj G\u00fcvenlik \u00d6l\u00e7\u00fcm Mod\u00fcl\u00fcAVL DITEST (Born in AUSTRIA)workSAFE - Bak\u0131rc\u0131 Garagineering","robots":{"index":"index","follow":"follow","max-snippet":"max-snippet:-1","max-image-preview":"max-image-preview:large","max-video-preview":"max-video-preview:-1"},"canonical":"https:\/\/bakirci.com\/ekipman\/servis-ekipmanlari\/mekanik\/aku-bakim-cihazlari\/yuksek-voltaj-guvenlik-olcum-moduluavl-ditest-born-in-austriaworksafe\/","og_locale":"tr_TR","og_type":"article","og_title":"Y\u00fcksek Voltaj G\u00fcvenlik \u00d6l\u00e7\u00fcm Mod\u00fcl\u00fcAVL DITEST (Born in AUSTRIA)workSAFE - Bak\u0131rc\u0131 Garagineering","og_description":"Elektrikli ara\u00e7larda bulunan y\u00fcksek voltaj sistemlerinde g\u00fcvenlikle \u00f6l\u00e7\u00fcm yap\u0131lmas\u0131  Bu \u00f6l\u00e7\u00fcmlerde gerilim olmad\u0131\u011f\u0131n\u0131n do\u011frulanmas\u0131  Y\u00fcksek gerilimlerde yal\u0131t\u0131m direncinin \u00f6l\u00e7\u00fclmesi  Kapasit\u00f6r, bobin ve diren\u00e7 \u00f6l\u00e7\u00fcm\u00fc  SAE J1766, GB 18384 normlar\u0131na g\u00f6re \u00f6l\u00e7\u00fcm yap\u0131labilmesi","og_url":"https:\/\/bakirci.com\/ekipman\/servis-ekipmanlari\/mekanik\/aku-bakim-cihazlari\/yuksek-voltaj-guvenlik-olcum-moduluavl-ditest-born-in-austriaworksafe\/","og_site_name":"Bak\u0131rc\u0131 Garagineering","article_publisher":"https:\/\/www.facebook.com\/bakirci.garagineering","article_modified_time":"2023-07-24T08:00:29+00:00","og_image":[{"width":1080,"height":1080,"filesize":367987,"url":"https:\/\/bakirci.com\/ekipman\/wp-content\/uploads\/2023\/07\/Yuksek-Voltaj-Guvenlik-Olcum-Modulu-\u2013-workSAFE.png","path":"\/home\/bakirciwebsitesi\/public_html\/ekipman\/wp-content\/uploads\/2023\/07\/Yuksek-Voltaj-Guvenlik-Olcum-Modulu-\u2013-workSAFE.png","size":"full","id":6341,"alt":"","pixels":1166400,"type":"image\/png"}],"twitter_card":"summary_large_image","schema":{"@context":"https:\/\/schema.org","@graph":[{"@type":"Organization","@id":"https:\/\/bakirci.com\/ekipman\/#organization","name":"Bak\u0131rc\u0131 garagineering","url":"https:\/\/bakirci.com\/ekipman\/","sameAs":["https:\/\/www.facebook.com\/bakirci.garagineering","https:\/\/www.instagram.com\/bakirci.garagineering\/","https:\/\/www.linkedin.com\/company\/bakirci-garagineering\/","https:\/\/www.youtube.com\/channel\/UCiVG6s_jALJ6Zk8085XiOQg"],"logo":{"@type":"ImageObject","@id":"https:\/\/bakirci.com\/ekipman\/#logo","inLanguage":"tr","url":"https:\/\/bakirci.com\/ekipman\/wp-content\/uploads\/2021\/09\/Bakirci-logo-lacivert.png","contentUrl":"https:\/\/bakirci.com\/ekipman\/wp-content\/uploads\/2021\/09\/Bakirci-logo-lacivert.png","width":501,"height":501,"caption":"Bak\u0131rc\u0131 garagineering"},"image":{"@id":"https:\/\/bakirci.com\/ekipman\/#logo"}},{"@type":"WebSite","@id":"https:\/\/bakirci.com\/ekipman\/#website","url":"https:\/\/bakirci.com\/ekipman\/","name":"Bak\u0131rc\u0131 Garagineering","description":"Otomotiv sekt\u00f6r\u00fcne \u00f6zel, \u201c\u00dcretici Standard\u0131nda\u201d \u00e7\u00f6z\u00fcmler\u2026","publisher":{"@id":"https:\/\/bakirci.com\/ekipman\/#organization"},"potentialAction":[{"@type":"SearchAction","target":{"@type":"EntryPoint","urlTemplate":"https:\/\/bakirci.com\/ekipman\/?s={search_term_string}"},"query-input":"required name=search_term_string"}],"inLanguage":"tr"},{"@type":"ImageObject","@id":"https:\/\/bakirci.com\/ekipman\/servis-ekipmanlari\/mekanik\/aku-bakim-cihazlari\/yuksek-voltaj-guvenlik-olcum-moduluavl-ditest-born-in-austriaworksafe\/#primaryimage","inLanguage":"tr","url":"https:\/\/bakirci.com\/ekipman\/wp-content\/uploads\/2023\/07\/Yuksek-Voltaj-Guvenlik-Olcum-Modulu-\u2013-workSAFE.png","contentUrl":"https:\/\/bakirci.com\/ekipman\/wp-content\/uploads\/2023\/07\/Yuksek-Voltaj-Guvenlik-Olcum-Modulu-\u2013-workSAFE.png","width":1080,"height":1080},{"@type":"WebPage","@id":"https:\/\/bakirci.com\/ekipman\/servis-ekipmanlari\/mekanik\/aku-bakim-cihazlari\/yuksek-voltaj-guvenlik-olcum-moduluavl-ditest-born-in-austriaworksafe\/#webpage","url":"https:\/\/bakirci.com\/ekipman\/servis-ekipmanlari\/mekanik\/aku-bakim-cihazlari\/yuksek-voltaj-guvenlik-olcum-moduluavl-ditest-born-in-austriaworksafe\/","name":"Y\u00fcksek Voltaj G\u00fcvenlik \u00d6l\u00e7\u00fcm Mod\u00fcl\u00fc AVL DITEST (Born in AUSTRIA) workSAFE - Bak\u0131rc\u0131 Garagineering","isPartOf":{"@id":"https:\/\/bakirci.com\/ekipman\/#website"},"primaryImageOfPage":{"@id":"https:\/\/bakirci.com\/ekipman\/servis-ekipmanlari\/mekanik\/aku-bakim-cihazlari\/yuksek-voltaj-guvenlik-olcum-moduluavl-ditest-born-in-austriaworksafe\/#primaryimage"},"datePublished":"2021-01-02T17:10:17+00:00","dateModified":"2023-07-24T08:00:29+00:00","breadcrumb":{"@id":"https:\/\/bakirci.com\/ekipman\/servis-ekipmanlari\/mekanik\/aku-bakim-cihazlari\/yuksek-voltaj-guvenlik-olcum-moduluavl-ditest-born-in-austriaworksafe\/#breadcrumb"},"inLanguage":"tr","potentialAction":[{"@type":"ReadAction","target":["https:\/\/bakirci.com\/ekipman\/servis-ekipmanlari\/mekanik\/aku-bakim-cihazlari\/yuksek-voltaj-guvenlik-olcum-moduluavl-ditest-born-in-austriaworksafe\/"]}]},{"@type":"BreadcrumbList","@id":"https:\/\/bakirci.com\/ekipman\/servis-ekipmanlari\/mekanik\/aku-bakim-cihazlari\/yuksek-voltaj-guvenlik-olcum-moduluavl-ditest-born-in-austriaworksafe\/#breadcrumb","itemListElement":[{"@type":"ListItem","position":1,"name":"Ekipman","item":"https:\/\/bakirci.com\/ekipman\/"},{"@type":"ListItem","position":2,"name":"Otomotiv Tesisleri \u0130\u00e7in Servis Ekipmanlar\u0131","item":"https:\/\/bakirci.com\/ekipman\/"},{"@type":"ListItem","position":3,"name":"Y\u00fcksek Voltaj G\u00fcvenlik \u00d6l\u00e7\u00fcm Mod\u00fcl\u00fcAVL DITEST (Born in AUSTRIA)workSAFE"}]}]}},"_links":{"self":[{"href":"https:\/\/bakirci.com\/ekipman\/wp-json\/wp\/v2\/product\/6197","targetHints":{"allow":["GET"]}}],"collection":[{"href":"https:\/\/bakirci.com\/ekipman\/wp-json\/wp\/v2\/product"}],"about":[{"href":"https:\/\/bakirci.com\/ekipman\/wp-json\/wp\/v2\/types\/product"}],"replies":[{"embeddable":true,"href":"https:\/\/bakirci.com\/ekipman\/wp-json\/wp\/v2\/comments?post=6197"}],"wp:featuredmedia":[{"embeddable":true,"href":"https:\/\/bakirci.com\/ekipman\/wp-json\/wp\/v2\/media\/6341"}],"wp:attachment":[{"href":"https:\/\/bakirci.com\/ekipman\/wp-json\/wp\/v2\/media?parent=6197"}],"wp:term":[{"taxonomy":"product_cat","embeddable":true,"href":"https:\/\/bakirci.com\/ekipman\/wp-json\/wp\/v2\/product_cat?post=6197"},{"taxonomy":"product_tag","embeddable":true,"href":"https:\/\/bakirci.com\/ekipman\/wp-json\/wp\/v2\/product_tag?post=6197"}],"curies":[{"name":"wp","href":"https:\/\/api.w.org\/{rel}","templated":true}]}}