{"id":6193,"date":"2021-01-02T15:25:29","date_gmt":"2021-01-02T15:25:29","guid":{"rendered":"https:\/\/bakirci.com\/ekipman\/?post_type=product&#038;p=6193"},"modified":"2023-07-24T07:52:19","modified_gmt":"2023-07-24T07:52:19","slug":"e-suspansiyon-doldurma-ve-hava-alma-cihazi-gl-technics-born-in-germanysds-5","status":"publish","type":"product","link":"https:\/\/bakirci.com\/ekipman\/servis-ekipmanlari\/mekanik\/fren-ve-yakit-ekipmanlari\/fren-bakim-cihazlari\/e-suspansiyon-doldurma-ve-hava-alma-cihazi-gl-technics-born-in-germanysds-5\/","title":{"rendered":"<p class=\"ustmetin\">E-S\u00fcspansiyon Doldurma ve Hava Alma Cihaz\u0131 <\/p><p class=\"ortametin\">GL TECHNICS <span class=\"ortametin2\">(Born in GERMANY)<\/span><\/p><p class=\"altmetin\">SDS 5<\/p>"},"content":{"rendered":"<ul>\n<li>Aktif g\u00f6vde kontroll\u00fc s\u00fcspansiyon sistemlerinde bulunan hidrolik ya\u011f\u0131n doldurulmas\u0131 ve havas\u0131n\u0131n al\u0131nmas\u0131nda kullan\u0131l\u0131r<\/li>\n<li>Yakla\u015f\u0131k 30 bar da \u00e7al\u0131\u015fan bu sistemlerin belli zamanlarda veya hasar almas\u0131 durumunda hidrolik de\u011fi\u015fimi yap\u0131lmas\u0131nda g\u00fcvenli<\/li>\n<li>hidrolik dolum imkan\u0131<\/li>\n<li>\u00c7al\u0131\u015fma bas\u0131nc\u0131 max. 40 bar<\/li>\n<li>Yeni ya\u011f haznesi 8 litre<\/li>\n<li>At\u0131k ya\u011f haznesi 10 lifte<\/li>\n<li>Hortum uzunlu\u011fu 3 mt<\/li>\n<li>\u00c7al\u0131\u015fma voltaj\u0131 230 V<\/li>\n<\/ul>\n","protected":false},"excerpt":{"rendered":"<ul>\n<li>Aktif g\u00f6vde kontroll\u00fc s\u00fcspansiyon sistemlerinde bulunan hidrolik ya\u011f\u0131n doldurulmas\u0131 ve havas\u0131n\u0131n al\u0131nmas\u0131nda kullan\u0131l\u0131r<\/li>\n<li>Yakla\u015f\u0131k 30 bar da \u00e7al\u0131\u015fan bu sistemlerin belli zamanlarda veya hasar almas\u0131 durumunda hidrolik de\u011fi\u015fimi yap\u0131lmas\u0131nda g\u00fcvenli<\/li>\n<li>hidrolik dolum imkan\u0131<\/li>\n<li>\u00c7al\u0131\u015fma bas\u0131nc\u0131 max. 40 bar<\/li>\n<li>Yeni ya\u011f haznesi 8 litre<\/li>\n<li>At\u0131k ya\u011f haznesi 10 lifte<\/li>\n<li>Hortum uzunlu\u011fu 3 mt<\/li>\n<li>\u00c7al\u0131\u015fma voltaj\u0131 230 V<\/li>\n<\/ul>\n","protected":false},"featured_media":6338,"comment_status":"open","ping_status":"closed","template":"","meta":[],"product_cat":[148],"product_tag":[],"class_list":["post-6193","product","type-product","status-publish","has-post-thumbnail","hentry","pwb-brand-gl-technics","product_cat-fren-bakim-cihazlari"],"brands":[{"id":380,"name":"GL TECHNICS","slug":"gl-technics"}],"yoast_head":"<!-- This site is optimized with the Yoast SEO plugin v17.1 - https:\/\/yoast.com\/wordpress\/plugins\/seo\/ -->\n<title>E-S\u00fcspansiyon Doldurma ve Hava Alma Cihaz\u0131 GL TECHNICS (Born in GERMANY)SDS 5 - Bak\u0131rc\u0131 Garagineering<\/title>\n<meta name=\"robots\" content=\"index, follow, max-snippet:-1, max-image-preview:large, max-video-preview:-1\" \/>\n<link rel=\"canonical\" href=\"https:\/\/bakirci.com\/ekipman\/servis-ekipmanlari\/mekanik\/fren-ve-yakit-ekipmanlari\/fren-bakim-cihazlari\/e-suspansiyon-doldurma-ve-hava-alma-cihazi-gl-technics-born-in-germanysds-5\/\" \/>\n<meta property=\"og:locale\" content=\"tr_TR\" \/>\n<meta property=\"og:type\" content=\"article\" \/>\n<meta property=\"og:title\" content=\"E-S\u00fcspansiyon Doldurma ve Hava Alma Cihaz\u0131 GL TECHNICS (Born in GERMANY)SDS 5 - Bak\u0131rc\u0131 Garagineering\" \/>\n<meta property=\"og:description\" content=\"Aktif g\u00f6vde kontroll\u00fc s\u00fcspansiyon sistemlerinde bulunan hidrolik ya\u011f\u0131n doldurulmas\u0131 ve havas\u0131n\u0131n al\u0131nmas\u0131nda kullan\u0131l\u0131r  Yakla\u015f\u0131k 30 bar da \u00e7al\u0131\u015fan bu sistemlerin belli zamanlarda veya hasar almas\u0131 durumunda hidrolik de\u011fi\u015fimi yap\u0131lmas\u0131nda g\u00fcvenli  hidrolik dolum imkan\u0131  \u00c7al\u0131\u015fma bas\u0131nc\u0131 max. 40 bar  Yeni ya\u011f haznesi 8 litre  At\u0131k ya\u011f haznesi 10 lifte  Hortum uzunlu\u011fu 3 mt  \u00c7al\u0131\u015fma voltaj\u0131 230 V\" \/>\n<meta property=\"og:url\" content=\"https:\/\/bakirci.com\/ekipman\/servis-ekipmanlari\/mekanik\/fren-ve-yakit-ekipmanlari\/fren-bakim-cihazlari\/e-suspansiyon-doldurma-ve-hava-alma-cihazi-gl-technics-born-in-germanysds-5\/\" \/>\n<meta property=\"og:site_name\" content=\"Bak\u0131rc\u0131 Garagineering\" \/>\n<meta property=\"article:publisher\" content=\"https:\/\/www.facebook.com\/bakirci.garagineering\" \/>\n<meta property=\"article:modified_time\" content=\"2023-07-24T07:52:19+00:00\" \/>\n<meta property=\"og:image\" content=\"https:\/\/bakirci.com\/ekipman\/wp-content\/uploads\/2023\/07\/E-Suspansiyon-Doldurma-ve-Hava-Alma-Cihazi-\u2013-SDS-5.png\" \/>\n\t<meta property=\"og:image:width\" content=\"1080\" \/>\n\t<meta property=\"og:image:height\" content=\"1080\" \/>\n<meta name=\"twitter:card\" content=\"summary_large_image\" \/>\n<script type=\"application\/ld+json\" class=\"yoast-schema-graph\">{\"@context\":\"https:\/\/schema.org\",\"@graph\":[{\"@type\":\"Organization\",\"@id\":\"https:\/\/bakirci.com\/ekipman\/#organization\",\"name\":\"Bak\\u0131rc\\u0131 garagineering\",\"url\":\"https:\/\/bakirci.com\/ekipman\/\",\"sameAs\":[\"https:\/\/www.facebook.com\/bakirci.garagineering\",\"https:\/\/www.instagram.com\/bakirci.garagineering\/\",\"https:\/\/www.linkedin.com\/company\/bakirci-garagineering\/\",\"https:\/\/www.youtube.com\/channel\/UCiVG6s_jALJ6Zk8085XiOQg\"],\"logo\":{\"@type\":\"ImageObject\",\"@id\":\"https:\/\/bakirci.com\/ekipman\/#logo\",\"inLanguage\":\"tr\",\"url\":\"https:\/\/bakirci.com\/ekipman\/wp-content\/uploads\/2021\/09\/Bakirci-logo-lacivert.png\",\"contentUrl\":\"https:\/\/bakirci.com\/ekipman\/wp-content\/uploads\/2021\/09\/Bakirci-logo-lacivert.png\",\"width\":501,\"height\":501,\"caption\":\"Bak\\u0131rc\\u0131 garagineering\"},\"image\":{\"@id\":\"https:\/\/bakirci.com\/ekipman\/#logo\"}},{\"@type\":\"WebSite\",\"@id\":\"https:\/\/bakirci.com\/ekipman\/#website\",\"url\":\"https:\/\/bakirci.com\/ekipman\/\",\"name\":\"Bak\\u0131rc\\u0131 Garagineering\",\"description\":\"Otomotiv sekt\\u00f6r\\u00fcne \\u00f6zel, \\u201c\\u00dcretici Standard\\u0131nda\\u201d \\u00e7\\u00f6z\\u00fcmler\\u2026\",\"publisher\":{\"@id\":\"https:\/\/bakirci.com\/ekipman\/#organization\"},\"potentialAction\":[{\"@type\":\"SearchAction\",\"target\":{\"@type\":\"EntryPoint\",\"urlTemplate\":\"https:\/\/bakirci.com\/ekipman\/?s={search_term_string}\"},\"query-input\":\"required name=search_term_string\"}],\"inLanguage\":\"tr\"},{\"@type\":\"ImageObject\",\"@id\":\"https:\/\/bakirci.com\/ekipman\/servis-ekipmanlari\/mekanik\/fren-ve-yakit-ekipmanlari\/fren-bakim-cihazlari\/e-suspansiyon-doldurma-ve-hava-alma-cihazi-gl-technics-born-in-germanysds-5\/#primaryimage\",\"inLanguage\":\"tr\",\"url\":\"https:\/\/bakirci.com\/ekipman\/wp-content\/uploads\/2023\/07\/E-Suspansiyon-Doldurma-ve-Hava-Alma-Cihazi-\\u2013-SDS-5.png\",\"contentUrl\":\"https:\/\/bakirci.com\/ekipman\/wp-content\/uploads\/2023\/07\/E-Suspansiyon-Doldurma-ve-Hava-Alma-Cihazi-\\u2013-SDS-5.png\",\"width\":1080,\"height\":1080},{\"@type\":\"WebPage\",\"@id\":\"https:\/\/bakirci.com\/ekipman\/servis-ekipmanlari\/mekanik\/fren-ve-yakit-ekipmanlari\/fren-bakim-cihazlari\/e-suspansiyon-doldurma-ve-hava-alma-cihazi-gl-technics-born-in-germanysds-5\/#webpage\",\"url\":\"https:\/\/bakirci.com\/ekipman\/servis-ekipmanlari\/mekanik\/fren-ve-yakit-ekipmanlari\/fren-bakim-cihazlari\/e-suspansiyon-doldurma-ve-hava-alma-cihazi-gl-technics-born-in-germanysds-5\/\",\"name\":\"E-S\\u00fcspansiyon Doldurma ve Hava Alma Cihaz\\u0131 GL TECHNICS (Born in GERMANY) SDS 5 - Bak\\u0131rc\\u0131 Garagineering\",\"isPartOf\":{\"@id\":\"https:\/\/bakirci.com\/ekipman\/#website\"},\"primaryImageOfPage\":{\"@id\":\"https:\/\/bakirci.com\/ekipman\/servis-ekipmanlari\/mekanik\/fren-ve-yakit-ekipmanlari\/fren-bakim-cihazlari\/e-suspansiyon-doldurma-ve-hava-alma-cihazi-gl-technics-born-in-germanysds-5\/#primaryimage\"},\"datePublished\":\"2021-01-02T15:25:29+00:00\",\"dateModified\":\"2023-07-24T07:52:19+00:00\",\"breadcrumb\":{\"@id\":\"https:\/\/bakirci.com\/ekipman\/servis-ekipmanlari\/mekanik\/fren-ve-yakit-ekipmanlari\/fren-bakim-cihazlari\/e-suspansiyon-doldurma-ve-hava-alma-cihazi-gl-technics-born-in-germanysds-5\/#breadcrumb\"},\"inLanguage\":\"tr\",\"potentialAction\":[{\"@type\":\"ReadAction\",\"target\":[\"https:\/\/bakirci.com\/ekipman\/servis-ekipmanlari\/mekanik\/fren-ve-yakit-ekipmanlari\/fren-bakim-cihazlari\/e-suspansiyon-doldurma-ve-hava-alma-cihazi-gl-technics-born-in-germanysds-5\/\"]}]},{\"@type\":\"BreadcrumbList\",\"@id\":\"https:\/\/bakirci.com\/ekipman\/servis-ekipmanlari\/mekanik\/fren-ve-yakit-ekipmanlari\/fren-bakim-cihazlari\/e-suspansiyon-doldurma-ve-hava-alma-cihazi-gl-technics-born-in-germanysds-5\/#breadcrumb\",\"itemListElement\":[{\"@type\":\"ListItem\",\"position\":1,\"name\":\"Ekipman\",\"item\":\"https:\/\/bakirci.com\/ekipman\/\"},{\"@type\":\"ListItem\",\"position\":2,\"name\":\"Otomotiv Tesisleri \\u0130\\u00e7in Servis Ekipmanlar\\u0131\",\"item\":\"https:\/\/bakirci.com\/ekipman\/\"},{\"@type\":\"ListItem\",\"position\":3,\"name\":\"E-S\\u00fcspansiyon Doldurma ve Hava Alma Cihaz\\u0131 GL TECHNICS (Born in GERMANY)SDS 5\"}]}]}<\/script>\n<!-- \/ Yoast SEO plugin. -->","yoast_head_json":{"title":"E-S\u00fcspansiyon Doldurma ve Hava Alma Cihaz\u0131 GL TECHNICS (Born in GERMANY)SDS 5 - Bak\u0131rc\u0131 Garagineering","robots":{"index":"index","follow":"follow","max-snippet":"max-snippet:-1","max-image-preview":"max-image-preview:large","max-video-preview":"max-video-preview:-1"},"canonical":"https:\/\/bakirci.com\/ekipman\/servis-ekipmanlari\/mekanik\/fren-ve-yakit-ekipmanlari\/fren-bakim-cihazlari\/e-suspansiyon-doldurma-ve-hava-alma-cihazi-gl-technics-born-in-germanysds-5\/","og_locale":"tr_TR","og_type":"article","og_title":"E-S\u00fcspansiyon Doldurma ve Hava Alma Cihaz\u0131 GL TECHNICS (Born in GERMANY)SDS 5 - Bak\u0131rc\u0131 Garagineering","og_description":"Aktif g\u00f6vde kontroll\u00fc s\u00fcspansiyon sistemlerinde bulunan hidrolik ya\u011f\u0131n doldurulmas\u0131 ve havas\u0131n\u0131n al\u0131nmas\u0131nda kullan\u0131l\u0131r  Yakla\u015f\u0131k 30 bar da \u00e7al\u0131\u015fan bu sistemlerin belli zamanlarda veya hasar almas\u0131 durumunda hidrolik de\u011fi\u015fimi yap\u0131lmas\u0131nda g\u00fcvenli  hidrolik dolum imkan\u0131  \u00c7al\u0131\u015fma bas\u0131nc\u0131 max. 40 bar  Yeni ya\u011f haznesi 8 litre  At\u0131k ya\u011f haznesi 10 lifte  Hortum uzunlu\u011fu 3 mt  \u00c7al\u0131\u015fma voltaj\u0131 230 V","og_url":"https:\/\/bakirci.com\/ekipman\/servis-ekipmanlari\/mekanik\/fren-ve-yakit-ekipmanlari\/fren-bakim-cihazlari\/e-suspansiyon-doldurma-ve-hava-alma-cihazi-gl-technics-born-in-germanysds-5\/","og_site_name":"Bak\u0131rc\u0131 Garagineering","article_publisher":"https:\/\/www.facebook.com\/bakirci.garagineering","article_modified_time":"2023-07-24T07:52:19+00:00","og_image":[{"width":1080,"height":1080,"filesize":447266,"url":"https:\/\/bakirci.com\/ekipman\/wp-content\/uploads\/2023\/07\/E-Suspansiyon-Doldurma-ve-Hava-Alma-Cihazi-\u2013-SDS-5.png","path":"\/home\/bakirciwebsitesi\/public_html\/ekipman\/wp-content\/uploads\/2023\/07\/E-Suspansiyon-Doldurma-ve-Hava-Alma-Cihazi-\u2013-SDS-5.png","size":"full","id":6338,"alt":"","pixels":1166400,"type":"image\/png"}],"twitter_card":"summary_large_image","schema":{"@context":"https:\/\/schema.org","@graph":[{"@type":"Organization","@id":"https:\/\/bakirci.com\/ekipman\/#organization","name":"Bak\u0131rc\u0131 garagineering","url":"https:\/\/bakirci.com\/ekipman\/","sameAs":["https:\/\/www.facebook.com\/bakirci.garagineering","https:\/\/www.instagram.com\/bakirci.garagineering\/","https:\/\/www.linkedin.com\/company\/bakirci-garagineering\/","https:\/\/www.youtube.com\/channel\/UCiVG6s_jALJ6Zk8085XiOQg"],"logo":{"@type":"ImageObject","@id":"https:\/\/bakirci.com\/ekipman\/#logo","inLanguage":"tr","url":"https:\/\/bakirci.com\/ekipman\/wp-content\/uploads\/2021\/09\/Bakirci-logo-lacivert.png","contentUrl":"https:\/\/bakirci.com\/ekipman\/wp-content\/uploads\/2021\/09\/Bakirci-logo-lacivert.png","width":501,"height":501,"caption":"Bak\u0131rc\u0131 garagineering"},"image":{"@id":"https:\/\/bakirci.com\/ekipman\/#logo"}},{"@type":"WebSite","@id":"https:\/\/bakirci.com\/ekipman\/#website","url":"https:\/\/bakirci.com\/ekipman\/","name":"Bak\u0131rc\u0131 Garagineering","description":"Otomotiv sekt\u00f6r\u00fcne \u00f6zel, \u201c\u00dcretici Standard\u0131nda\u201d \u00e7\u00f6z\u00fcmler\u2026","publisher":{"@id":"https:\/\/bakirci.com\/ekipman\/#organization"},"potentialAction":[{"@type":"SearchAction","target":{"@type":"EntryPoint","urlTemplate":"https:\/\/bakirci.com\/ekipman\/?s={search_term_string}"},"query-input":"required name=search_term_string"}],"inLanguage":"tr"},{"@type":"ImageObject","@id":"https:\/\/bakirci.com\/ekipman\/servis-ekipmanlari\/mekanik\/fren-ve-yakit-ekipmanlari\/fren-bakim-cihazlari\/e-suspansiyon-doldurma-ve-hava-alma-cihazi-gl-technics-born-in-germanysds-5\/#primaryimage","inLanguage":"tr","url":"https:\/\/bakirci.com\/ekipman\/wp-content\/uploads\/2023\/07\/E-Suspansiyon-Doldurma-ve-Hava-Alma-Cihazi-\u2013-SDS-5.png","contentUrl":"https:\/\/bakirci.com\/ekipman\/wp-content\/uploads\/2023\/07\/E-Suspansiyon-Doldurma-ve-Hava-Alma-Cihazi-\u2013-SDS-5.png","width":1080,"height":1080},{"@type":"WebPage","@id":"https:\/\/bakirci.com\/ekipman\/servis-ekipmanlari\/mekanik\/fren-ve-yakit-ekipmanlari\/fren-bakim-cihazlari\/e-suspansiyon-doldurma-ve-hava-alma-cihazi-gl-technics-born-in-germanysds-5\/#webpage","url":"https:\/\/bakirci.com\/ekipman\/servis-ekipmanlari\/mekanik\/fren-ve-yakit-ekipmanlari\/fren-bakim-cihazlari\/e-suspansiyon-doldurma-ve-hava-alma-cihazi-gl-technics-born-in-germanysds-5\/","name":"E-S\u00fcspansiyon Doldurma ve Hava Alma Cihaz\u0131 GL TECHNICS (Born in GERMANY) SDS 5 - Bak\u0131rc\u0131 Garagineering","isPartOf":{"@id":"https:\/\/bakirci.com\/ekipman\/#website"},"primaryImageOfPage":{"@id":"https:\/\/bakirci.com\/ekipman\/servis-ekipmanlari\/mekanik\/fren-ve-yakit-ekipmanlari\/fren-bakim-cihazlari\/e-suspansiyon-doldurma-ve-hava-alma-cihazi-gl-technics-born-in-germanysds-5\/#primaryimage"},"datePublished":"2021-01-02T15:25:29+00:00","dateModified":"2023-07-24T07:52:19+00:00","breadcrumb":{"@id":"https:\/\/bakirci.com\/ekipman\/servis-ekipmanlari\/mekanik\/fren-ve-yakit-ekipmanlari\/fren-bakim-cihazlari\/e-suspansiyon-doldurma-ve-hava-alma-cihazi-gl-technics-born-in-germanysds-5\/#breadcrumb"},"inLanguage":"tr","potentialAction":[{"@type":"ReadAction","target":["https:\/\/bakirci.com\/ekipman\/servis-ekipmanlari\/mekanik\/fren-ve-yakit-ekipmanlari\/fren-bakim-cihazlari\/e-suspansiyon-doldurma-ve-hava-alma-cihazi-gl-technics-born-in-germanysds-5\/"]}]},{"@type":"BreadcrumbList","@id":"https:\/\/bakirci.com\/ekipman\/servis-ekipmanlari\/mekanik\/fren-ve-yakit-ekipmanlari\/fren-bakim-cihazlari\/e-suspansiyon-doldurma-ve-hava-alma-cihazi-gl-technics-born-in-germanysds-5\/#breadcrumb","itemListElement":[{"@type":"ListItem","position":1,"name":"Ekipman","item":"https:\/\/bakirci.com\/ekipman\/"},{"@type":"ListItem","position":2,"name":"Otomotiv Tesisleri \u0130\u00e7in Servis Ekipmanlar\u0131","item":"https:\/\/bakirci.com\/ekipman\/"},{"@type":"ListItem","position":3,"name":"E-S\u00fcspansiyon Doldurma ve Hava Alma Cihaz\u0131 GL TECHNICS (Born in GERMANY)SDS 5"}]}]}},"_links":{"self":[{"href":"https:\/\/bakirci.com\/ekipman\/wp-json\/wp\/v2\/product\/6193","targetHints":{"allow":["GET"]}}],"collection":[{"href":"https:\/\/bakirci.com\/ekipman\/wp-json\/wp\/v2\/product"}],"about":[{"href":"https:\/\/bakirci.com\/ekipman\/wp-json\/wp\/v2\/types\/product"}],"replies":[{"embeddable":true,"href":"https:\/\/bakirci.com\/ekipman\/wp-json\/wp\/v2\/comments?post=6193"}],"wp:featuredmedia":[{"embeddable":true,"href":"https:\/\/bakirci.com\/ekipman\/wp-json\/wp\/v2\/media\/6338"}],"wp:attachment":[{"href":"https:\/\/bakirci.com\/ekipman\/wp-json\/wp\/v2\/media?parent=6193"}],"wp:term":[{"taxonomy":"product_cat","embeddable":true,"href":"https:\/\/bakirci.com\/ekipman\/wp-json\/wp\/v2\/product_cat?post=6193"},{"taxonomy":"product_tag","embeddable":true,"href":"https:\/\/bakirci.com\/ekipman\/wp-json\/wp\/v2\/product_tag?post=6193"}],"curies":[{"name":"wp","href":"https:\/\/api.w.org\/{rel}","templated":true}]}}