{"id":6174,"date":"2021-01-02T14:10:32","date_gmt":"2021-01-02T14:10:32","guid":{"rendered":"https:\/\/bakirci.com\/ekipman\/?post_type=product&#038;p=6174"},"modified":"2023-07-17T10:57:33","modified_gmt":"2023-07-17T10:57:33","slug":"kanal-krikosurotaryborn-in-germanyx15-15-plusaskili-tip-kaldirma-kapasitesi-15000-kg","status":"publish","type":"product","link":"https:\/\/bakirci.com\/ekipman\/servis-ekipmanlari\/mekanik\/kriko-ve-hidrolik-ekipmanlar\/kanal-krikosurotaryborn-in-germanyx15-15-plusaskili-tip-kaldirma-kapasitesi-15000-kg\/","title":{"rendered":"<p class=\"ustmetin\">Kanal Krikosu<\/p><p class=\"ortametin\">ROTARY<span class=\"ortametin2\">(Born in GERMANY)<\/span><\/p><p class=\"altmetin\">X15\/15 Plus<br>Ask\u0131l\u0131 tip, kald\u0131rma kapasitesi 15000 kg<\/p>"},"content":{"rendered":"<ul>\n<li>Zeminde y\u00fcr\u00fcyen tip, haval\u0131 hidrolik kald\u0131rma sistemi<\/li>\n<li>Korozyona kar\u015f\u0131 korumal\u0131 teleskopik piston yap\u0131s\u0131<\/li>\n<li>Hassas i\u015flemler i\u00e7in ayak pedal\u0131<\/li>\n<li>Kanal i\u00e7erisinde ve zeminde rahat hareket imkan\u0131 sa\u011flayan<\/li>\n<li>&#8220;X&#8221; tipi ayak yap\u0131s\u0131 ve tekerlek sistemi<\/li>\n<li>Kontrol \u00fcnitesi koruma kapa\u011f\u0131<\/li>\n<li>Kald\u0131rma kapasitesi 15000 kg<\/li>\n<li>Kriko boyu 975 mm<\/li>\n<li>Kald\u0131rma pistonu stroku 1200 mm<\/li>\n<\/ul>\n","protected":false},"excerpt":{"rendered":"<ul>\n<li>Zeminde y\u00fcr\u00fcyen tip, haval\u0131 hidrolik kald\u0131rma sistemi<\/li>\n<li>Korozyona kar\u015f\u0131 korumal\u0131 teleskopik piston yap\u0131s\u0131<\/li>\n<li>Hassas i\u015flemler i\u00e7in ayak pedal\u0131<\/li>\n<li>Kanal i\u00e7erisinde ve zeminde rahat hareket imkan\u0131 sa\u011flayan<\/li>\n<li>&#8220;X&#8221; tipi ayak yap\u0131s\u0131 ve tekerlek sistemi<\/li>\n<li>Kontrol \u00fcnitesi koruma kapa\u011f\u0131<\/li>\n<li>Kald\u0131rma kapasitesi 15000 kg<\/li>\n<li>Kriko boyu 975 mm<\/li>\n<li>Kald\u0131rma pistonu stroku 1200 mm<\/li>\n<\/ul>\n","protected":false},"featured_media":6316,"comment_status":"open","ping_status":"closed","template":"","meta":[],"product_cat":[151],"product_tag":[],"class_list":["post-6174","product","type-product","status-publish","has-post-thumbnail","hentry","pwb-brand-rotary","product_cat-kriko-ve-hidrolik-ekipmanlar"],"brands":[{"id":366,"name":"ROTARY","slug":"rotary"}],"yoast_head":"<!-- This site is optimized with the Yoast SEO plugin v17.1 - https:\/\/yoast.com\/wordpress\/plugins\/seo\/ -->\n<title>Kanal KrikosuROTARY(Born in GERMANY)X15\/15 PlusAsk\u0131l\u0131 tip, kald\u0131rma kapasitesi 15000 kg - Bak\u0131rc\u0131 Garagineering<\/title>\n<meta name=\"robots\" content=\"index, follow, max-snippet:-1, max-image-preview:large, max-video-preview:-1\" \/>\n<link rel=\"canonical\" href=\"https:\/\/bakirci.com\/ekipman\/servis-ekipmanlari\/mekanik\/kriko-ve-hidrolik-ekipmanlar\/kanal-krikosurotaryborn-in-germanyx15-15-plusaskili-tip-kaldirma-kapasitesi-15000-kg\/\" \/>\n<meta property=\"og:locale\" content=\"tr_TR\" \/>\n<meta property=\"og:type\" content=\"article\" \/>\n<meta property=\"og:title\" content=\"Kanal KrikosuROTARY(Born in GERMANY)X15\/15 PlusAsk\u0131l\u0131 tip, kald\u0131rma kapasitesi 15000 kg - Bak\u0131rc\u0131 Garagineering\" \/>\n<meta property=\"og:description\" content=\"Zeminde y\u00fcr\u00fcyen tip, haval\u0131 hidrolik kald\u0131rma sistemi  Korozyona kar\u015f\u0131 korumal\u0131 teleskopik piston yap\u0131s\u0131  Hassas i\u015flemler i\u00e7in ayak pedal\u0131  Kanal i\u00e7erisinde ve zeminde rahat hareket imkan\u0131 sa\u011flayan  &quot;X&quot; tipi ayak yap\u0131s\u0131 ve tekerlek sistemi  Kontrol \u00fcnitesi koruma kapa\u011f\u0131  Kald\u0131rma kapasitesi 15000 kg  Kriko boyu 975 mm  Kald\u0131rma pistonu stroku 1200 mm\" \/>\n<meta property=\"og:url\" content=\"https:\/\/bakirci.com\/ekipman\/servis-ekipmanlari\/mekanik\/kriko-ve-hidrolik-ekipmanlar\/kanal-krikosurotaryborn-in-germanyx15-15-plusaskili-tip-kaldirma-kapasitesi-15000-kg\/\" \/>\n<meta property=\"og:site_name\" content=\"Bak\u0131rc\u0131 Garagineering\" \/>\n<meta property=\"article:publisher\" content=\"https:\/\/www.facebook.com\/bakirci.garagineering\" \/>\n<meta property=\"article:modified_time\" content=\"2023-07-17T10:57:33+00:00\" \/>\n<meta property=\"og:image\" content=\"https:\/\/bakirci.com\/ekipman\/wp-content\/uploads\/2023\/07\/Kanal-Krikosu-\u2013-X1515-Plus.png\" \/>\n\t<meta property=\"og:image:width\" content=\"400\" \/>\n\t<meta property=\"og:image:height\" content=\"400\" \/>\n<meta name=\"twitter:card\" content=\"summary_large_image\" \/>\n<script type=\"application\/ld+json\" class=\"yoast-schema-graph\">{\"@context\":\"https:\/\/schema.org\",\"@graph\":[{\"@type\":\"Organization\",\"@id\":\"https:\/\/bakirci.com\/ekipman\/#organization\",\"name\":\"Bak\\u0131rc\\u0131 garagineering\",\"url\":\"https:\/\/bakirci.com\/ekipman\/\",\"sameAs\":[\"https:\/\/www.facebook.com\/bakirci.garagineering\",\"https:\/\/www.instagram.com\/bakirci.garagineering\/\",\"https:\/\/www.linkedin.com\/company\/bakirci-garagineering\/\",\"https:\/\/www.youtube.com\/channel\/UCiVG6s_jALJ6Zk8085XiOQg\"],\"logo\":{\"@type\":\"ImageObject\",\"@id\":\"https:\/\/bakirci.com\/ekipman\/#logo\",\"inLanguage\":\"tr\",\"url\":\"https:\/\/bakirci.com\/ekipman\/wp-content\/uploads\/2021\/09\/Bakirci-logo-lacivert.png\",\"contentUrl\":\"https:\/\/bakirci.com\/ekipman\/wp-content\/uploads\/2021\/09\/Bakirci-logo-lacivert.png\",\"width\":501,\"height\":501,\"caption\":\"Bak\\u0131rc\\u0131 garagineering\"},\"image\":{\"@id\":\"https:\/\/bakirci.com\/ekipman\/#logo\"}},{\"@type\":\"WebSite\",\"@id\":\"https:\/\/bakirci.com\/ekipman\/#website\",\"url\":\"https:\/\/bakirci.com\/ekipman\/\",\"name\":\"Bak\\u0131rc\\u0131 Garagineering\",\"description\":\"Otomotiv sekt\\u00f6r\\u00fcne \\u00f6zel, \\u201c\\u00dcretici Standard\\u0131nda\\u201d \\u00e7\\u00f6z\\u00fcmler\\u2026\",\"publisher\":{\"@id\":\"https:\/\/bakirci.com\/ekipman\/#organization\"},\"potentialAction\":[{\"@type\":\"SearchAction\",\"target\":{\"@type\":\"EntryPoint\",\"urlTemplate\":\"https:\/\/bakirci.com\/ekipman\/?s={search_term_string}\"},\"query-input\":\"required name=search_term_string\"}],\"inLanguage\":\"tr\"},{\"@type\":\"ImageObject\",\"@id\":\"https:\/\/bakirci.com\/ekipman\/servis-ekipmanlari\/mekanik\/kriko-ve-hidrolik-ekipmanlar\/kanal-krikosurotaryborn-in-germanyx15-15-plusaskili-tip-kaldirma-kapasitesi-15000-kg\/#primaryimage\",\"inLanguage\":\"tr\",\"url\":\"https:\/\/bakirci.com\/ekipman\/wp-content\/uploads\/2023\/07\/Kanal-Krikosu-\\u2013-X1515-Plus.png\",\"contentUrl\":\"https:\/\/bakirci.com\/ekipman\/wp-content\/uploads\/2023\/07\/Kanal-Krikosu-\\u2013-X1515-Plus.png\",\"width\":400,\"height\":400},{\"@type\":\"WebPage\",\"@id\":\"https:\/\/bakirci.com\/ekipman\/servis-ekipmanlari\/mekanik\/kriko-ve-hidrolik-ekipmanlar\/kanal-krikosurotaryborn-in-germanyx15-15-plusaskili-tip-kaldirma-kapasitesi-15000-kg\/#webpage\",\"url\":\"https:\/\/bakirci.com\/ekipman\/servis-ekipmanlari\/mekanik\/kriko-ve-hidrolik-ekipmanlar\/kanal-krikosurotaryborn-in-germanyx15-15-plusaskili-tip-kaldirma-kapasitesi-15000-kg\/\",\"name\":\"Kanal Krikosu ROTARY(Born in GERMANY) X15\/15 Plus Ask\\u0131l\\u0131 tip, kald\\u0131rma kapasitesi 15000 kg - Bak\\u0131rc\\u0131 Garagineering\",\"isPartOf\":{\"@id\":\"https:\/\/bakirci.com\/ekipman\/#website\"},\"primaryImageOfPage\":{\"@id\":\"https:\/\/bakirci.com\/ekipman\/servis-ekipmanlari\/mekanik\/kriko-ve-hidrolik-ekipmanlar\/kanal-krikosurotaryborn-in-germanyx15-15-plusaskili-tip-kaldirma-kapasitesi-15000-kg\/#primaryimage\"},\"datePublished\":\"2021-01-02T14:10:32+00:00\",\"dateModified\":\"2023-07-17T10:57:33+00:00\",\"breadcrumb\":{\"@id\":\"https:\/\/bakirci.com\/ekipman\/servis-ekipmanlari\/mekanik\/kriko-ve-hidrolik-ekipmanlar\/kanal-krikosurotaryborn-in-germanyx15-15-plusaskili-tip-kaldirma-kapasitesi-15000-kg\/#breadcrumb\"},\"inLanguage\":\"tr\",\"potentialAction\":[{\"@type\":\"ReadAction\",\"target\":[\"https:\/\/bakirci.com\/ekipman\/servis-ekipmanlari\/mekanik\/kriko-ve-hidrolik-ekipmanlar\/kanal-krikosurotaryborn-in-germanyx15-15-plusaskili-tip-kaldirma-kapasitesi-15000-kg\/\"]}]},{\"@type\":\"BreadcrumbList\",\"@id\":\"https:\/\/bakirci.com\/ekipman\/servis-ekipmanlari\/mekanik\/kriko-ve-hidrolik-ekipmanlar\/kanal-krikosurotaryborn-in-germanyx15-15-plusaskili-tip-kaldirma-kapasitesi-15000-kg\/#breadcrumb\",\"itemListElement\":[{\"@type\":\"ListItem\",\"position\":1,\"name\":\"Ekipman\",\"item\":\"https:\/\/bakirci.com\/ekipman\/\"},{\"@type\":\"ListItem\",\"position\":2,\"name\":\"Otomotiv Tesisleri \\u0130\\u00e7in Servis Ekipmanlar\\u0131\",\"item\":\"https:\/\/bakirci.com\/ekipman\/\"},{\"@type\":\"ListItem\",\"position\":3,\"name\":\"Kanal KrikosuROTARY(Born in GERMANY)X15\/15 PlusAsk\\u0131l\\u0131 tip, kald\\u0131rma kapasitesi 15000 kg\"}]}]}<\/script>\n<!-- \/ Yoast SEO plugin. -->","yoast_head_json":{"title":"Kanal KrikosuROTARY(Born in GERMANY)X15\/15 PlusAsk\u0131l\u0131 tip, kald\u0131rma kapasitesi 15000 kg - Bak\u0131rc\u0131 Garagineering","robots":{"index":"index","follow":"follow","max-snippet":"max-snippet:-1","max-image-preview":"max-image-preview:large","max-video-preview":"max-video-preview:-1"},"canonical":"https:\/\/bakirci.com\/ekipman\/servis-ekipmanlari\/mekanik\/kriko-ve-hidrolik-ekipmanlar\/kanal-krikosurotaryborn-in-germanyx15-15-plusaskili-tip-kaldirma-kapasitesi-15000-kg\/","og_locale":"tr_TR","og_type":"article","og_title":"Kanal KrikosuROTARY(Born in GERMANY)X15\/15 PlusAsk\u0131l\u0131 tip, kald\u0131rma kapasitesi 15000 kg - Bak\u0131rc\u0131 Garagineering","og_description":"Zeminde y\u00fcr\u00fcyen tip, haval\u0131 hidrolik kald\u0131rma sistemi  Korozyona kar\u015f\u0131 korumal\u0131 teleskopik piston yap\u0131s\u0131  Hassas i\u015flemler i\u00e7in ayak pedal\u0131  Kanal i\u00e7erisinde ve zeminde rahat hareket imkan\u0131 sa\u011flayan  \"X\" tipi ayak yap\u0131s\u0131 ve tekerlek sistemi  Kontrol \u00fcnitesi koruma kapa\u011f\u0131  Kald\u0131rma kapasitesi 15000 kg  Kriko boyu 975 mm  Kald\u0131rma pistonu stroku 1200 mm","og_url":"https:\/\/bakirci.com\/ekipman\/servis-ekipmanlari\/mekanik\/kriko-ve-hidrolik-ekipmanlar\/kanal-krikosurotaryborn-in-germanyx15-15-plusaskili-tip-kaldirma-kapasitesi-15000-kg\/","og_site_name":"Bak\u0131rc\u0131 Garagineering","article_publisher":"https:\/\/www.facebook.com\/bakirci.garagineering","article_modified_time":"2023-07-17T10:57:33+00:00","og_image":[{"width":400,"height":400,"filesize":63110,"url":"https:\/\/bakirci.com\/ekipman\/wp-content\/uploads\/2023\/07\/Kanal-Krikosu-\u2013-X1515-Plus.png","path":"\/home\/bakirciwebsitesi\/public_html\/ekipman\/wp-content\/uploads\/2023\/07\/Kanal-Krikosu-\u2013-X1515-Plus.png","size":"full","id":6316,"alt":"","pixels":160000,"type":"image\/png"}],"twitter_card":"summary_large_image","schema":{"@context":"https:\/\/schema.org","@graph":[{"@type":"Organization","@id":"https:\/\/bakirci.com\/ekipman\/#organization","name":"Bak\u0131rc\u0131 garagineering","url":"https:\/\/bakirci.com\/ekipman\/","sameAs":["https:\/\/www.facebook.com\/bakirci.garagineering","https:\/\/www.instagram.com\/bakirci.garagineering\/","https:\/\/www.linkedin.com\/company\/bakirci-garagineering\/","https:\/\/www.youtube.com\/channel\/UCiVG6s_jALJ6Zk8085XiOQg"],"logo":{"@type":"ImageObject","@id":"https:\/\/bakirci.com\/ekipman\/#logo","inLanguage":"tr","url":"https:\/\/bakirci.com\/ekipman\/wp-content\/uploads\/2021\/09\/Bakirci-logo-lacivert.png","contentUrl":"https:\/\/bakirci.com\/ekipman\/wp-content\/uploads\/2021\/09\/Bakirci-logo-lacivert.png","width":501,"height":501,"caption":"Bak\u0131rc\u0131 garagineering"},"image":{"@id":"https:\/\/bakirci.com\/ekipman\/#logo"}},{"@type":"WebSite","@id":"https:\/\/bakirci.com\/ekipman\/#website","url":"https:\/\/bakirci.com\/ekipman\/","name":"Bak\u0131rc\u0131 Garagineering","description":"Otomotiv sekt\u00f6r\u00fcne \u00f6zel, \u201c\u00dcretici Standard\u0131nda\u201d \u00e7\u00f6z\u00fcmler\u2026","publisher":{"@id":"https:\/\/bakirci.com\/ekipman\/#organization"},"potentialAction":[{"@type":"SearchAction","target":{"@type":"EntryPoint","urlTemplate":"https:\/\/bakirci.com\/ekipman\/?s={search_term_string}"},"query-input":"required name=search_term_string"}],"inLanguage":"tr"},{"@type":"ImageObject","@id":"https:\/\/bakirci.com\/ekipman\/servis-ekipmanlari\/mekanik\/kriko-ve-hidrolik-ekipmanlar\/kanal-krikosurotaryborn-in-germanyx15-15-plusaskili-tip-kaldirma-kapasitesi-15000-kg\/#primaryimage","inLanguage":"tr","url":"https:\/\/bakirci.com\/ekipman\/wp-content\/uploads\/2023\/07\/Kanal-Krikosu-\u2013-X1515-Plus.png","contentUrl":"https:\/\/bakirci.com\/ekipman\/wp-content\/uploads\/2023\/07\/Kanal-Krikosu-\u2013-X1515-Plus.png","width":400,"height":400},{"@type":"WebPage","@id":"https:\/\/bakirci.com\/ekipman\/servis-ekipmanlari\/mekanik\/kriko-ve-hidrolik-ekipmanlar\/kanal-krikosurotaryborn-in-germanyx15-15-plusaskili-tip-kaldirma-kapasitesi-15000-kg\/#webpage","url":"https:\/\/bakirci.com\/ekipman\/servis-ekipmanlari\/mekanik\/kriko-ve-hidrolik-ekipmanlar\/kanal-krikosurotaryborn-in-germanyx15-15-plusaskili-tip-kaldirma-kapasitesi-15000-kg\/","name":"Kanal Krikosu ROTARY(Born in GERMANY) X15\/15 Plus Ask\u0131l\u0131 tip, kald\u0131rma kapasitesi 15000 kg - Bak\u0131rc\u0131 Garagineering","isPartOf":{"@id":"https:\/\/bakirci.com\/ekipman\/#website"},"primaryImageOfPage":{"@id":"https:\/\/bakirci.com\/ekipman\/servis-ekipmanlari\/mekanik\/kriko-ve-hidrolik-ekipmanlar\/kanal-krikosurotaryborn-in-germanyx15-15-plusaskili-tip-kaldirma-kapasitesi-15000-kg\/#primaryimage"},"datePublished":"2021-01-02T14:10:32+00:00","dateModified":"2023-07-17T10:57:33+00:00","breadcrumb":{"@id":"https:\/\/bakirci.com\/ekipman\/servis-ekipmanlari\/mekanik\/kriko-ve-hidrolik-ekipmanlar\/kanal-krikosurotaryborn-in-germanyx15-15-plusaskili-tip-kaldirma-kapasitesi-15000-kg\/#breadcrumb"},"inLanguage":"tr","potentialAction":[{"@type":"ReadAction","target":["https:\/\/bakirci.com\/ekipman\/servis-ekipmanlari\/mekanik\/kriko-ve-hidrolik-ekipmanlar\/kanal-krikosurotaryborn-in-germanyx15-15-plusaskili-tip-kaldirma-kapasitesi-15000-kg\/"]}]},{"@type":"BreadcrumbList","@id":"https:\/\/bakirci.com\/ekipman\/servis-ekipmanlari\/mekanik\/kriko-ve-hidrolik-ekipmanlar\/kanal-krikosurotaryborn-in-germanyx15-15-plusaskili-tip-kaldirma-kapasitesi-15000-kg\/#breadcrumb","itemListElement":[{"@type":"ListItem","position":1,"name":"Ekipman","item":"https:\/\/bakirci.com\/ekipman\/"},{"@type":"ListItem","position":2,"name":"Otomotiv Tesisleri \u0130\u00e7in Servis Ekipmanlar\u0131","item":"https:\/\/bakirci.com\/ekipman\/"},{"@type":"ListItem","position":3,"name":"Kanal KrikosuROTARY(Born in GERMANY)X15\/15 PlusAsk\u0131l\u0131 tip, kald\u0131rma kapasitesi 15000 kg"}]}]}},"_links":{"self":[{"href":"https:\/\/bakirci.com\/ekipman\/wp-json\/wp\/v2\/product\/6174","targetHints":{"allow":["GET"]}}],"collection":[{"href":"https:\/\/bakirci.com\/ekipman\/wp-json\/wp\/v2\/product"}],"about":[{"href":"https:\/\/bakirci.com\/ekipman\/wp-json\/wp\/v2\/types\/product"}],"replies":[{"embeddable":true,"href":"https:\/\/bakirci.com\/ekipman\/wp-json\/wp\/v2\/comments?post=6174"}],"wp:featuredmedia":[{"embeddable":true,"href":"https:\/\/bakirci.com\/ekipman\/wp-json\/wp\/v2\/media\/6316"}],"wp:attachment":[{"href":"https:\/\/bakirci.com\/ekipman\/wp-json\/wp\/v2\/media?parent=6174"}],"wp:term":[{"taxonomy":"product_cat","embeddable":true,"href":"https:\/\/bakirci.com\/ekipman\/wp-json\/wp\/v2\/product_cat?post=6174"},{"taxonomy":"product_tag","embeddable":true,"href":"https:\/\/bakirci.com\/ekipman\/wp-json\/wp\/v2\/product_tag?post=6174"}],"curies":[{"name":"wp","href":"https:\/\/api.w.org\/{rel}","templated":true}]}}