{"id":6173,"date":"2021-01-02T14:10:15","date_gmt":"2021-01-02T14:10:15","guid":{"rendered":"https:\/\/bakirci.com\/ekipman\/?post_type=product&#038;p=6173"},"modified":"2023-07-17T11:18:56","modified_gmt":"2023-07-17T11:18:56","slug":"kanal-krikosurotaryborn-in-germanyghuslp-20askili-tip-kaldirma-kapasitesi-20000-kg","status":"publish","type":"product","link":"https:\/\/bakirci.com\/ekipman\/servis-ekipmanlari\/mekanik\/kriko-ve-hidrolik-ekipmanlar\/kanal-krikosurotaryborn-in-germanyghuslp-20askili-tip-kaldirma-kapasitesi-20000-kg\/","title":{"rendered":"<p class=\"ustmetin\">Kanal Krikosu<\/p><p class=\"ortametin\">ROTARY<span class=\"ortametin2\">(Born in GERMANY)<\/span><\/p><p class=\"altmetin\">GHUSLP 20<br>Ask\u0131l\u0131 tip, kald\u0131rma kapasitesi 20000 kg<\/p>"},"content":{"rendered":"<ul>\n<li>Ask\u0131l\u0131 tip, haval\u0131 hidrolik kald\u0131rma sistemi<\/li>\n<li>Ray \u00fczerinde rahat hareket imkan\u0131 sa\u011flayan i\u011fneli rulman \u00f6zelli\u011fi<\/li>\n<li>Kanal geni\u015fli\u011fine g\u00f6re \u00f6zel \u00fcretilen sabit \u00e7er\u00e7eve<\/li>\n<li>E\u011filme kuvvetlerine kar\u015f\u0131 b\u00fcy\u00fck piston \u00e7ap\u0131<\/li>\n<li>Sert krom kaplamal\u0131 piston<\/li>\n<li>Kald\u0131rma kapasitesi 20000 kg<\/li>\n<li>Kald\u0131rma pistonu stroku 800 mm<\/li>\n<li>Kriko boyu 1056 mm<\/li>\n<\/ul>\n","protected":false},"excerpt":{"rendered":"<ul>\n<li>Ask\u0131l\u0131 tip, haval\u0131 hidrolik kald\u0131rma sistemi<\/li>\n<li>Ray \u00fczerinde rahat hareket imkan\u0131 sa\u011flayan i\u011fneli rulman \u00f6zelli\u011fi<\/li>\n<li>Kanal geni\u015fli\u011fine g\u00f6re \u00f6zel \u00fcretilen sabit \u00e7er\u00e7eve<\/li>\n<li>E\u011filme kuvvetlerine kar\u015f\u0131 b\u00fcy\u00fck piston \u00e7ap\u0131<\/li>\n<li>Sert krom kaplamal\u0131 piston<\/li>\n<li>Kald\u0131rma kapasitesi 20000 kg<\/li>\n<li>Kald\u0131rma pistonu stroku 800 mm<\/li>\n<li>Kriko boyu 1056 mm<\/li>\n<\/ul>\n","protected":false},"featured_media":6315,"comment_status":"open","ping_status":"closed","template":"","meta":[],"product_cat":[151],"product_tag":[],"class_list":["post-6173","product","type-product","status-publish","has-post-thumbnail","hentry","pwb-brand-rotary","product_cat-kriko-ve-hidrolik-ekipmanlar"],"brands":[{"id":366,"name":"ROTARY","slug":"rotary"}],"yoast_head":"<!-- This site is optimized with the Yoast SEO plugin v17.1 - https:\/\/yoast.com\/wordpress\/plugins\/seo\/ -->\n<title>Kanal KrikosuROTARY(Born in GERMANY)GHUSLP 20Ask\u0131l\u0131 tip, kald\u0131rma kapasitesi 20000 kg - Bak\u0131rc\u0131 Garagineering<\/title>\n<meta name=\"robots\" content=\"index, follow, max-snippet:-1, max-image-preview:large, max-video-preview:-1\" \/>\n<link rel=\"canonical\" href=\"https:\/\/bakirci.com\/ekipman\/servis-ekipmanlari\/mekanik\/kriko-ve-hidrolik-ekipmanlar\/kanal-krikosurotaryborn-in-germanyghuslp-20askili-tip-kaldirma-kapasitesi-20000-kg\/\" \/>\n<meta property=\"og:locale\" content=\"tr_TR\" \/>\n<meta property=\"og:type\" content=\"article\" \/>\n<meta property=\"og:title\" content=\"Kanal KrikosuROTARY(Born in GERMANY)GHUSLP 20Ask\u0131l\u0131 tip, kald\u0131rma kapasitesi 20000 kg - Bak\u0131rc\u0131 Garagineering\" \/>\n<meta property=\"og:description\" content=\"Ask\u0131l\u0131 tip, haval\u0131 hidrolik kald\u0131rma sistemi  Ray \u00fczerinde rahat hareket imkan\u0131 sa\u011flayan i\u011fneli rulman \u00f6zelli\u011fi  Kanal geni\u015fli\u011fine g\u00f6re \u00f6zel \u00fcretilen sabit \u00e7er\u00e7eve  E\u011filme kuvvetlerine kar\u015f\u0131 b\u00fcy\u00fck piston \u00e7ap\u0131  Sert krom kaplamal\u0131 piston  Kald\u0131rma kapasitesi 20000 kg  Kald\u0131rma pistonu stroku 800 mm  Kriko boyu 1056 mm\" \/>\n<meta property=\"og:url\" content=\"https:\/\/bakirci.com\/ekipman\/servis-ekipmanlari\/mekanik\/kriko-ve-hidrolik-ekipmanlar\/kanal-krikosurotaryborn-in-germanyghuslp-20askili-tip-kaldirma-kapasitesi-20000-kg\/\" \/>\n<meta property=\"og:site_name\" content=\"Bak\u0131rc\u0131 Garagineering\" \/>\n<meta property=\"article:publisher\" content=\"https:\/\/www.facebook.com\/bakirci.garagineering\" \/>\n<meta property=\"article:modified_time\" content=\"2023-07-17T11:18:56+00:00\" \/>\n<meta property=\"og:image\" content=\"https:\/\/bakirci.com\/ekipman\/wp-content\/uploads\/2023\/07\/Kanal-Krikosu-\u2013-GHUSLP-20.png\" \/>\n\t<meta property=\"og:image:width\" content=\"400\" \/>\n\t<meta property=\"og:image:height\" content=\"400\" \/>\n<meta name=\"twitter:card\" content=\"summary_large_image\" \/>\n<script type=\"application\/ld+json\" class=\"yoast-schema-graph\">{\"@context\":\"https:\/\/schema.org\",\"@graph\":[{\"@type\":\"Organization\",\"@id\":\"https:\/\/bakirci.com\/ekipman\/#organization\",\"name\":\"Bak\\u0131rc\\u0131 garagineering\",\"url\":\"https:\/\/bakirci.com\/ekipman\/\",\"sameAs\":[\"https:\/\/www.facebook.com\/bakirci.garagineering\",\"https:\/\/www.instagram.com\/bakirci.garagineering\/\",\"https:\/\/www.linkedin.com\/company\/bakirci-garagineering\/\",\"https:\/\/www.youtube.com\/channel\/UCiVG6s_jALJ6Zk8085XiOQg\"],\"logo\":{\"@type\":\"ImageObject\",\"@id\":\"https:\/\/bakirci.com\/ekipman\/#logo\",\"inLanguage\":\"tr\",\"url\":\"https:\/\/bakirci.com\/ekipman\/wp-content\/uploads\/2021\/09\/Bakirci-logo-lacivert.png\",\"contentUrl\":\"https:\/\/bakirci.com\/ekipman\/wp-content\/uploads\/2021\/09\/Bakirci-logo-lacivert.png\",\"width\":501,\"height\":501,\"caption\":\"Bak\\u0131rc\\u0131 garagineering\"},\"image\":{\"@id\":\"https:\/\/bakirci.com\/ekipman\/#logo\"}},{\"@type\":\"WebSite\",\"@id\":\"https:\/\/bakirci.com\/ekipman\/#website\",\"url\":\"https:\/\/bakirci.com\/ekipman\/\",\"name\":\"Bak\\u0131rc\\u0131 Garagineering\",\"description\":\"Otomotiv sekt\\u00f6r\\u00fcne \\u00f6zel, \\u201c\\u00dcretici Standard\\u0131nda\\u201d \\u00e7\\u00f6z\\u00fcmler\\u2026\",\"publisher\":{\"@id\":\"https:\/\/bakirci.com\/ekipman\/#organization\"},\"potentialAction\":[{\"@type\":\"SearchAction\",\"target\":{\"@type\":\"EntryPoint\",\"urlTemplate\":\"https:\/\/bakirci.com\/ekipman\/?s={search_term_string}\"},\"query-input\":\"required name=search_term_string\"}],\"inLanguage\":\"tr\"},{\"@type\":\"ImageObject\",\"@id\":\"https:\/\/bakirci.com\/ekipman\/servis-ekipmanlari\/mekanik\/kriko-ve-hidrolik-ekipmanlar\/kanal-krikosurotaryborn-in-germanyghuslp-20askili-tip-kaldirma-kapasitesi-20000-kg\/#primaryimage\",\"inLanguage\":\"tr\",\"url\":\"https:\/\/bakirci.com\/ekipman\/wp-content\/uploads\/2023\/07\/Kanal-Krikosu-\\u2013-GHUSLP-20.png\",\"contentUrl\":\"https:\/\/bakirci.com\/ekipman\/wp-content\/uploads\/2023\/07\/Kanal-Krikosu-\\u2013-GHUSLP-20.png\",\"width\":400,\"height\":400},{\"@type\":\"WebPage\",\"@id\":\"https:\/\/bakirci.com\/ekipman\/servis-ekipmanlari\/mekanik\/kriko-ve-hidrolik-ekipmanlar\/kanal-krikosurotaryborn-in-germanyghuslp-20askili-tip-kaldirma-kapasitesi-20000-kg\/#webpage\",\"url\":\"https:\/\/bakirci.com\/ekipman\/servis-ekipmanlari\/mekanik\/kriko-ve-hidrolik-ekipmanlar\/kanal-krikosurotaryborn-in-germanyghuslp-20askili-tip-kaldirma-kapasitesi-20000-kg\/\",\"name\":\"Kanal Krikosu ROTARY(Born in GERMANY) GHUSLP 20 Ask\\u0131l\\u0131 tip, kald\\u0131rma kapasitesi 20000 kg - Bak\\u0131rc\\u0131 Garagineering\",\"isPartOf\":{\"@id\":\"https:\/\/bakirci.com\/ekipman\/#website\"},\"primaryImageOfPage\":{\"@id\":\"https:\/\/bakirci.com\/ekipman\/servis-ekipmanlari\/mekanik\/kriko-ve-hidrolik-ekipmanlar\/kanal-krikosurotaryborn-in-germanyghuslp-20askili-tip-kaldirma-kapasitesi-20000-kg\/#primaryimage\"},\"datePublished\":\"2021-01-02T14:10:15+00:00\",\"dateModified\":\"2023-07-17T11:18:56+00:00\",\"breadcrumb\":{\"@id\":\"https:\/\/bakirci.com\/ekipman\/servis-ekipmanlari\/mekanik\/kriko-ve-hidrolik-ekipmanlar\/kanal-krikosurotaryborn-in-germanyghuslp-20askili-tip-kaldirma-kapasitesi-20000-kg\/#breadcrumb\"},\"inLanguage\":\"tr\",\"potentialAction\":[{\"@type\":\"ReadAction\",\"target\":[\"https:\/\/bakirci.com\/ekipman\/servis-ekipmanlari\/mekanik\/kriko-ve-hidrolik-ekipmanlar\/kanal-krikosurotaryborn-in-germanyghuslp-20askili-tip-kaldirma-kapasitesi-20000-kg\/\"]}]},{\"@type\":\"BreadcrumbList\",\"@id\":\"https:\/\/bakirci.com\/ekipman\/servis-ekipmanlari\/mekanik\/kriko-ve-hidrolik-ekipmanlar\/kanal-krikosurotaryborn-in-germanyghuslp-20askili-tip-kaldirma-kapasitesi-20000-kg\/#breadcrumb\",\"itemListElement\":[{\"@type\":\"ListItem\",\"position\":1,\"name\":\"Ekipman\",\"item\":\"https:\/\/bakirci.com\/ekipman\/\"},{\"@type\":\"ListItem\",\"position\":2,\"name\":\"Otomotiv Tesisleri \\u0130\\u00e7in Servis Ekipmanlar\\u0131\",\"item\":\"https:\/\/bakirci.com\/ekipman\/\"},{\"@type\":\"ListItem\",\"position\":3,\"name\":\"Kanal KrikosuROTARY(Born in GERMANY)GHUSLP 20Ask\\u0131l\\u0131 tip, kald\\u0131rma kapasitesi 20000 kg\"}]}]}<\/script>\n<!-- \/ Yoast SEO plugin. -->","yoast_head_json":{"title":"Kanal KrikosuROTARY(Born in GERMANY)GHUSLP 20Ask\u0131l\u0131 tip, kald\u0131rma kapasitesi 20000 kg - Bak\u0131rc\u0131 Garagineering","robots":{"index":"index","follow":"follow","max-snippet":"max-snippet:-1","max-image-preview":"max-image-preview:large","max-video-preview":"max-video-preview:-1"},"canonical":"https:\/\/bakirci.com\/ekipman\/servis-ekipmanlari\/mekanik\/kriko-ve-hidrolik-ekipmanlar\/kanal-krikosurotaryborn-in-germanyghuslp-20askili-tip-kaldirma-kapasitesi-20000-kg\/","og_locale":"tr_TR","og_type":"article","og_title":"Kanal KrikosuROTARY(Born in GERMANY)GHUSLP 20Ask\u0131l\u0131 tip, kald\u0131rma kapasitesi 20000 kg - Bak\u0131rc\u0131 Garagineering","og_description":"Ask\u0131l\u0131 tip, haval\u0131 hidrolik kald\u0131rma sistemi  Ray \u00fczerinde rahat hareket imkan\u0131 sa\u011flayan i\u011fneli rulman \u00f6zelli\u011fi  Kanal geni\u015fli\u011fine g\u00f6re \u00f6zel \u00fcretilen sabit \u00e7er\u00e7eve  E\u011filme kuvvetlerine kar\u015f\u0131 b\u00fcy\u00fck piston \u00e7ap\u0131  Sert krom kaplamal\u0131 piston  Kald\u0131rma kapasitesi 20000 kg  Kald\u0131rma pistonu stroku 800 mm  Kriko boyu 1056 mm","og_url":"https:\/\/bakirci.com\/ekipman\/servis-ekipmanlari\/mekanik\/kriko-ve-hidrolik-ekipmanlar\/kanal-krikosurotaryborn-in-germanyghuslp-20askili-tip-kaldirma-kapasitesi-20000-kg\/","og_site_name":"Bak\u0131rc\u0131 Garagineering","article_publisher":"https:\/\/www.facebook.com\/bakirci.garagineering","article_modified_time":"2023-07-17T11:18:56+00:00","og_image":[{"width":400,"height":400,"filesize":68248,"url":"https:\/\/bakirci.com\/ekipman\/wp-content\/uploads\/2023\/07\/Kanal-Krikosu-\u2013-GHUSLP-20.png","path":"\/home\/bakirciwebsitesi\/public_html\/ekipman\/wp-content\/uploads\/2023\/07\/Kanal-Krikosu-\u2013-GHUSLP-20.png","size":"full","id":6315,"alt":"","pixels":160000,"type":"image\/png"}],"twitter_card":"summary_large_image","schema":{"@context":"https:\/\/schema.org","@graph":[{"@type":"Organization","@id":"https:\/\/bakirci.com\/ekipman\/#organization","name":"Bak\u0131rc\u0131 garagineering","url":"https:\/\/bakirci.com\/ekipman\/","sameAs":["https:\/\/www.facebook.com\/bakirci.garagineering","https:\/\/www.instagram.com\/bakirci.garagineering\/","https:\/\/www.linkedin.com\/company\/bakirci-garagineering\/","https:\/\/www.youtube.com\/channel\/UCiVG6s_jALJ6Zk8085XiOQg"],"logo":{"@type":"ImageObject","@id":"https:\/\/bakirci.com\/ekipman\/#logo","inLanguage":"tr","url":"https:\/\/bakirci.com\/ekipman\/wp-content\/uploads\/2021\/09\/Bakirci-logo-lacivert.png","contentUrl":"https:\/\/bakirci.com\/ekipman\/wp-content\/uploads\/2021\/09\/Bakirci-logo-lacivert.png","width":501,"height":501,"caption":"Bak\u0131rc\u0131 garagineering"},"image":{"@id":"https:\/\/bakirci.com\/ekipman\/#logo"}},{"@type":"WebSite","@id":"https:\/\/bakirci.com\/ekipman\/#website","url":"https:\/\/bakirci.com\/ekipman\/","name":"Bak\u0131rc\u0131 Garagineering","description":"Otomotiv sekt\u00f6r\u00fcne \u00f6zel, \u201c\u00dcretici Standard\u0131nda\u201d \u00e7\u00f6z\u00fcmler\u2026","publisher":{"@id":"https:\/\/bakirci.com\/ekipman\/#organization"},"potentialAction":[{"@type":"SearchAction","target":{"@type":"EntryPoint","urlTemplate":"https:\/\/bakirci.com\/ekipman\/?s={search_term_string}"},"query-input":"required name=search_term_string"}],"inLanguage":"tr"},{"@type":"ImageObject","@id":"https:\/\/bakirci.com\/ekipman\/servis-ekipmanlari\/mekanik\/kriko-ve-hidrolik-ekipmanlar\/kanal-krikosurotaryborn-in-germanyghuslp-20askili-tip-kaldirma-kapasitesi-20000-kg\/#primaryimage","inLanguage":"tr","url":"https:\/\/bakirci.com\/ekipman\/wp-content\/uploads\/2023\/07\/Kanal-Krikosu-\u2013-GHUSLP-20.png","contentUrl":"https:\/\/bakirci.com\/ekipman\/wp-content\/uploads\/2023\/07\/Kanal-Krikosu-\u2013-GHUSLP-20.png","width":400,"height":400},{"@type":"WebPage","@id":"https:\/\/bakirci.com\/ekipman\/servis-ekipmanlari\/mekanik\/kriko-ve-hidrolik-ekipmanlar\/kanal-krikosurotaryborn-in-germanyghuslp-20askili-tip-kaldirma-kapasitesi-20000-kg\/#webpage","url":"https:\/\/bakirci.com\/ekipman\/servis-ekipmanlari\/mekanik\/kriko-ve-hidrolik-ekipmanlar\/kanal-krikosurotaryborn-in-germanyghuslp-20askili-tip-kaldirma-kapasitesi-20000-kg\/","name":"Kanal Krikosu ROTARY(Born in GERMANY) GHUSLP 20 Ask\u0131l\u0131 tip, kald\u0131rma kapasitesi 20000 kg - Bak\u0131rc\u0131 Garagineering","isPartOf":{"@id":"https:\/\/bakirci.com\/ekipman\/#website"},"primaryImageOfPage":{"@id":"https:\/\/bakirci.com\/ekipman\/servis-ekipmanlari\/mekanik\/kriko-ve-hidrolik-ekipmanlar\/kanal-krikosurotaryborn-in-germanyghuslp-20askili-tip-kaldirma-kapasitesi-20000-kg\/#primaryimage"},"datePublished":"2021-01-02T14:10:15+00:00","dateModified":"2023-07-17T11:18:56+00:00","breadcrumb":{"@id":"https:\/\/bakirci.com\/ekipman\/servis-ekipmanlari\/mekanik\/kriko-ve-hidrolik-ekipmanlar\/kanal-krikosurotaryborn-in-germanyghuslp-20askili-tip-kaldirma-kapasitesi-20000-kg\/#breadcrumb"},"inLanguage":"tr","potentialAction":[{"@type":"ReadAction","target":["https:\/\/bakirci.com\/ekipman\/servis-ekipmanlari\/mekanik\/kriko-ve-hidrolik-ekipmanlar\/kanal-krikosurotaryborn-in-germanyghuslp-20askili-tip-kaldirma-kapasitesi-20000-kg\/"]}]},{"@type":"BreadcrumbList","@id":"https:\/\/bakirci.com\/ekipman\/servis-ekipmanlari\/mekanik\/kriko-ve-hidrolik-ekipmanlar\/kanal-krikosurotaryborn-in-germanyghuslp-20askili-tip-kaldirma-kapasitesi-20000-kg\/#breadcrumb","itemListElement":[{"@type":"ListItem","position":1,"name":"Ekipman","item":"https:\/\/bakirci.com\/ekipman\/"},{"@type":"ListItem","position":2,"name":"Otomotiv Tesisleri \u0130\u00e7in Servis Ekipmanlar\u0131","item":"https:\/\/bakirci.com\/ekipman\/"},{"@type":"ListItem","position":3,"name":"Kanal KrikosuROTARY(Born in GERMANY)GHUSLP 20Ask\u0131l\u0131 tip, kald\u0131rma kapasitesi 20000 kg"}]}]}},"_links":{"self":[{"href":"https:\/\/bakirci.com\/ekipman\/wp-json\/wp\/v2\/product\/6173","targetHints":{"allow":["GET"]}}],"collection":[{"href":"https:\/\/bakirci.com\/ekipman\/wp-json\/wp\/v2\/product"}],"about":[{"href":"https:\/\/bakirci.com\/ekipman\/wp-json\/wp\/v2\/types\/product"}],"replies":[{"embeddable":true,"href":"https:\/\/bakirci.com\/ekipman\/wp-json\/wp\/v2\/comments?post=6173"}],"wp:featuredmedia":[{"embeddable":true,"href":"https:\/\/bakirci.com\/ekipman\/wp-json\/wp\/v2\/media\/6315"}],"wp:attachment":[{"href":"https:\/\/bakirci.com\/ekipman\/wp-json\/wp\/v2\/media?parent=6173"}],"wp:term":[{"taxonomy":"product_cat","embeddable":true,"href":"https:\/\/bakirci.com\/ekipman\/wp-json\/wp\/v2\/product_cat?post=6173"},{"taxonomy":"product_tag","embeddable":true,"href":"https:\/\/bakirci.com\/ekipman\/wp-json\/wp\/v2\/product_tag?post=6173"}],"curies":[{"name":"wp","href":"https:\/\/api.w.org\/{rel}","templated":true}]}}