{"id":5548,"date":"2021-01-01T01:05:09","date_gmt":"2021-01-01T01:05:09","guid":{"rendered":"https:\/\/bakirci.com\/ekipman\/?post_type=product&#038;p=5548"},"modified":"2021-10-30T13:39:31","modified_gmt":"2021-10-30T13:39:31","slug":"terra-ac-wallbox-22-kw-kablolu-ekranli","status":"publish","type":"product","link":"https:\/\/bakirci.com\/ekipman\/servis-ekipmanlari\/mekanik\/elektrikli-arac-sarj-istasyonlari\/terra-ac-wallbox-22-kw-kablolu-ekranli\/","title":{"rendered":"<p class=\"ustmetin\">AC \u015earj \u0130stasyonu<\/p><p class=\"ortametin\">ABB <span class=\"ortametin2\">(Born in SWITZERLAND)<\/span><p class=\"altmetin\">Terra AC Wallbox 22 kW (Kablolu + Ekranl\u0131)<br>RFID, 4G, W\u0130F\u0130 ve Bluetooth \u00f6zellikli<\/p>"},"content":{"rendered":"<p><strong>AC \u015earj \u0130stasyonu<\/strong><\/p>\n<ul>\n<li>Terra AC Wallbox 22 kW (Kablolu + Ekranl\u0131)<\/li>\n<li>Ka\u00e7ak ak\u0131m koruma emniyeti<\/li>\n<li>22 kW AC \u015farj ak\u0131m\u0131<\/li>\n<li>Tek faz 7,4 kW \/ 32 A&#8217; e kadar &#8211; 3 faz 22 kW \/ 32A&#8217;e kadar \u015farj ak\u0131m\u0131n\u0131n desteklenmesi<\/li>\n<li>T\u00fcm \u015febeke standartlar\u0131na uyumlu, CEE 32A prizlere uygunluk<\/li>\n<li>T\u00fcm versiyonlarda IP 54, IK10, W\u0130F\u0130 ve Bluetooth<\/li>\n<li>Ak\u0131ll\u0131 telefon uygulamas\u0131 ile kontrol edilebilir, programlanabilir, uzaktan g\u00fcncellenebilir.<\/li>\n<li>RFID, 4G, W\u0130F\u0130 ve Bluetooth<\/li>\n<\/ul>\n<p><strong>AC \u015earj \u0130stasyonu<\/strong><\/p>\n<ul>\n<li>Ekranl\u0131, 5mt kablolu<\/li>\n<li>Ak\u0131ll\u0131 ev sistemlerine, site y\u00f6netim sistemlerine entegre edilebilir<\/li>\n<li>Ticari kullan\u0131m i\u00e7in gerekli ba\u011flant\u0131 ve operasyonel yaz\u0131l\u0131m deste\u011fi ile \u015farj noktas\u0131 sahibinin y\u00f6netim ve denetim ihtiya\u00e7lar\u0131n\u0131n kar\u015f\u0131lanmas\u0131<\/li>\n<li>Bireysel uygulamalar i\u00e7in ak\u0131ll\u0131 telefon uygulamas\u0131 ile \u015farj istasyonu kontrol\u00fc ve programlanmas\u0131<\/li>\n<li>Duvara monte (Wallbox) veya ayakl\u0131 (Stand) ile kullan\u0131m i\u00e7in uyumlu<\/li>\n<\/ul>\n","protected":false},"excerpt":{"rendered":"<p><strong>AC \u015earj \u0130stasyonu<\/strong><\/p>\n<ul>\n<li>Terra AC Wallbox 22 kW (Kablolu + Ekranl\u0131)<\/li>\n<li>Ka\u00e7ak ak\u0131m koruma emniyeti<\/li>\n<li>22 kW AC \u015farj ak\u0131m\u0131<\/li>\n<li>Tek faz 7,4 kW \/ 32 A&#8217; e kadar &#8211; 3 faz 22 kW \/ 32A&#8217;e kadar \u015farj ak\u0131m\u0131n\u0131n desteklenmesi<\/li>\n<li>T\u00fcm \u015febeke standartlar\u0131na uyumlu, CEE 32A prizlere uygunluk<\/li>\n<li>T\u00fcm versiyonlarda IP 54, IK10, W\u0130F\u0130 ve Bluetooth<\/li>\n<li>Ak\u0131ll\u0131 telefon uygulamas\u0131 ile kontrol edilebilir, programlanabilir, uzaktan g\u00fcncellenebilir.<\/li>\n<li>RFID, 4G, W\u0130F\u0130 ve Bluetooth<\/li>\n<li>Ekranl\u0131, 5mt kablolu<\/li>\n<li>Ak\u0131ll\u0131 ev sistemlerine, site y\u00f6netim sistemlerine entegre edilebilir<\/li>\n<li>Ticari kullan\u0131m i\u00e7in gerekli ba\u011flant\u0131 ve operasyonel yaz\u0131l\u0131m deste\u011fi ile \u015farj noktas\u0131 sahibinin y\u00f6netim ve denetim ihtiya\u00e7lar\u0131n\u0131n kar\u015f\u0131lanmas\u0131<\/li>\n<li>Bireysel uygulamalar i\u00e7in ak\u0131ll\u0131 telefon uygulamas\u0131 ile \u015farj istasyonu kontrol\u00fc ve programlanmas\u0131<\/li>\n<li>Duvara monte (Wallbox) veya ayakl\u0131 (Stand) ile kullan\u0131m i\u00e7in uyumlu<\/li>\n<\/ul>\n","protected":false},"featured_media":5618,"comment_status":"closed","ping_status":"closed","template":"","meta":[],"product_cat":[793],"product_tag":[795],"class_list":["post-5548","product","type-product","status-publish","has-post-thumbnail","hentry","pwb-brand-abb","product_cat-elektrikli-arac-sarj-istasyonlari","product_tag-abb"],"brands":[{"id":794,"name":"ABB","slug":"abb"}],"yoast_head":"<!-- This site is optimized with the Yoast SEO plugin v17.1 - https:\/\/yoast.com\/wordpress\/plugins\/seo\/ -->\n<title>AC \u015earj \u0130stasyonu - Terra AC Wallbox 22 kW - B-CHARGE<\/title>\n<meta name=\"description\" content=\"AC \u015earj \u0130stasyonu - Terra AC Wallbox 22 kW - Kablolu ve Ekranl\u0131 - B-CHARGE - ABB - e-BAKIRCI - Elektrikli ara\u00e7lar i\u00e7in \u015farj istasyonlar\u0131\" \/>\n<meta name=\"robots\" content=\"index, follow, max-snippet:-1, max-image-preview:large, max-video-preview:-1\" \/>\n<link rel=\"canonical\" href=\"https:\/\/bakirci.com\/ekipman\/servis-ekipmanlari\/mekanik\/elektrikli-arac-sarj-istasyonlari\/terra-ac-wallbox-22-kw-kablolu-ekranli\/\" \/>\n<meta property=\"og:locale\" content=\"tr_TR\" \/>\n<meta property=\"og:type\" content=\"article\" \/>\n<meta property=\"og:title\" content=\"AC \u015earj \u0130stasyonu - Terra AC Wallbox 22 kW - B-CHARGE\" \/>\n<meta property=\"og:description\" content=\"AC \u015earj \u0130stasyonu - Terra AC Wallbox 22 kW - Kablolu ve Ekranl\u0131 - B-CHARGE - ABB - e-BAKIRCI - Elektrikli ara\u00e7lar i\u00e7in \u015farj istasyonlar\u0131\" \/>\n<meta property=\"og:url\" content=\"https:\/\/bakirci.com\/ekipman\/servis-ekipmanlari\/mekanik\/elektrikli-arac-sarj-istasyonlari\/terra-ac-wallbox-22-kw-kablolu-ekranli\/\" \/>\n<meta property=\"og:site_name\" content=\"Bak\u0131rc\u0131 Garagineering\" \/>\n<meta property=\"article:publisher\" content=\"https:\/\/www.facebook.com\/bakirci.garagineering\" \/>\n<meta property=\"article:modified_time\" content=\"2021-10-30T13:39:31+00:00\" \/>\n<meta property=\"og:image\" content=\"https:\/\/bakirci.com\/ekipman\/wp-content\/uploads\/2021\/01\/Terra-AC-Wallbox-22-kW-Kablolu-Ekranli-copy.jpg\" \/>\n\t<meta property=\"og:image:width\" content=\"1600\" \/>\n\t<meta property=\"og:image:height\" content=\"1600\" \/>\n<meta name=\"twitter:card\" content=\"summary_large_image\" \/>\n<meta name=\"twitter:label1\" content=\"Tahmini okuma s\u00fcresi\" \/>\n\t<meta name=\"twitter:data1\" content=\"1 dakika\" \/>\n<script type=\"application\/ld+json\" class=\"yoast-schema-graph\">{\"@context\":\"https:\/\/schema.org\",\"@graph\":[{\"@type\":\"Organization\",\"@id\":\"https:\/\/bakirci.com\/ekipman\/#organization\",\"name\":\"Bak\\u0131rc\\u0131 garagineering\",\"url\":\"https:\/\/bakirci.com\/ekipman\/\",\"sameAs\":[\"https:\/\/www.facebook.com\/bakirci.garagineering\",\"https:\/\/www.instagram.com\/bakirci.garagineering\/\",\"https:\/\/www.linkedin.com\/company\/bakirci-garagineering\/\",\"https:\/\/www.youtube.com\/channel\/UCiVG6s_jALJ6Zk8085XiOQg\"],\"logo\":{\"@type\":\"ImageObject\",\"@id\":\"https:\/\/bakirci.com\/ekipman\/#logo\",\"inLanguage\":\"tr\",\"url\":\"https:\/\/bakirci.com\/ekipman\/wp-content\/uploads\/2021\/09\/Bakirci-logo-lacivert.png\",\"contentUrl\":\"https:\/\/bakirci.com\/ekipman\/wp-content\/uploads\/2021\/09\/Bakirci-logo-lacivert.png\",\"width\":501,\"height\":501,\"caption\":\"Bak\\u0131rc\\u0131 garagineering\"},\"image\":{\"@id\":\"https:\/\/bakirci.com\/ekipman\/#logo\"}},{\"@type\":\"WebSite\",\"@id\":\"https:\/\/bakirci.com\/ekipman\/#website\",\"url\":\"https:\/\/bakirci.com\/ekipman\/\",\"name\":\"Bak\\u0131rc\\u0131 Garagineering\",\"description\":\"Otomotiv sekt\\u00f6r\\u00fcne \\u00f6zel, \\u201c\\u00dcretici Standard\\u0131nda\\u201d \\u00e7\\u00f6z\\u00fcmler\\u2026\",\"publisher\":{\"@id\":\"https:\/\/bakirci.com\/ekipman\/#organization\"},\"potentialAction\":[{\"@type\":\"SearchAction\",\"target\":{\"@type\":\"EntryPoint\",\"urlTemplate\":\"https:\/\/bakirci.com\/ekipman\/?s={search_term_string}\"},\"query-input\":\"required name=search_term_string\"}],\"inLanguage\":\"tr\"},{\"@type\":\"ImageObject\",\"@id\":\"https:\/\/bakirci.com\/ekipman\/servis-ekipmanlari\/mekanik\/elektrikli-arac-sarj-istasyonlari\/terra-ac-wallbox-22-kw-kablolu-ekranli\/#primaryimage\",\"inLanguage\":\"tr\",\"url\":\"https:\/\/bakirci.com\/ekipman\/wp-content\/uploads\/2021\/01\/Terra-AC-Wallbox-22-kW-Kablolu-Ekranli-copy.jpg\",\"contentUrl\":\"https:\/\/bakirci.com\/ekipman\/wp-content\/uploads\/2021\/01\/Terra-AC-Wallbox-22-kW-Kablolu-Ekranli-copy.jpg\",\"width\":1600,\"height\":1600,\"caption\":\"AC \\u015earj \\u0130stasyonu - AC Wallbox 22 kW\"},{\"@type\":\"WebPage\",\"@id\":\"https:\/\/bakirci.com\/ekipman\/servis-ekipmanlari\/mekanik\/elektrikli-arac-sarj-istasyonlari\/terra-ac-wallbox-22-kw-kablolu-ekranli\/#webpage\",\"url\":\"https:\/\/bakirci.com\/ekipman\/servis-ekipmanlari\/mekanik\/elektrikli-arac-sarj-istasyonlari\/terra-ac-wallbox-22-kw-kablolu-ekranli\/\",\"name\":\"AC \\u015earj \\u0130stasyonu - Terra AC Wallbox 22 kW - B-CHARGE\",\"isPartOf\":{\"@id\":\"https:\/\/bakirci.com\/ekipman\/#website\"},\"primaryImageOfPage\":{\"@id\":\"https:\/\/bakirci.com\/ekipman\/servis-ekipmanlari\/mekanik\/elektrikli-arac-sarj-istasyonlari\/terra-ac-wallbox-22-kw-kablolu-ekranli\/#primaryimage\"},\"datePublished\":\"2021-01-01T01:05:09+00:00\",\"dateModified\":\"2021-10-30T13:39:31+00:00\",\"description\":\"AC \\u015earj \\u0130stasyonu - Terra AC Wallbox 22 kW - Kablolu ve Ekranl\\u0131 - B-CHARGE - ABB - e-BAKIRCI - Elektrikli ara\\u00e7lar i\\u00e7in \\u015farj istasyonlar\\u0131\",\"breadcrumb\":{\"@id\":\"https:\/\/bakirci.com\/ekipman\/servis-ekipmanlari\/mekanik\/elektrikli-arac-sarj-istasyonlari\/terra-ac-wallbox-22-kw-kablolu-ekranli\/#breadcrumb\"},\"inLanguage\":\"tr\",\"potentialAction\":[{\"@type\":\"ReadAction\",\"target\":[\"https:\/\/bakirci.com\/ekipman\/servis-ekipmanlari\/mekanik\/elektrikli-arac-sarj-istasyonlari\/terra-ac-wallbox-22-kw-kablolu-ekranli\/\"]}]},{\"@type\":\"BreadcrumbList\",\"@id\":\"https:\/\/bakirci.com\/ekipman\/servis-ekipmanlari\/mekanik\/elektrikli-arac-sarj-istasyonlari\/terra-ac-wallbox-22-kw-kablolu-ekranli\/#breadcrumb\",\"itemListElement\":[{\"@type\":\"ListItem\",\"position\":1,\"name\":\"Ekipman\",\"item\":\"https:\/\/bakirci.com\/ekipman\/\"},{\"@type\":\"ListItem\",\"position\":2,\"name\":\"Otomotiv Tesisleri \\u0130\\u00e7in Servis Ekipmanlar\\u0131\",\"item\":\"https:\/\/bakirci.com\/ekipman\/\"},{\"@type\":\"ListItem\",\"position\":3,\"name\":\"AC \\u015earj \\u0130stasyonuABB (Born in SWITZERLAND)Terra AC Wallbox 22 kW (Kablolu + Ekranl\\u0131)RFID, 4G, W\\u0130F\\u0130 ve Bluetooth \\u00f6zellikli\"}]}]}<\/script>\n<!-- \/ Yoast SEO plugin. -->","yoast_head_json":{"title":"AC \u015earj \u0130stasyonu - Terra AC Wallbox 22 kW - B-CHARGE","description":"AC \u015earj \u0130stasyonu - Terra AC Wallbox 22 kW - Kablolu ve Ekranl\u0131 - B-CHARGE - ABB - e-BAKIRCI - Elektrikli ara\u00e7lar i\u00e7in \u015farj istasyonlar\u0131","robots":{"index":"index","follow":"follow","max-snippet":"max-snippet:-1","max-image-preview":"max-image-preview:large","max-video-preview":"max-video-preview:-1"},"canonical":"https:\/\/bakirci.com\/ekipman\/servis-ekipmanlari\/mekanik\/elektrikli-arac-sarj-istasyonlari\/terra-ac-wallbox-22-kw-kablolu-ekranli\/","og_locale":"tr_TR","og_type":"article","og_title":"AC \u015earj \u0130stasyonu - Terra AC Wallbox 22 kW - B-CHARGE","og_description":"AC \u015earj \u0130stasyonu - Terra AC Wallbox 22 kW - Kablolu ve Ekranl\u0131 - B-CHARGE - ABB - e-BAKIRCI - Elektrikli ara\u00e7lar i\u00e7in \u015farj istasyonlar\u0131","og_url":"https:\/\/bakirci.com\/ekipman\/servis-ekipmanlari\/mekanik\/elektrikli-arac-sarj-istasyonlari\/terra-ac-wallbox-22-kw-kablolu-ekranli\/","og_site_name":"Bak\u0131rc\u0131 Garagineering","article_publisher":"https:\/\/www.facebook.com\/bakirci.garagineering","article_modified_time":"2021-10-30T13:39:31+00:00","og_image":[{"width":1600,"height":1600,"url":"https:\/\/bakirci.com\/ekipman\/wp-content\/uploads\/2021\/01\/Terra-AC-Wallbox-22-kW-Kablolu-Ekranli-copy.jpg","path":"\/home\/bakirciwebsitesi\/public_html\/ekipman\/wp-content\/uploads\/2021\/01\/Terra-AC-Wallbox-22-kW-Kablolu-Ekranli-copy.jpg","size":"full","id":5618,"alt":"AC \u015earj \u0130stasyonu - AC Wallbox 22 kW","pixels":2560000,"type":"image\/jpeg"}],"twitter_card":"summary_large_image","twitter_misc":{"Tahmini okuma s\u00fcresi":"1 dakika"},"schema":{"@context":"https:\/\/schema.org","@graph":[{"@type":"Organization","@id":"https:\/\/bakirci.com\/ekipman\/#organization","name":"Bak\u0131rc\u0131 garagineering","url":"https:\/\/bakirci.com\/ekipman\/","sameAs":["https:\/\/www.facebook.com\/bakirci.garagineering","https:\/\/www.instagram.com\/bakirci.garagineering\/","https:\/\/www.linkedin.com\/company\/bakirci-garagineering\/","https:\/\/www.youtube.com\/channel\/UCiVG6s_jALJ6Zk8085XiOQg"],"logo":{"@type":"ImageObject","@id":"https:\/\/bakirci.com\/ekipman\/#logo","inLanguage":"tr","url":"https:\/\/bakirci.com\/ekipman\/wp-content\/uploads\/2021\/09\/Bakirci-logo-lacivert.png","contentUrl":"https:\/\/bakirci.com\/ekipman\/wp-content\/uploads\/2021\/09\/Bakirci-logo-lacivert.png","width":501,"height":501,"caption":"Bak\u0131rc\u0131 garagineering"},"image":{"@id":"https:\/\/bakirci.com\/ekipman\/#logo"}},{"@type":"WebSite","@id":"https:\/\/bakirci.com\/ekipman\/#website","url":"https:\/\/bakirci.com\/ekipman\/","name":"Bak\u0131rc\u0131 Garagineering","description":"Otomotiv sekt\u00f6r\u00fcne \u00f6zel, \u201c\u00dcretici Standard\u0131nda\u201d \u00e7\u00f6z\u00fcmler\u2026","publisher":{"@id":"https:\/\/bakirci.com\/ekipman\/#organization"},"potentialAction":[{"@type":"SearchAction","target":{"@type":"EntryPoint","urlTemplate":"https:\/\/bakirci.com\/ekipman\/?s={search_term_string}"},"query-input":"required name=search_term_string"}],"inLanguage":"tr"},{"@type":"ImageObject","@id":"https:\/\/bakirci.com\/ekipman\/servis-ekipmanlari\/mekanik\/elektrikli-arac-sarj-istasyonlari\/terra-ac-wallbox-22-kw-kablolu-ekranli\/#primaryimage","inLanguage":"tr","url":"https:\/\/bakirci.com\/ekipman\/wp-content\/uploads\/2021\/01\/Terra-AC-Wallbox-22-kW-Kablolu-Ekranli-copy.jpg","contentUrl":"https:\/\/bakirci.com\/ekipman\/wp-content\/uploads\/2021\/01\/Terra-AC-Wallbox-22-kW-Kablolu-Ekranli-copy.jpg","width":1600,"height":1600,"caption":"AC \u015earj \u0130stasyonu - AC Wallbox 22 kW"},{"@type":"WebPage","@id":"https:\/\/bakirci.com\/ekipman\/servis-ekipmanlari\/mekanik\/elektrikli-arac-sarj-istasyonlari\/terra-ac-wallbox-22-kw-kablolu-ekranli\/#webpage","url":"https:\/\/bakirci.com\/ekipman\/servis-ekipmanlari\/mekanik\/elektrikli-arac-sarj-istasyonlari\/terra-ac-wallbox-22-kw-kablolu-ekranli\/","name":"AC \u015earj \u0130stasyonu - Terra AC Wallbox 22 kW - B-CHARGE","isPartOf":{"@id":"https:\/\/bakirci.com\/ekipman\/#website"},"primaryImageOfPage":{"@id":"https:\/\/bakirci.com\/ekipman\/servis-ekipmanlari\/mekanik\/elektrikli-arac-sarj-istasyonlari\/terra-ac-wallbox-22-kw-kablolu-ekranli\/#primaryimage"},"datePublished":"2021-01-01T01:05:09+00:00","dateModified":"2021-10-30T13:39:31+00:00","description":"AC \u015earj \u0130stasyonu - Terra AC Wallbox 22 kW - Kablolu ve Ekranl\u0131 - B-CHARGE - ABB - e-BAKIRCI - Elektrikli ara\u00e7lar i\u00e7in \u015farj istasyonlar\u0131","breadcrumb":{"@id":"https:\/\/bakirci.com\/ekipman\/servis-ekipmanlari\/mekanik\/elektrikli-arac-sarj-istasyonlari\/terra-ac-wallbox-22-kw-kablolu-ekranli\/#breadcrumb"},"inLanguage":"tr","potentialAction":[{"@type":"ReadAction","target":["https:\/\/bakirci.com\/ekipman\/servis-ekipmanlari\/mekanik\/elektrikli-arac-sarj-istasyonlari\/terra-ac-wallbox-22-kw-kablolu-ekranli\/"]}]},{"@type":"BreadcrumbList","@id":"https:\/\/bakirci.com\/ekipman\/servis-ekipmanlari\/mekanik\/elektrikli-arac-sarj-istasyonlari\/terra-ac-wallbox-22-kw-kablolu-ekranli\/#breadcrumb","itemListElement":[{"@type":"ListItem","position":1,"name":"Ekipman","item":"https:\/\/bakirci.com\/ekipman\/"},{"@type":"ListItem","position":2,"name":"Otomotiv Tesisleri \u0130\u00e7in Servis Ekipmanlar\u0131","item":"https:\/\/bakirci.com\/ekipman\/"},{"@type":"ListItem","position":3,"name":"AC \u015earj \u0130stasyonuABB (Born in SWITZERLAND)Terra AC Wallbox 22 kW (Kablolu + Ekranl\u0131)RFID, 4G, W\u0130F\u0130 ve Bluetooth \u00f6zellikli"}]}]}},"_links":{"self":[{"href":"https:\/\/bakirci.com\/ekipman\/wp-json\/wp\/v2\/product\/5548","targetHints":{"allow":["GET"]}}],"collection":[{"href":"https:\/\/bakirci.com\/ekipman\/wp-json\/wp\/v2\/product"}],"about":[{"href":"https:\/\/bakirci.com\/ekipman\/wp-json\/wp\/v2\/types\/product"}],"replies":[{"embeddable":true,"href":"https:\/\/bakirci.com\/ekipman\/wp-json\/wp\/v2\/comments?post=5548"}],"wp:featuredmedia":[{"embeddable":true,"href":"https:\/\/bakirci.com\/ekipman\/wp-json\/wp\/v2\/media\/5618"}],"wp:attachment":[{"href":"https:\/\/bakirci.com\/ekipman\/wp-json\/wp\/v2\/media?parent=5548"}],"wp:term":[{"taxonomy":"product_cat","embeddable":true,"href":"https:\/\/bakirci.com\/ekipman\/wp-json\/wp\/v2\/product_cat?post=5548"},{"taxonomy":"product_tag","embeddable":true,"href":"https:\/\/bakirci.com\/ekipman\/wp-json\/wp\/v2\/product_tag?post=5548"}],"curies":[{"name":"wp","href":"https:\/\/api.w.org\/{rel}","templated":true}]}}