{"id":5143,"date":"2021-01-01T09:08:55","date_gmt":"2021-01-01T09:08:55","guid":{"rendered":"https:\/\/j6l.65c.myftpupload.com\/?post_type=product&#038;p=5143"},"modified":"2021-10-30T14:02:49","modified_gmt":"2021-10-30T14:02:49","slug":"radyator-sivisi-toplama-unitesi-435000-s1-2","status":"publish","type":"product","link":"https:\/\/bakirci.com\/ekipman\/servis-ekipmanlari\/genel\/yag-hava-su-sistemleri\/atik-yag-sistemleri\/radyator-sivisi-toplama-unitesi-435000-s1-2\/","title":{"rendered":"<p class=\"ustmetin\">Radyat\u00f6r S\u0131v\u0131s\u0131 Toplama \u00dcnitesi <\/p><p class=\"ortametin\">SAMOA <span class=\"ortametin2\">(Born in SPAIN)<\/span><p class=\"altmetin\">435000-S1<\/p>"},"content":{"rendered":"<ul>\n<li>Radyat\u00f6r S\u0131v\u0131s\u0131 Toplama \u00dcnitesi &#8211; 435000-S1<\/li>\n<li>Hareketli \u00e7ekme kolu ve \u00e7elik g\u00f6vde yap\u0131s\u0131<\/li>\n<li>S\u0131\u00e7rama \u00f6nleyici ve kat\u0131 at\u0131k tutucu s\u00fczge\u00e7li \u0131zgara<\/li>\n<li>Hareket kolayl\u0131\u011f\u0131 sa\u011flayan tekerlek sistemi<\/li>\n<li>Tahliye pompa ba\u011flant\u0131s\u0131 (3\/4&#8243;)<\/li>\n<li>Ya\u011f toplama haznesi 20 lt<\/li>\n<\/ul>\n","protected":false},"excerpt":{"rendered":"<ul>\n<li>Radyat\u00f6r S\u0131v\u0131s\u0131 Toplama \u00dcnitesi &#8211; 435000-S1<\/li>\n<li>Hareketli \u00e7ekme kolu ve \u00e7elik g\u00f6vde yap\u0131s\u0131<\/li>\n<li>S\u0131\u00e7rama \u00f6nleyici ve kat\u0131 at\u0131k tutucu s\u00fczge\u00e7li \u0131zgara<\/li>\n<li>Hareket kolayl\u0131\u011f\u0131 sa\u011flayan tekerlek sistemi<\/li>\n<li>Tahliye pompa ba\u011flant\u0131s\u0131 (3\/4&#8243;)<\/li>\n<li>Ya\u011f toplama haznesi 20 lt<\/li>\n<\/ul>\n","protected":false},"featured_media":5145,"comment_status":"closed","ping_status":"closed","template":"","meta":[],"product_cat":[188],"product_tag":[737,348,739,738],"class_list":["post-5143","product","type-product","status-publish","has-post-thumbnail","hentry","pwb-brand-samoa","product_cat-atik-yag-sistemleri","product_tag-merkezi-yaglama-sistemi","product_tag-samoa","product_tag-yag-basma-sistemi","product_tag-yag-dagitim"],"brands":[{"id":381,"name":"SAMOA","slug":"samoa"}],"yoast_head":"<!-- This site is optimized with the Yoast SEO plugin v17.1 - https:\/\/yoast.com\/wordpress\/plugins\/seo\/ -->\n<title>Radyat\u00f6r S\u0131v\u0131s\u0131 Toplama \u00dcnitesi SAMOA (Born in SPAIN)435000-S1 - Bak\u0131rc\u0131 Garagineering<\/title>\n<meta name=\"robots\" content=\"index, follow, max-snippet:-1, max-image-preview:large, max-video-preview:-1\" \/>\n<link rel=\"canonical\" href=\"https:\/\/bakirci.com\/ekipman\/servis-ekipmanlari\/genel\/yag-hava-su-sistemleri\/atik-yag-sistemleri\/radyator-sivisi-toplama-unitesi-435000-s1-2\/\" \/>\n<meta property=\"og:locale\" content=\"tr_TR\" \/>\n<meta property=\"og:type\" content=\"article\" \/>\n<meta property=\"og:title\" content=\"Radyat\u00f6r S\u0131v\u0131s\u0131 Toplama \u00dcnitesi SAMOA (Born in SPAIN)435000-S1 - Bak\u0131rc\u0131 Garagineering\" \/>\n<meta property=\"og:description\" content=\"Radyat\u00f6r S\u0131v\u0131s\u0131 Toplama \u00dcnitesi - 435000-S1  Hareketli \u00e7ekme kolu ve \u00e7elik g\u00f6vde yap\u0131s\u0131  S\u0131\u00e7rama \u00f6nleyici ve kat\u0131 at\u0131k tutucu s\u00fczge\u00e7li \u0131zgara  Hareket kolayl\u0131\u011f\u0131 sa\u011flayan tekerlek sistemi  Tahliye pompa ba\u011flant\u0131s\u0131 (3\/4&quot;)  Ya\u011f toplama haznesi 20 lt\" \/>\n<meta property=\"og:url\" content=\"https:\/\/bakirci.com\/ekipman\/servis-ekipmanlari\/genel\/yag-hava-su-sistemleri\/atik-yag-sistemleri\/radyator-sivisi-toplama-unitesi-435000-s1-2\/\" \/>\n<meta property=\"og:site_name\" content=\"Bak\u0131rc\u0131 Garagineering\" \/>\n<meta property=\"article:publisher\" content=\"https:\/\/www.facebook.com\/bakirci.garagineering\" \/>\n<meta property=\"article:modified_time\" content=\"2021-10-30T14:02:49+00:00\" \/>\n<meta property=\"og:image\" content=\"https:\/\/bakirci.com\/ekipman\/wp-content\/uploads\/2021\/01\/435000-S1.png\" \/>\n\t<meta property=\"og:image:width\" content=\"925\" \/>\n\t<meta property=\"og:image:height\" content=\"925\" \/>\n<meta name=\"twitter:card\" content=\"summary_large_image\" \/>\n<meta name=\"twitter:label1\" content=\"Tahmini okuma s\u00fcresi\" \/>\n\t<meta name=\"twitter:data1\" content=\"1 dakika\" \/>\n<script type=\"application\/ld+json\" class=\"yoast-schema-graph\">{\"@context\":\"https:\/\/schema.org\",\"@graph\":[{\"@type\":\"Organization\",\"@id\":\"https:\/\/bakirci.com\/ekipman\/#organization\",\"name\":\"Bak\\u0131rc\\u0131 garagineering\",\"url\":\"https:\/\/bakirci.com\/ekipman\/\",\"sameAs\":[\"https:\/\/www.facebook.com\/bakirci.garagineering\",\"https:\/\/www.instagram.com\/bakirci.garagineering\/\",\"https:\/\/www.linkedin.com\/company\/bakirci-garagineering\/\",\"https:\/\/www.youtube.com\/channel\/UCiVG6s_jALJ6Zk8085XiOQg\"],\"logo\":{\"@type\":\"ImageObject\",\"@id\":\"https:\/\/bakirci.com\/ekipman\/#logo\",\"inLanguage\":\"tr\",\"url\":\"https:\/\/bakirci.com\/ekipman\/wp-content\/uploads\/2021\/09\/Bakirci-logo-lacivert.png\",\"contentUrl\":\"https:\/\/bakirci.com\/ekipman\/wp-content\/uploads\/2021\/09\/Bakirci-logo-lacivert.png\",\"width\":501,\"height\":501,\"caption\":\"Bak\\u0131rc\\u0131 garagineering\"},\"image\":{\"@id\":\"https:\/\/bakirci.com\/ekipman\/#logo\"}},{\"@type\":\"WebSite\",\"@id\":\"https:\/\/bakirci.com\/ekipman\/#website\",\"url\":\"https:\/\/bakirci.com\/ekipman\/\",\"name\":\"Bak\\u0131rc\\u0131 Garagineering\",\"description\":\"Otomotiv sekt\\u00f6r\\u00fcne \\u00f6zel, \\u201c\\u00dcretici Standard\\u0131nda\\u201d \\u00e7\\u00f6z\\u00fcmler\\u2026\",\"publisher\":{\"@id\":\"https:\/\/bakirci.com\/ekipman\/#organization\"},\"potentialAction\":[{\"@type\":\"SearchAction\",\"target\":{\"@type\":\"EntryPoint\",\"urlTemplate\":\"https:\/\/bakirci.com\/ekipman\/?s={search_term_string}\"},\"query-input\":\"required name=search_term_string\"}],\"inLanguage\":\"tr\"},{\"@type\":\"ImageObject\",\"@id\":\"https:\/\/bakirci.com\/ekipman\/servis-ekipmanlari\/genel\/yag-hava-su-sistemleri\/atik-yag-sistemleri\/radyator-sivisi-toplama-unitesi-435000-s1-2\/#primaryimage\",\"inLanguage\":\"tr\",\"url\":\"https:\/\/bakirci.com\/ekipman\/wp-content\/uploads\/2021\/01\/435000-S1.png\",\"contentUrl\":\"https:\/\/bakirci.com\/ekipman\/wp-content\/uploads\/2021\/01\/435000-S1.png\",\"width\":925,\"height\":925},{\"@type\":\"WebPage\",\"@id\":\"https:\/\/bakirci.com\/ekipman\/servis-ekipmanlari\/genel\/yag-hava-su-sistemleri\/atik-yag-sistemleri\/radyator-sivisi-toplama-unitesi-435000-s1-2\/#webpage\",\"url\":\"https:\/\/bakirci.com\/ekipman\/servis-ekipmanlari\/genel\/yag-hava-su-sistemleri\/atik-yag-sistemleri\/radyator-sivisi-toplama-unitesi-435000-s1-2\/\",\"name\":\"Radyat\\u00f6r S\\u0131v\\u0131s\\u0131 Toplama \\u00dcnitesi SAMOA (Born in SPAIN)435000-S1 - Bak\\u0131rc\\u0131 Garagineering\",\"isPartOf\":{\"@id\":\"https:\/\/bakirci.com\/ekipman\/#website\"},\"primaryImageOfPage\":{\"@id\":\"https:\/\/bakirci.com\/ekipman\/servis-ekipmanlari\/genel\/yag-hava-su-sistemleri\/atik-yag-sistemleri\/radyator-sivisi-toplama-unitesi-435000-s1-2\/#primaryimage\"},\"datePublished\":\"2021-01-01T09:08:55+00:00\",\"dateModified\":\"2021-10-30T14:02:49+00:00\",\"breadcrumb\":{\"@id\":\"https:\/\/bakirci.com\/ekipman\/servis-ekipmanlari\/genel\/yag-hava-su-sistemleri\/atik-yag-sistemleri\/radyator-sivisi-toplama-unitesi-435000-s1-2\/#breadcrumb\"},\"inLanguage\":\"tr\",\"potentialAction\":[{\"@type\":\"ReadAction\",\"target\":[\"https:\/\/bakirci.com\/ekipman\/servis-ekipmanlari\/genel\/yag-hava-su-sistemleri\/atik-yag-sistemleri\/radyator-sivisi-toplama-unitesi-435000-s1-2\/\"]}]},{\"@type\":\"BreadcrumbList\",\"@id\":\"https:\/\/bakirci.com\/ekipman\/servis-ekipmanlari\/genel\/yag-hava-su-sistemleri\/atik-yag-sistemleri\/radyator-sivisi-toplama-unitesi-435000-s1-2\/#breadcrumb\",\"itemListElement\":[{\"@type\":\"ListItem\",\"position\":1,\"name\":\"Ekipman\",\"item\":\"https:\/\/bakirci.com\/ekipman\/\"},{\"@type\":\"ListItem\",\"position\":2,\"name\":\"Otomotiv Tesisleri \\u0130\\u00e7in Servis Ekipmanlar\\u0131\",\"item\":\"https:\/\/bakirci.com\/ekipman\/\"},{\"@type\":\"ListItem\",\"position\":3,\"name\":\"Radyat\\u00f6r S\\u0131v\\u0131s\\u0131 Toplama \\u00dcnitesi SAMOA (Born in SPAIN)435000-S1\"}]}]}<\/script>\n<!-- \/ Yoast SEO plugin. -->","yoast_head_json":{"title":"Radyat\u00f6r S\u0131v\u0131s\u0131 Toplama \u00dcnitesi SAMOA (Born in SPAIN)435000-S1 - Bak\u0131rc\u0131 Garagineering","robots":{"index":"index","follow":"follow","max-snippet":"max-snippet:-1","max-image-preview":"max-image-preview:large","max-video-preview":"max-video-preview:-1"},"canonical":"https:\/\/bakirci.com\/ekipman\/servis-ekipmanlari\/genel\/yag-hava-su-sistemleri\/atik-yag-sistemleri\/radyator-sivisi-toplama-unitesi-435000-s1-2\/","og_locale":"tr_TR","og_type":"article","og_title":"Radyat\u00f6r S\u0131v\u0131s\u0131 Toplama \u00dcnitesi SAMOA (Born in SPAIN)435000-S1 - Bak\u0131rc\u0131 Garagineering","og_description":"Radyat\u00f6r S\u0131v\u0131s\u0131 Toplama \u00dcnitesi - 435000-S1  Hareketli \u00e7ekme kolu ve \u00e7elik g\u00f6vde yap\u0131s\u0131  S\u0131\u00e7rama \u00f6nleyici ve kat\u0131 at\u0131k tutucu s\u00fczge\u00e7li \u0131zgara  Hareket kolayl\u0131\u011f\u0131 sa\u011flayan tekerlek sistemi  Tahliye pompa ba\u011flant\u0131s\u0131 (3\/4\")  Ya\u011f toplama haznesi 20 lt","og_url":"https:\/\/bakirci.com\/ekipman\/servis-ekipmanlari\/genel\/yag-hava-su-sistemleri\/atik-yag-sistemleri\/radyator-sivisi-toplama-unitesi-435000-s1-2\/","og_site_name":"Bak\u0131rc\u0131 Garagineering","article_publisher":"https:\/\/www.facebook.com\/bakirci.garagineering","article_modified_time":"2021-10-30T14:02:49+00:00","og_image":[{"width":925,"height":925,"url":"https:\/\/bakirci.com\/ekipman\/wp-content\/uploads\/2021\/01\/435000-S1.png","path":"\/home\/bakirciwebsitesi\/public_html\/ekipman\/wp-content\/uploads\/2021\/01\/435000-S1.png","size":"full","id":5145,"alt":"","pixels":855625,"type":"image\/png"}],"twitter_card":"summary_large_image","twitter_misc":{"Tahmini okuma s\u00fcresi":"1 dakika"},"schema":{"@context":"https:\/\/schema.org","@graph":[{"@type":"Organization","@id":"https:\/\/bakirci.com\/ekipman\/#organization","name":"Bak\u0131rc\u0131 garagineering","url":"https:\/\/bakirci.com\/ekipman\/","sameAs":["https:\/\/www.facebook.com\/bakirci.garagineering","https:\/\/www.instagram.com\/bakirci.garagineering\/","https:\/\/www.linkedin.com\/company\/bakirci-garagineering\/","https:\/\/www.youtube.com\/channel\/UCiVG6s_jALJ6Zk8085XiOQg"],"logo":{"@type":"ImageObject","@id":"https:\/\/bakirci.com\/ekipman\/#logo","inLanguage":"tr","url":"https:\/\/bakirci.com\/ekipman\/wp-content\/uploads\/2021\/09\/Bakirci-logo-lacivert.png","contentUrl":"https:\/\/bakirci.com\/ekipman\/wp-content\/uploads\/2021\/09\/Bakirci-logo-lacivert.png","width":501,"height":501,"caption":"Bak\u0131rc\u0131 garagineering"},"image":{"@id":"https:\/\/bakirci.com\/ekipman\/#logo"}},{"@type":"WebSite","@id":"https:\/\/bakirci.com\/ekipman\/#website","url":"https:\/\/bakirci.com\/ekipman\/","name":"Bak\u0131rc\u0131 Garagineering","description":"Otomotiv sekt\u00f6r\u00fcne \u00f6zel, \u201c\u00dcretici Standard\u0131nda\u201d \u00e7\u00f6z\u00fcmler\u2026","publisher":{"@id":"https:\/\/bakirci.com\/ekipman\/#organization"},"potentialAction":[{"@type":"SearchAction","target":{"@type":"EntryPoint","urlTemplate":"https:\/\/bakirci.com\/ekipman\/?s={search_term_string}"},"query-input":"required name=search_term_string"}],"inLanguage":"tr"},{"@type":"ImageObject","@id":"https:\/\/bakirci.com\/ekipman\/servis-ekipmanlari\/genel\/yag-hava-su-sistemleri\/atik-yag-sistemleri\/radyator-sivisi-toplama-unitesi-435000-s1-2\/#primaryimage","inLanguage":"tr","url":"https:\/\/bakirci.com\/ekipman\/wp-content\/uploads\/2021\/01\/435000-S1.png","contentUrl":"https:\/\/bakirci.com\/ekipman\/wp-content\/uploads\/2021\/01\/435000-S1.png","width":925,"height":925},{"@type":"WebPage","@id":"https:\/\/bakirci.com\/ekipman\/servis-ekipmanlari\/genel\/yag-hava-su-sistemleri\/atik-yag-sistemleri\/radyator-sivisi-toplama-unitesi-435000-s1-2\/#webpage","url":"https:\/\/bakirci.com\/ekipman\/servis-ekipmanlari\/genel\/yag-hava-su-sistemleri\/atik-yag-sistemleri\/radyator-sivisi-toplama-unitesi-435000-s1-2\/","name":"Radyat\u00f6r S\u0131v\u0131s\u0131 Toplama \u00dcnitesi SAMOA (Born in SPAIN)435000-S1 - Bak\u0131rc\u0131 Garagineering","isPartOf":{"@id":"https:\/\/bakirci.com\/ekipman\/#website"},"primaryImageOfPage":{"@id":"https:\/\/bakirci.com\/ekipman\/servis-ekipmanlari\/genel\/yag-hava-su-sistemleri\/atik-yag-sistemleri\/radyator-sivisi-toplama-unitesi-435000-s1-2\/#primaryimage"},"datePublished":"2021-01-01T09:08:55+00:00","dateModified":"2021-10-30T14:02:49+00:00","breadcrumb":{"@id":"https:\/\/bakirci.com\/ekipman\/servis-ekipmanlari\/genel\/yag-hava-su-sistemleri\/atik-yag-sistemleri\/radyator-sivisi-toplama-unitesi-435000-s1-2\/#breadcrumb"},"inLanguage":"tr","potentialAction":[{"@type":"ReadAction","target":["https:\/\/bakirci.com\/ekipman\/servis-ekipmanlari\/genel\/yag-hava-su-sistemleri\/atik-yag-sistemleri\/radyator-sivisi-toplama-unitesi-435000-s1-2\/"]}]},{"@type":"BreadcrumbList","@id":"https:\/\/bakirci.com\/ekipman\/servis-ekipmanlari\/genel\/yag-hava-su-sistemleri\/atik-yag-sistemleri\/radyator-sivisi-toplama-unitesi-435000-s1-2\/#breadcrumb","itemListElement":[{"@type":"ListItem","position":1,"name":"Ekipman","item":"https:\/\/bakirci.com\/ekipman\/"},{"@type":"ListItem","position":2,"name":"Otomotiv Tesisleri \u0130\u00e7in Servis Ekipmanlar\u0131","item":"https:\/\/bakirci.com\/ekipman\/"},{"@type":"ListItem","position":3,"name":"Radyat\u00f6r S\u0131v\u0131s\u0131 Toplama \u00dcnitesi SAMOA (Born in SPAIN)435000-S1"}]}]}},"_links":{"self":[{"href":"https:\/\/bakirci.com\/ekipman\/wp-json\/wp\/v2\/product\/5143","targetHints":{"allow":["GET"]}}],"collection":[{"href":"https:\/\/bakirci.com\/ekipman\/wp-json\/wp\/v2\/product"}],"about":[{"href":"https:\/\/bakirci.com\/ekipman\/wp-json\/wp\/v2\/types\/product"}],"replies":[{"embeddable":true,"href":"https:\/\/bakirci.com\/ekipman\/wp-json\/wp\/v2\/comments?post=5143"}],"wp:featuredmedia":[{"embeddable":true,"href":"https:\/\/bakirci.com\/ekipman\/wp-json\/wp\/v2\/media\/5145"}],"wp:attachment":[{"href":"https:\/\/bakirci.com\/ekipman\/wp-json\/wp\/v2\/media?parent=5143"}],"wp:term":[{"taxonomy":"product_cat","embeddable":true,"href":"https:\/\/bakirci.com\/ekipman\/wp-json\/wp\/v2\/product_cat?post=5143"},{"taxonomy":"product_tag","embeddable":true,"href":"https:\/\/bakirci.com\/ekipman\/wp-json\/wp\/v2\/product_tag?post=5143"}],"curies":[{"name":"wp","href":"https:\/\/api.w.org\/{rel}","templated":true}]}}