{"id":4673,"date":"2021-01-01T10:50:24","date_gmt":"2021-01-01T10:50:24","guid":{"rendered":"https:\/\/j6l.65c.myftpupload.com\/?post_type=product&#038;p=4673"},"modified":"2021-10-30T14:07:01","modified_gmt":"2021-10-30T14:07:01","slug":"portatif-parca-tasima-ve-boyama-sehpasi","status":"publish","type":"product","link":"https:\/\/bakirci.com\/ekipman\/servis-ekipmanlari\/boya\/boya-yardimci-ekipmanlari\/portatif-parca-tasima-ve-boyama-sehpasi\/","title":{"rendered":"<p class=\"ustmetin\">Portatif Par\u00e7a Ta\u015f\u0131ma ve Boyama Sehpas\u0131<\/p><p class=\"ortametin\">GYS <span class=\"ortametin2\">(Born in FRANCE)<\/span><p class=\"altmetin\"><\/p>"},"content":{"rendered":"<ul>\n<li>Portatif Par\u00e7a Ta\u015f\u0131ma ve Boyama Sehpas\u0131<\/li>\n<li>Ta\u015flama, z\u0131mparalama, dolgu macunu ve cila uygulamalar\u0131n\u0131n yap\u0131lmas\u0131 i\u00e7in ideal<\/li>\n<li>T\u00fcm otomobil markalar\u0131n\u0131n fabrika deliklerine kar\u015f\u0131l\u0131k gelen, 750 mm uzunlu\u011funda \u00fcniversal ba\u011flant\u0131 \u00e7ubuklar\u0131 ile kolay sabitleme<\/li>\n<li>Plastik par\u00e7alar\u0131 sabitlemek i\u00e7in 450 mm uzunlu\u011funda s\u00fcspansiyonlu par\u00e7a<\/li>\n<li>Di\u015fli bir tekerlek ile 360\u00ba d\u00f6nme ile par\u00e7a \u00fczerinde rahat \u00e7al\u0131\u015fma imkan\u0131<\/li>\n<\/ul>\n","protected":false},"excerpt":{"rendered":"<ul>\n<li>Portatif Par\u00e7a Ta\u015f\u0131ma ve Boyama Sehpas\u0131<\/li>\n<li>Ta\u015flama, z\u0131mparalama, dolgu macunu ve cila uygulamalar\u0131n\u0131n yap\u0131lmas\u0131 i\u00e7in ideal<\/li>\n<li>T\u00fcm otomobil markalar\u0131n\u0131n fabrika deliklerine kar\u015f\u0131l\u0131k gelen, 750 mm uzunlu\u011funda \u00fcniversal ba\u011flant\u0131 \u00e7ubuklar\u0131 ile kolay sabitleme<\/li>\n<li>Plastik par\u00e7alar\u0131 sabitlemek i\u00e7in 450 mm uzunlu\u011funda s\u00fcspansiyonlu par\u00e7a<\/li>\n<li>Di\u015fli bir tekerlek ile 360\u00ba d\u00f6nme ile par\u00e7a \u00fczerinde rahat \u00e7al\u0131\u015fma imkan\u0131<\/li>\n<\/ul>\n","protected":false},"featured_media":4808,"comment_status":"closed","ping_status":"closed","template":"","meta":[],"product_cat":[178],"product_tag":[346],"class_list":["post-4673","product","type-product","status-publish","has-post-thumbnail","hentry","product_cat-boya-yardimci-ekipmanlari","product_tag-gys"],"brands":[],"yoast_head":"<!-- This site is optimized with the Yoast SEO plugin v17.1 - https:\/\/yoast.com\/wordpress\/plugins\/seo\/ -->\n<title>Portatif Par\u00e7a Ta\u015f\u0131ma ve Boyama Sehpas\u0131GYS (Born in FRANCE) - Bak\u0131rc\u0131 Garagineering<\/title>\n<meta name=\"robots\" content=\"index, follow, max-snippet:-1, max-image-preview:large, max-video-preview:-1\" \/>\n<link rel=\"canonical\" href=\"https:\/\/bakirci.com\/ekipman\/servis-ekipmanlari\/boya\/boya-yardimci-ekipmanlari\/portatif-parca-tasima-ve-boyama-sehpasi\/\" \/>\n<meta property=\"og:locale\" content=\"tr_TR\" \/>\n<meta property=\"og:type\" content=\"article\" \/>\n<meta property=\"og:title\" content=\"Portatif Par\u00e7a Ta\u015f\u0131ma ve Boyama Sehpas\u0131GYS (Born in FRANCE) - Bak\u0131rc\u0131 Garagineering\" \/>\n<meta property=\"og:description\" content=\"Portatif Par\u00e7a Ta\u015f\u0131ma ve Boyama Sehpas\u0131  Ta\u015flama, z\u0131mparalama, dolgu macunu ve cila uygulamalar\u0131n\u0131n yap\u0131lmas\u0131 i\u00e7in ideal  T\u00fcm otomobil markalar\u0131n\u0131n fabrika deliklerine kar\u015f\u0131l\u0131k gelen, 750 mm uzunlu\u011funda \u00fcniversal ba\u011flant\u0131 \u00e7ubuklar\u0131 ile kolay sabitleme  Plastik par\u00e7alar\u0131 sabitlemek i\u00e7in 450 mm uzunlu\u011funda s\u00fcspansiyonlu par\u00e7a  Di\u015fli bir tekerlek ile 360\u00ba d\u00f6nme ile par\u00e7a \u00fczerinde rahat \u00e7al\u0131\u015fma imkan\u0131\" \/>\n<meta property=\"og:url\" content=\"https:\/\/bakirci.com\/ekipman\/servis-ekipmanlari\/boya\/boya-yardimci-ekipmanlari\/portatif-parca-tasima-ve-boyama-sehpasi\/\" \/>\n<meta property=\"og:site_name\" content=\"Bak\u0131rc\u0131 Garagineering\" \/>\n<meta property=\"article:publisher\" content=\"https:\/\/www.facebook.com\/bakirci.garagineering\" \/>\n<meta property=\"article:modified_time\" content=\"2021-10-30T14:07:01+00:00\" \/>\n<meta property=\"og:image\" content=\"https:\/\/bakirci.com\/ekipman\/wp-content\/uploads\/2021\/06\/Boyama-Sehpasi.png\" \/>\n\t<meta property=\"og:image:width\" content=\"1025\" \/>\n\t<meta property=\"og:image:height\" content=\"1025\" \/>\n<meta name=\"twitter:card\" content=\"summary_large_image\" \/>\n<meta name=\"twitter:label1\" content=\"Tahmini okuma s\u00fcresi\" \/>\n\t<meta name=\"twitter:data1\" content=\"1 dakika\" \/>\n<script type=\"application\/ld+json\" class=\"yoast-schema-graph\">{\"@context\":\"https:\/\/schema.org\",\"@graph\":[{\"@type\":\"Organization\",\"@id\":\"https:\/\/bakirci.com\/ekipman\/#organization\",\"name\":\"Bak\\u0131rc\\u0131 garagineering\",\"url\":\"https:\/\/bakirci.com\/ekipman\/\",\"sameAs\":[\"https:\/\/www.facebook.com\/bakirci.garagineering\",\"https:\/\/www.instagram.com\/bakirci.garagineering\/\",\"https:\/\/www.linkedin.com\/company\/bakirci-garagineering\/\",\"https:\/\/www.youtube.com\/channel\/UCiVG6s_jALJ6Zk8085XiOQg\"],\"logo\":{\"@type\":\"ImageObject\",\"@id\":\"https:\/\/bakirci.com\/ekipman\/#logo\",\"inLanguage\":\"tr\",\"url\":\"https:\/\/bakirci.com\/ekipman\/wp-content\/uploads\/2021\/09\/Bakirci-logo-lacivert.png\",\"contentUrl\":\"https:\/\/bakirci.com\/ekipman\/wp-content\/uploads\/2021\/09\/Bakirci-logo-lacivert.png\",\"width\":501,\"height\":501,\"caption\":\"Bak\\u0131rc\\u0131 garagineering\"},\"image\":{\"@id\":\"https:\/\/bakirci.com\/ekipman\/#logo\"}},{\"@type\":\"WebSite\",\"@id\":\"https:\/\/bakirci.com\/ekipman\/#website\",\"url\":\"https:\/\/bakirci.com\/ekipman\/\",\"name\":\"Bak\\u0131rc\\u0131 Garagineering\",\"description\":\"Otomotiv sekt\\u00f6r\\u00fcne \\u00f6zel, \\u201c\\u00dcretici Standard\\u0131nda\\u201d \\u00e7\\u00f6z\\u00fcmler\\u2026\",\"publisher\":{\"@id\":\"https:\/\/bakirci.com\/ekipman\/#organization\"},\"potentialAction\":[{\"@type\":\"SearchAction\",\"target\":{\"@type\":\"EntryPoint\",\"urlTemplate\":\"https:\/\/bakirci.com\/ekipman\/?s={search_term_string}\"},\"query-input\":\"required name=search_term_string\"}],\"inLanguage\":\"tr\"},{\"@type\":\"ImageObject\",\"@id\":\"https:\/\/bakirci.com\/ekipman\/servis-ekipmanlari\/boya\/boya-yardimci-ekipmanlari\/portatif-parca-tasima-ve-boyama-sehpasi\/#primaryimage\",\"inLanguage\":\"tr\",\"url\":\"https:\/\/bakirci.com\/ekipman\/wp-content\/uploads\/2021\/06\/Boyama-Sehpasi.png\",\"contentUrl\":\"https:\/\/bakirci.com\/ekipman\/wp-content\/uploads\/2021\/06\/Boyama-Sehpasi.png\",\"width\":1025,\"height\":1025},{\"@type\":\"WebPage\",\"@id\":\"https:\/\/bakirci.com\/ekipman\/servis-ekipmanlari\/boya\/boya-yardimci-ekipmanlari\/portatif-parca-tasima-ve-boyama-sehpasi\/#webpage\",\"url\":\"https:\/\/bakirci.com\/ekipman\/servis-ekipmanlari\/boya\/boya-yardimci-ekipmanlari\/portatif-parca-tasima-ve-boyama-sehpasi\/\",\"name\":\"Portatif Par\\u00e7a Ta\\u015f\\u0131ma ve Boyama Sehpas\\u0131 GYS (Born in FRANCE) - Bak\\u0131rc\\u0131 Garagineering\",\"isPartOf\":{\"@id\":\"https:\/\/bakirci.com\/ekipman\/#website\"},\"primaryImageOfPage\":{\"@id\":\"https:\/\/bakirci.com\/ekipman\/servis-ekipmanlari\/boya\/boya-yardimci-ekipmanlari\/portatif-parca-tasima-ve-boyama-sehpasi\/#primaryimage\"},\"datePublished\":\"2021-01-01T10:50:24+00:00\",\"dateModified\":\"2021-10-30T14:07:01+00:00\",\"breadcrumb\":{\"@id\":\"https:\/\/bakirci.com\/ekipman\/servis-ekipmanlari\/boya\/boya-yardimci-ekipmanlari\/portatif-parca-tasima-ve-boyama-sehpasi\/#breadcrumb\"},\"inLanguage\":\"tr\",\"potentialAction\":[{\"@type\":\"ReadAction\",\"target\":[\"https:\/\/bakirci.com\/ekipman\/servis-ekipmanlari\/boya\/boya-yardimci-ekipmanlari\/portatif-parca-tasima-ve-boyama-sehpasi\/\"]}]},{\"@type\":\"BreadcrumbList\",\"@id\":\"https:\/\/bakirci.com\/ekipman\/servis-ekipmanlari\/boya\/boya-yardimci-ekipmanlari\/portatif-parca-tasima-ve-boyama-sehpasi\/#breadcrumb\",\"itemListElement\":[{\"@type\":\"ListItem\",\"position\":1,\"name\":\"Ekipman\",\"item\":\"https:\/\/bakirci.com\/ekipman\/\"},{\"@type\":\"ListItem\",\"position\":2,\"name\":\"Otomotiv Tesisleri \\u0130\\u00e7in Servis Ekipmanlar\\u0131\",\"item\":\"https:\/\/bakirci.com\/ekipman\/\"},{\"@type\":\"ListItem\",\"position\":3,\"name\":\"Portatif Par\\u00e7a Ta\\u015f\\u0131ma ve Boyama Sehpas\\u0131GYS (Born in FRANCE)\"}]}]}<\/script>\n<!-- \/ Yoast SEO plugin. -->","yoast_head_json":{"title":"Portatif Par\u00e7a Ta\u015f\u0131ma ve Boyama Sehpas\u0131GYS (Born in FRANCE) - Bak\u0131rc\u0131 Garagineering","robots":{"index":"index","follow":"follow","max-snippet":"max-snippet:-1","max-image-preview":"max-image-preview:large","max-video-preview":"max-video-preview:-1"},"canonical":"https:\/\/bakirci.com\/ekipman\/servis-ekipmanlari\/boya\/boya-yardimci-ekipmanlari\/portatif-parca-tasima-ve-boyama-sehpasi\/","og_locale":"tr_TR","og_type":"article","og_title":"Portatif Par\u00e7a Ta\u015f\u0131ma ve Boyama Sehpas\u0131GYS (Born in FRANCE) - Bak\u0131rc\u0131 Garagineering","og_description":"Portatif Par\u00e7a Ta\u015f\u0131ma ve Boyama Sehpas\u0131  Ta\u015flama, z\u0131mparalama, dolgu macunu ve cila uygulamalar\u0131n\u0131n yap\u0131lmas\u0131 i\u00e7in ideal  T\u00fcm otomobil markalar\u0131n\u0131n fabrika deliklerine kar\u015f\u0131l\u0131k gelen, 750 mm uzunlu\u011funda \u00fcniversal ba\u011flant\u0131 \u00e7ubuklar\u0131 ile kolay sabitleme  Plastik par\u00e7alar\u0131 sabitlemek i\u00e7in 450 mm uzunlu\u011funda s\u00fcspansiyonlu par\u00e7a  Di\u015fli bir tekerlek ile 360\u00ba d\u00f6nme ile par\u00e7a \u00fczerinde rahat \u00e7al\u0131\u015fma imkan\u0131","og_url":"https:\/\/bakirci.com\/ekipman\/servis-ekipmanlari\/boya\/boya-yardimci-ekipmanlari\/portatif-parca-tasima-ve-boyama-sehpasi\/","og_site_name":"Bak\u0131rc\u0131 Garagineering","article_publisher":"https:\/\/www.facebook.com\/bakirci.garagineering","article_modified_time":"2021-10-30T14:07:01+00:00","og_image":[{"width":1025,"height":1025,"url":"https:\/\/bakirci.com\/ekipman\/wp-content\/uploads\/2021\/06\/Boyama-Sehpasi.png","path":"\/home\/bakirciwebsitesi\/public_html\/ekipman\/wp-content\/uploads\/2021\/06\/Boyama-Sehpasi.png","size":"full","id":4808,"alt":"","pixels":1050625,"type":"image\/png"}],"twitter_card":"summary_large_image","twitter_misc":{"Tahmini okuma s\u00fcresi":"1 dakika"},"schema":{"@context":"https:\/\/schema.org","@graph":[{"@type":"Organization","@id":"https:\/\/bakirci.com\/ekipman\/#organization","name":"Bak\u0131rc\u0131 garagineering","url":"https:\/\/bakirci.com\/ekipman\/","sameAs":["https:\/\/www.facebook.com\/bakirci.garagineering","https:\/\/www.instagram.com\/bakirci.garagineering\/","https:\/\/www.linkedin.com\/company\/bakirci-garagineering\/","https:\/\/www.youtube.com\/channel\/UCiVG6s_jALJ6Zk8085XiOQg"],"logo":{"@type":"ImageObject","@id":"https:\/\/bakirci.com\/ekipman\/#logo","inLanguage":"tr","url":"https:\/\/bakirci.com\/ekipman\/wp-content\/uploads\/2021\/09\/Bakirci-logo-lacivert.png","contentUrl":"https:\/\/bakirci.com\/ekipman\/wp-content\/uploads\/2021\/09\/Bakirci-logo-lacivert.png","width":501,"height":501,"caption":"Bak\u0131rc\u0131 garagineering"},"image":{"@id":"https:\/\/bakirci.com\/ekipman\/#logo"}},{"@type":"WebSite","@id":"https:\/\/bakirci.com\/ekipman\/#website","url":"https:\/\/bakirci.com\/ekipman\/","name":"Bak\u0131rc\u0131 Garagineering","description":"Otomotiv sekt\u00f6r\u00fcne \u00f6zel, \u201c\u00dcretici Standard\u0131nda\u201d \u00e7\u00f6z\u00fcmler\u2026","publisher":{"@id":"https:\/\/bakirci.com\/ekipman\/#organization"},"potentialAction":[{"@type":"SearchAction","target":{"@type":"EntryPoint","urlTemplate":"https:\/\/bakirci.com\/ekipman\/?s={search_term_string}"},"query-input":"required name=search_term_string"}],"inLanguage":"tr"},{"@type":"ImageObject","@id":"https:\/\/bakirci.com\/ekipman\/servis-ekipmanlari\/boya\/boya-yardimci-ekipmanlari\/portatif-parca-tasima-ve-boyama-sehpasi\/#primaryimage","inLanguage":"tr","url":"https:\/\/bakirci.com\/ekipman\/wp-content\/uploads\/2021\/06\/Boyama-Sehpasi.png","contentUrl":"https:\/\/bakirci.com\/ekipman\/wp-content\/uploads\/2021\/06\/Boyama-Sehpasi.png","width":1025,"height":1025},{"@type":"WebPage","@id":"https:\/\/bakirci.com\/ekipman\/servis-ekipmanlari\/boya\/boya-yardimci-ekipmanlari\/portatif-parca-tasima-ve-boyama-sehpasi\/#webpage","url":"https:\/\/bakirci.com\/ekipman\/servis-ekipmanlari\/boya\/boya-yardimci-ekipmanlari\/portatif-parca-tasima-ve-boyama-sehpasi\/","name":"Portatif Par\u00e7a Ta\u015f\u0131ma ve Boyama Sehpas\u0131 GYS (Born in FRANCE) - Bak\u0131rc\u0131 Garagineering","isPartOf":{"@id":"https:\/\/bakirci.com\/ekipman\/#website"},"primaryImageOfPage":{"@id":"https:\/\/bakirci.com\/ekipman\/servis-ekipmanlari\/boya\/boya-yardimci-ekipmanlari\/portatif-parca-tasima-ve-boyama-sehpasi\/#primaryimage"},"datePublished":"2021-01-01T10:50:24+00:00","dateModified":"2021-10-30T14:07:01+00:00","breadcrumb":{"@id":"https:\/\/bakirci.com\/ekipman\/servis-ekipmanlari\/boya\/boya-yardimci-ekipmanlari\/portatif-parca-tasima-ve-boyama-sehpasi\/#breadcrumb"},"inLanguage":"tr","potentialAction":[{"@type":"ReadAction","target":["https:\/\/bakirci.com\/ekipman\/servis-ekipmanlari\/boya\/boya-yardimci-ekipmanlari\/portatif-parca-tasima-ve-boyama-sehpasi\/"]}]},{"@type":"BreadcrumbList","@id":"https:\/\/bakirci.com\/ekipman\/servis-ekipmanlari\/boya\/boya-yardimci-ekipmanlari\/portatif-parca-tasima-ve-boyama-sehpasi\/#breadcrumb","itemListElement":[{"@type":"ListItem","position":1,"name":"Ekipman","item":"https:\/\/bakirci.com\/ekipman\/"},{"@type":"ListItem","position":2,"name":"Otomotiv Tesisleri \u0130\u00e7in Servis Ekipmanlar\u0131","item":"https:\/\/bakirci.com\/ekipman\/"},{"@type":"ListItem","position":3,"name":"Portatif Par\u00e7a Ta\u015f\u0131ma ve Boyama Sehpas\u0131GYS (Born in FRANCE)"}]}]}},"_links":{"self":[{"href":"https:\/\/bakirci.com\/ekipman\/wp-json\/wp\/v2\/product\/4673","targetHints":{"allow":["GET"]}}],"collection":[{"href":"https:\/\/bakirci.com\/ekipman\/wp-json\/wp\/v2\/product"}],"about":[{"href":"https:\/\/bakirci.com\/ekipman\/wp-json\/wp\/v2\/types\/product"}],"replies":[{"embeddable":true,"href":"https:\/\/bakirci.com\/ekipman\/wp-json\/wp\/v2\/comments?post=4673"}],"wp:featuredmedia":[{"embeddable":true,"href":"https:\/\/bakirci.com\/ekipman\/wp-json\/wp\/v2\/media\/4808"}],"wp:attachment":[{"href":"https:\/\/bakirci.com\/ekipman\/wp-json\/wp\/v2\/media?parent=4673"}],"wp:term":[{"taxonomy":"product_cat","embeddable":true,"href":"https:\/\/bakirci.com\/ekipman\/wp-json\/wp\/v2\/product_cat?post=4673"},{"taxonomy":"product_tag","embeddable":true,"href":"https:\/\/bakirci.com\/ekipman\/wp-json\/wp\/v2\/product_tag?post=4673"}],"curies":[{"name":"wp","href":"https:\/\/api.w.org\/{rel}","templated":true}]}}