{"id":4617,"date":"2021-01-02T03:35:09","date_gmt":"2021-01-02T03:35:09","guid":{"rendered":"https:\/\/j6l.65c.myftpupload.com\/?post_type=product&#038;p=4617"},"modified":"2022-04-06T07:32:13","modified_gmt":"2022-04-06T07:32:13","slug":"endustriyel-yuzey-temizleme-setimontenovo-born-in-italybristle-blaster","status":"publish","type":"product","link":"https:\/\/bakirci.com\/ekipman\/servis-ekipmanlari\/kaporta\/kaporta-yardimci-ekipmanlari\/endustriyel-yuzey-temizleme-setimontenovo-born-in-italybristle-blaster\/","title":{"rendered":"<p class=\"ustmetin\">End\u00fcstriyel Y\u00fczey Temizleme Seti<\/p><p class=\"ortametin\">MONTI <span class=\"ortametin2\">(Born in GERMANY)<\/span><p class=\"altmetin\">Haval\u0131 MBX<\/p>"},"content":{"rendered":"<ul>\n<li>End\u00fcstriyel Y\u00fczey Temizleme Seti &#8211; Haval\u0131 MBX<\/li>\n<li>Haval\u0131 MBX cihaz ve adapt\u00f6r<\/li>\n<li>\u00d6zel plastik \u00e7anta<\/li>\n<li>F\u0131r\u00e7a Adapt\u00f6r\u00fc 23mm<\/li>\n<li>F\u0131r\u00e7a Adapt\u00f6r\u00fc 11mm<\/li>\n<li>H\u0131zland\u0131rma \u00e7ubu\u011fu (11 ve 23mm i\u00e7in)<\/li>\n<li>23mm Kal\u0131n F\u0131r\u00e7a x 5 adet<\/li>\n<li>11mm Kal\u0131n F\u0131r\u00e7a x 5 adet<\/li>\n<\/ul>\n","protected":false},"excerpt":{"rendered":"<ul>\n<li>End\u00fcstriyel Y\u00fczey Temizleme Seti &#8211; Bristle Blaster<\/li>\n<li>End\u00fcstriyel malzemelerin korozyon, kaplama, kire\u00e7 ve yap\u0131\u015fkan \u00fcr\u00fcn kal\u0131nt\u0131lar\u0131n\u0131n giderilmesi i\u00e7in geli\u015ftirilmi\u015f \u00f6zel tasar\u0131m<\/li>\n<li>Kumlama alternatifi ve DIN EN ISO 8501-1&#8217;e g\u00f6re y\u00fczey haz\u0131rlama<\/li>\n<li>H\u0131zl\u0131, esnek ve kullan\u0131m\u0131 ekonomik<\/li>\n<li>Hatalar\u0131 onarmak, yeniden i\u015flemek ve kaynak yapmak i\u00e7in ideal<\/li>\n<li>Y\u00fczey s\u0131k\u0131\u015fmas\u0131 nedeniyle \u00e7atlaklara, malzeme yorgunlu\u011funa ve stres korozyonuna kar\u015f\u0131 artan diren\u00e7<\/li>\n<li>Hafif ve ergonomik tasar\u0131m<\/li>\n<li>D\u00fc\u015f\u00fck ses seviyesi 84 dB<\/li>\n<\/ul>\n","protected":false},"featured_media":5999,"comment_status":"closed","ping_status":"closed","template":"","meta":[],"product_cat":[175],"product_tag":[405],"class_list":["post-4617","product","type-product","status-publish","has-post-thumbnail","hentry","pwb-brand-monti","product_cat-kaporta-yardimci-ekipmanlari","product_tag-monti"],"brands":[{"id":385,"name":"MONTI","slug":"monti"}],"yoast_head":"<!-- This site is optimized with the Yoast SEO plugin v17.1 - https:\/\/yoast.com\/wordpress\/plugins\/seo\/ -->\n<title>End\u00fcstriyel Y\u00fczey Temizleme SetiMONTI (Born in GERMANY)Haval\u0131 MBX - Bak\u0131rc\u0131 Garagineering<\/title>\n<meta name=\"robots\" content=\"index, follow, max-snippet:-1, max-image-preview:large, max-video-preview:-1\" \/>\n<link rel=\"canonical\" href=\"https:\/\/bakirci.com\/ekipman\/servis-ekipmanlari\/kaporta\/kaporta-yardimci-ekipmanlari\/endustriyel-yuzey-temizleme-setimontenovo-born-in-italybristle-blaster\/\" \/>\n<meta property=\"og:locale\" content=\"tr_TR\" \/>\n<meta property=\"og:type\" content=\"article\" \/>\n<meta property=\"og:title\" content=\"End\u00fcstriyel Y\u00fczey Temizleme SetiMONTI (Born in GERMANY)Haval\u0131 MBX - Bak\u0131rc\u0131 Garagineering\" \/>\n<meta property=\"og:description\" content=\"End\u00fcstriyel Y\u00fczey Temizleme Seti - Bristle Blaster  End\u00fcstriyel malzemelerin korozyon, kaplama, kire\u00e7 ve yap\u0131\u015fkan \u00fcr\u00fcn kal\u0131nt\u0131lar\u0131n\u0131n giderilmesi i\u00e7in geli\u015ftirilmi\u015f \u00f6zel tasar\u0131m  Kumlama alternatifi ve DIN EN ISO 8501-1&#039;e g\u00f6re y\u00fczey haz\u0131rlama  H\u0131zl\u0131, esnek ve kullan\u0131m\u0131 ekonomik  Hatalar\u0131 onarmak, yeniden i\u015flemek ve kaynak yapmak i\u00e7in ideal  Y\u00fczey s\u0131k\u0131\u015fmas\u0131 nedeniyle \u00e7atlaklara, malzeme yorgunlu\u011funa ve stres korozyonuna kar\u015f\u0131 artan diren\u00e7  Hafif ve ergonomik tasar\u0131m  D\u00fc\u015f\u00fck ses seviyesi 84 dB\" \/>\n<meta property=\"og:url\" content=\"https:\/\/bakirci.com\/ekipman\/servis-ekipmanlari\/kaporta\/kaporta-yardimci-ekipmanlari\/endustriyel-yuzey-temizleme-setimontenovo-born-in-italybristle-blaster\/\" \/>\n<meta property=\"og:site_name\" content=\"Bak\u0131rc\u0131 Garagineering\" \/>\n<meta property=\"article:publisher\" content=\"https:\/\/www.facebook.com\/bakirci.garagineering\" \/>\n<meta property=\"article:modified_time\" content=\"2022-04-06T07:32:13+00:00\" \/>\n<meta property=\"og:image\" content=\"https:\/\/bakirci.com\/ekipman\/wp-content\/uploads\/2021\/01\/Endustriyel-Yuzey-Temizleme-Seti-Havali-MBX.png\" \/>\n\t<meta property=\"og:image:width\" content=\"1147\" \/>\n\t<meta property=\"og:image:height\" content=\"1147\" \/>\n<meta name=\"twitter:card\" content=\"summary_large_image\" \/>\n<meta name=\"twitter:label1\" content=\"Tahmini okuma s\u00fcresi\" \/>\n\t<meta name=\"twitter:data1\" content=\"1 dakika\" \/>\n<script type=\"application\/ld+json\" class=\"yoast-schema-graph\">{\"@context\":\"https:\/\/schema.org\",\"@graph\":[{\"@type\":\"Organization\",\"@id\":\"https:\/\/bakirci.com\/ekipman\/#organization\",\"name\":\"Bak\\u0131rc\\u0131 garagineering\",\"url\":\"https:\/\/bakirci.com\/ekipman\/\",\"sameAs\":[\"https:\/\/www.facebook.com\/bakirci.garagineering\",\"https:\/\/www.instagram.com\/bakirci.garagineering\/\",\"https:\/\/www.linkedin.com\/company\/bakirci-garagineering\/\",\"https:\/\/www.youtube.com\/channel\/UCiVG6s_jALJ6Zk8085XiOQg\"],\"logo\":{\"@type\":\"ImageObject\",\"@id\":\"https:\/\/bakirci.com\/ekipman\/#logo\",\"inLanguage\":\"tr\",\"url\":\"https:\/\/bakirci.com\/ekipman\/wp-content\/uploads\/2021\/09\/Bakirci-logo-lacivert.png\",\"contentUrl\":\"https:\/\/bakirci.com\/ekipman\/wp-content\/uploads\/2021\/09\/Bakirci-logo-lacivert.png\",\"width\":501,\"height\":501,\"caption\":\"Bak\\u0131rc\\u0131 garagineering\"},\"image\":{\"@id\":\"https:\/\/bakirci.com\/ekipman\/#logo\"}},{\"@type\":\"WebSite\",\"@id\":\"https:\/\/bakirci.com\/ekipman\/#website\",\"url\":\"https:\/\/bakirci.com\/ekipman\/\",\"name\":\"Bak\\u0131rc\\u0131 Garagineering\",\"description\":\"Otomotiv sekt\\u00f6r\\u00fcne \\u00f6zel, \\u201c\\u00dcretici Standard\\u0131nda\\u201d \\u00e7\\u00f6z\\u00fcmler\\u2026\",\"publisher\":{\"@id\":\"https:\/\/bakirci.com\/ekipman\/#organization\"},\"potentialAction\":[{\"@type\":\"SearchAction\",\"target\":{\"@type\":\"EntryPoint\",\"urlTemplate\":\"https:\/\/bakirci.com\/ekipman\/?s={search_term_string}\"},\"query-input\":\"required name=search_term_string\"}],\"inLanguage\":\"tr\"},{\"@type\":\"ImageObject\",\"@id\":\"https:\/\/bakirci.com\/ekipman\/servis-ekipmanlari\/kaporta\/kaporta-yardimci-ekipmanlari\/endustriyel-yuzey-temizleme-setimontenovo-born-in-italybristle-blaster\/#primaryimage\",\"inLanguage\":\"tr\",\"url\":\"https:\/\/bakirci.com\/ekipman\/wp-content\/uploads\/2021\/01\/Endustriyel-Yuzey-Temizleme-Seti-Havali-MBX.png\",\"contentUrl\":\"https:\/\/bakirci.com\/ekipman\/wp-content\/uploads\/2021\/01\/Endustriyel-Yuzey-Temizleme-Seti-Havali-MBX.png\",\"width\":1147,\"height\":1147},{\"@type\":\"WebPage\",\"@id\":\"https:\/\/bakirci.com\/ekipman\/servis-ekipmanlari\/kaporta\/kaporta-yardimci-ekipmanlari\/endustriyel-yuzey-temizleme-setimontenovo-born-in-italybristle-blaster\/#webpage\",\"url\":\"https:\/\/bakirci.com\/ekipman\/servis-ekipmanlari\/kaporta\/kaporta-yardimci-ekipmanlari\/endustriyel-yuzey-temizleme-setimontenovo-born-in-italybristle-blaster\/\",\"name\":\"End\\u00fcstriyel Y\\u00fczey Temizleme Seti MONTI (Born in GERMANY)Haval\\u0131 MBX - Bak\\u0131rc\\u0131 Garagineering\",\"isPartOf\":{\"@id\":\"https:\/\/bakirci.com\/ekipman\/#website\"},\"primaryImageOfPage\":{\"@id\":\"https:\/\/bakirci.com\/ekipman\/servis-ekipmanlari\/kaporta\/kaporta-yardimci-ekipmanlari\/endustriyel-yuzey-temizleme-setimontenovo-born-in-italybristle-blaster\/#primaryimage\"},\"datePublished\":\"2021-01-02T03:35:09+00:00\",\"dateModified\":\"2022-04-06T07:32:13+00:00\",\"breadcrumb\":{\"@id\":\"https:\/\/bakirci.com\/ekipman\/servis-ekipmanlari\/kaporta\/kaporta-yardimci-ekipmanlari\/endustriyel-yuzey-temizleme-setimontenovo-born-in-italybristle-blaster\/#breadcrumb\"},\"inLanguage\":\"tr\",\"potentialAction\":[{\"@type\":\"ReadAction\",\"target\":[\"https:\/\/bakirci.com\/ekipman\/servis-ekipmanlari\/kaporta\/kaporta-yardimci-ekipmanlari\/endustriyel-yuzey-temizleme-setimontenovo-born-in-italybristle-blaster\/\"]}]},{\"@type\":\"BreadcrumbList\",\"@id\":\"https:\/\/bakirci.com\/ekipman\/servis-ekipmanlari\/kaporta\/kaporta-yardimci-ekipmanlari\/endustriyel-yuzey-temizleme-setimontenovo-born-in-italybristle-blaster\/#breadcrumb\",\"itemListElement\":[{\"@type\":\"ListItem\",\"position\":1,\"name\":\"Ekipman\",\"item\":\"https:\/\/bakirci.com\/ekipman\/\"},{\"@type\":\"ListItem\",\"position\":2,\"name\":\"Otomotiv Tesisleri \\u0130\\u00e7in Servis Ekipmanlar\\u0131\",\"item\":\"https:\/\/bakirci.com\/ekipman\/\"},{\"@type\":\"ListItem\",\"position\":3,\"name\":\"End\\u00fcstriyel Y\\u00fczey Temizleme SetiMONTI (Born in GERMANY)Haval\\u0131 MBX\"}]}]}<\/script>\n<!-- \/ Yoast SEO plugin. -->","yoast_head_json":{"title":"End\u00fcstriyel Y\u00fczey Temizleme SetiMONTI (Born in GERMANY)Haval\u0131 MBX - Bak\u0131rc\u0131 Garagineering","robots":{"index":"index","follow":"follow","max-snippet":"max-snippet:-1","max-image-preview":"max-image-preview:large","max-video-preview":"max-video-preview:-1"},"canonical":"https:\/\/bakirci.com\/ekipman\/servis-ekipmanlari\/kaporta\/kaporta-yardimci-ekipmanlari\/endustriyel-yuzey-temizleme-setimontenovo-born-in-italybristle-blaster\/","og_locale":"tr_TR","og_type":"article","og_title":"End\u00fcstriyel Y\u00fczey Temizleme SetiMONTI (Born in GERMANY)Haval\u0131 MBX - Bak\u0131rc\u0131 Garagineering","og_description":"End\u00fcstriyel Y\u00fczey Temizleme Seti - Bristle Blaster  End\u00fcstriyel malzemelerin korozyon, kaplama, kire\u00e7 ve yap\u0131\u015fkan \u00fcr\u00fcn kal\u0131nt\u0131lar\u0131n\u0131n giderilmesi i\u00e7in geli\u015ftirilmi\u015f \u00f6zel tasar\u0131m  Kumlama alternatifi ve DIN EN ISO 8501-1'e g\u00f6re y\u00fczey haz\u0131rlama  H\u0131zl\u0131, esnek ve kullan\u0131m\u0131 ekonomik  Hatalar\u0131 onarmak, yeniden i\u015flemek ve kaynak yapmak i\u00e7in ideal  Y\u00fczey s\u0131k\u0131\u015fmas\u0131 nedeniyle \u00e7atlaklara, malzeme yorgunlu\u011funa ve stres korozyonuna kar\u015f\u0131 artan diren\u00e7  Hafif ve ergonomik tasar\u0131m  D\u00fc\u015f\u00fck ses seviyesi 84 dB","og_url":"https:\/\/bakirci.com\/ekipman\/servis-ekipmanlari\/kaporta\/kaporta-yardimci-ekipmanlari\/endustriyel-yuzey-temizleme-setimontenovo-born-in-italybristle-blaster\/","og_site_name":"Bak\u0131rc\u0131 Garagineering","article_publisher":"https:\/\/www.facebook.com\/bakirci.garagineering","article_modified_time":"2022-04-06T07:32:13+00:00","og_image":[{"width":1147,"height":1147,"url":"https:\/\/bakirci.com\/ekipman\/wp-content\/uploads\/2021\/01\/Endustriyel-Yuzey-Temizleme-Seti-Havali-MBX.png","path":"\/home\/bakirciwebsitesi\/public_html\/ekipman\/wp-content\/uploads\/2021\/01\/Endustriyel-Yuzey-Temizleme-Seti-Havali-MBX.png","size":"full","id":5999,"alt":"","pixels":1315609,"type":"image\/png"}],"twitter_card":"summary_large_image","twitter_misc":{"Tahmini okuma s\u00fcresi":"1 dakika"},"schema":{"@context":"https:\/\/schema.org","@graph":[{"@type":"Organization","@id":"https:\/\/bakirci.com\/ekipman\/#organization","name":"Bak\u0131rc\u0131 garagineering","url":"https:\/\/bakirci.com\/ekipman\/","sameAs":["https:\/\/www.facebook.com\/bakirci.garagineering","https:\/\/www.instagram.com\/bakirci.garagineering\/","https:\/\/www.linkedin.com\/company\/bakirci-garagineering\/","https:\/\/www.youtube.com\/channel\/UCiVG6s_jALJ6Zk8085XiOQg"],"logo":{"@type":"ImageObject","@id":"https:\/\/bakirci.com\/ekipman\/#logo","inLanguage":"tr","url":"https:\/\/bakirci.com\/ekipman\/wp-content\/uploads\/2021\/09\/Bakirci-logo-lacivert.png","contentUrl":"https:\/\/bakirci.com\/ekipman\/wp-content\/uploads\/2021\/09\/Bakirci-logo-lacivert.png","width":501,"height":501,"caption":"Bak\u0131rc\u0131 garagineering"},"image":{"@id":"https:\/\/bakirci.com\/ekipman\/#logo"}},{"@type":"WebSite","@id":"https:\/\/bakirci.com\/ekipman\/#website","url":"https:\/\/bakirci.com\/ekipman\/","name":"Bak\u0131rc\u0131 Garagineering","description":"Otomotiv sekt\u00f6r\u00fcne \u00f6zel, \u201c\u00dcretici Standard\u0131nda\u201d \u00e7\u00f6z\u00fcmler\u2026","publisher":{"@id":"https:\/\/bakirci.com\/ekipman\/#organization"},"potentialAction":[{"@type":"SearchAction","target":{"@type":"EntryPoint","urlTemplate":"https:\/\/bakirci.com\/ekipman\/?s={search_term_string}"},"query-input":"required name=search_term_string"}],"inLanguage":"tr"},{"@type":"ImageObject","@id":"https:\/\/bakirci.com\/ekipman\/servis-ekipmanlari\/kaporta\/kaporta-yardimci-ekipmanlari\/endustriyel-yuzey-temizleme-setimontenovo-born-in-italybristle-blaster\/#primaryimage","inLanguage":"tr","url":"https:\/\/bakirci.com\/ekipman\/wp-content\/uploads\/2021\/01\/Endustriyel-Yuzey-Temizleme-Seti-Havali-MBX.png","contentUrl":"https:\/\/bakirci.com\/ekipman\/wp-content\/uploads\/2021\/01\/Endustriyel-Yuzey-Temizleme-Seti-Havali-MBX.png","width":1147,"height":1147},{"@type":"WebPage","@id":"https:\/\/bakirci.com\/ekipman\/servis-ekipmanlari\/kaporta\/kaporta-yardimci-ekipmanlari\/endustriyel-yuzey-temizleme-setimontenovo-born-in-italybristle-blaster\/#webpage","url":"https:\/\/bakirci.com\/ekipman\/servis-ekipmanlari\/kaporta\/kaporta-yardimci-ekipmanlari\/endustriyel-yuzey-temizleme-setimontenovo-born-in-italybristle-blaster\/","name":"End\u00fcstriyel Y\u00fczey Temizleme Seti MONTI (Born in GERMANY)Haval\u0131 MBX - Bak\u0131rc\u0131 Garagineering","isPartOf":{"@id":"https:\/\/bakirci.com\/ekipman\/#website"},"primaryImageOfPage":{"@id":"https:\/\/bakirci.com\/ekipman\/servis-ekipmanlari\/kaporta\/kaporta-yardimci-ekipmanlari\/endustriyel-yuzey-temizleme-setimontenovo-born-in-italybristle-blaster\/#primaryimage"},"datePublished":"2021-01-02T03:35:09+00:00","dateModified":"2022-04-06T07:32:13+00:00","breadcrumb":{"@id":"https:\/\/bakirci.com\/ekipman\/servis-ekipmanlari\/kaporta\/kaporta-yardimci-ekipmanlari\/endustriyel-yuzey-temizleme-setimontenovo-born-in-italybristle-blaster\/#breadcrumb"},"inLanguage":"tr","potentialAction":[{"@type":"ReadAction","target":["https:\/\/bakirci.com\/ekipman\/servis-ekipmanlari\/kaporta\/kaporta-yardimci-ekipmanlari\/endustriyel-yuzey-temizleme-setimontenovo-born-in-italybristle-blaster\/"]}]},{"@type":"BreadcrumbList","@id":"https:\/\/bakirci.com\/ekipman\/servis-ekipmanlari\/kaporta\/kaporta-yardimci-ekipmanlari\/endustriyel-yuzey-temizleme-setimontenovo-born-in-italybristle-blaster\/#breadcrumb","itemListElement":[{"@type":"ListItem","position":1,"name":"Ekipman","item":"https:\/\/bakirci.com\/ekipman\/"},{"@type":"ListItem","position":2,"name":"Otomotiv Tesisleri \u0130\u00e7in Servis Ekipmanlar\u0131","item":"https:\/\/bakirci.com\/ekipman\/"},{"@type":"ListItem","position":3,"name":"End\u00fcstriyel Y\u00fczey Temizleme SetiMONTI (Born in GERMANY)Haval\u0131 MBX"}]}]}},"_links":{"self":[{"href":"https:\/\/bakirci.com\/ekipman\/wp-json\/wp\/v2\/product\/4617","targetHints":{"allow":["GET"]}}],"collection":[{"href":"https:\/\/bakirci.com\/ekipman\/wp-json\/wp\/v2\/product"}],"about":[{"href":"https:\/\/bakirci.com\/ekipman\/wp-json\/wp\/v2\/types\/product"}],"replies":[{"embeddable":true,"href":"https:\/\/bakirci.com\/ekipman\/wp-json\/wp\/v2\/comments?post=4617"}],"wp:featuredmedia":[{"embeddable":true,"href":"https:\/\/bakirci.com\/ekipman\/wp-json\/wp\/v2\/media\/5999"}],"wp:attachment":[{"href":"https:\/\/bakirci.com\/ekipman\/wp-json\/wp\/v2\/media?parent=4617"}],"wp:term":[{"taxonomy":"product_cat","embeddable":true,"href":"https:\/\/bakirci.com\/ekipman\/wp-json\/wp\/v2\/product_cat?post=4617"},{"taxonomy":"product_tag","embeddable":true,"href":"https:\/\/bakirci.com\/ekipman\/wp-json\/wp\/v2\/product_tag?post=4617"}],"curies":[{"name":"wp","href":"https:\/\/api.w.org\/{rel}","templated":true}]}}