{"id":4614,"date":"2021-01-02T03:50:02","date_gmt":"2021-01-02T03:50:02","guid":{"rendered":"https:\/\/j6l.65c.myftpupload.com\/?post_type=product&#038;p=4614"},"modified":"2022-04-06T05:56:51","modified_gmt":"2022-04-06T05:56:51","slug":"yuzey-temizleme-setimontenovo-born-in-italymbx","status":"publish","type":"product","link":"https:\/\/bakirci.com\/ekipman\/servis-ekipmanlari\/kaporta\/kaporta-yardimci-ekipmanlari\/yuzey-temizleme-setimontenovo-born-in-italymbx\/","title":{"rendered":"<p class=\"ustmetin\">Y\u00fczey Temizleme Seti<\/p><p class=\"ortametin\">MONTI <span class=\"ortametin2\">(Born in GERMANY)<\/span><p class=\"altmetin\">Haval\u0131 MBX<\/p>"},"content":{"rendered":"<ul>\n<li>Y\u00fczey Temizleme Seti &#8211; Haval\u0131 MBX<\/li>\n<li>MBX teknolojisi, otomotiv at\u00f6lyelerinde kullan\u0131lmak \u00fczere \u00f6zel olarak geli\u015ftirilmi\u015ftir<\/li>\n<li>Pas, boya, alt tabaka ve s\u0131zd\u0131rmazl\u0131k malzemelerini h\u0131zl\u0131 bir \u015fekilde otomotiv sac\u0131ndan temizler<\/li>\n<li>Minimum ana malzeme kayb\u0131 ve minimum \u0131s\u0131 \u00fcretimi<\/li>\n<li>\u00c7e\u015fitli f\u0131r\u00e7alar sayesinde \u00e7ok y\u00f6nl\u00fc uygulama se\u00e7enekleri<\/li>\n<li>Y\u00fcksek kalite ve uzun f\u0131r\u00e7a \u00f6mr\u00fc<\/li>\n<li>D\u00fc\u015f\u00fck ses bas\u0131n\u00e7 seviyesi 83 dB (A)<\/li>\n<li>\u00c7al\u0131\u015fma h\u0131z\u0131 3500 rpm<\/li>\n<\/ul>\n","protected":false},"excerpt":{"rendered":"<ul>\n<li>Y\u00fczey Temizleme Seti &#8211; MBX<\/li>\n<li>MBX teknolojisi, otomotiv at\u00f6lyelerinde kullan\u0131lmak \u00fczere \u00f6zel olarak geli\u015ftirilmi\u015ftir<\/li>\n<li>Pas, boya, alt tabaka ve s\u0131zd\u0131rmazl\u0131k malzemelerini h\u0131zl\u0131 bir \u015fekilde otomotiv sac\u0131ndan temizler<\/li>\n<li>Minimum ana malzeme kayb\u0131 ve minimum \u0131s\u0131 \u00fcretimi<\/li>\n<li>\u00c7e\u015fitli f\u0131r\u00e7alar sayesinde \u00e7ok y\u00f6nl\u00fc uygulama se\u00e7enekleri<\/li>\n<li>Y\u00fcksek kalite ve uzun f\u0131r\u00e7a \u00f6mr\u00fc<\/li>\n<li>D\u00fc\u015f\u00fck ses bas\u0131n\u00e7 seviyesi 83 dB (A)<\/li>\n<li>\u00c7al\u0131\u015fma h\u0131z\u0131 3500 rpm<\/li>\n<\/ul>\n","protected":false},"featured_media":4757,"comment_status":"closed","ping_status":"closed","template":"","meta":[],"product_cat":[175],"product_tag":[405],"class_list":["post-4614","product","type-product","status-publish","has-post-thumbnail","hentry","pwb-brand-monti","product_cat-kaporta-yardimci-ekipmanlari","product_tag-monti"],"brands":[{"id":385,"name":"MONTI","slug":"monti"}],"yoast_head":"<!-- This site is optimized with the Yoast SEO plugin v17.1 - https:\/\/yoast.com\/wordpress\/plugins\/seo\/ -->\n<title>Y\u00fczey Temizleme SetiMONTI (Born in GERMANY)Haval\u0131 MBX - Bak\u0131rc\u0131 Garagineering<\/title>\n<meta name=\"robots\" content=\"index, follow, max-snippet:-1, max-image-preview:large, max-video-preview:-1\" \/>\n<link rel=\"canonical\" href=\"https:\/\/bakirci.com\/ekipman\/servis-ekipmanlari\/kaporta\/kaporta-yardimci-ekipmanlari\/yuzey-temizleme-setimontenovo-born-in-italymbx\/\" \/>\n<meta property=\"og:locale\" content=\"tr_TR\" \/>\n<meta property=\"og:type\" content=\"article\" \/>\n<meta property=\"og:title\" content=\"Y\u00fczey Temizleme SetiMONTI (Born in GERMANY)Haval\u0131 MBX - Bak\u0131rc\u0131 Garagineering\" \/>\n<meta property=\"og:description\" content=\"Y\u00fczey Temizleme Seti - MBX  MBX teknolojisi, otomotiv at\u00f6lyelerinde kullan\u0131lmak \u00fczere \u00f6zel olarak geli\u015ftirilmi\u015ftir  Pas, boya, alt tabaka ve s\u0131zd\u0131rmazl\u0131k malzemelerini h\u0131zl\u0131 bir \u015fekilde otomotiv sac\u0131ndan temizler  Minimum ana malzeme kayb\u0131 ve minimum \u0131s\u0131 \u00fcretimi  \u00c7e\u015fitli f\u0131r\u00e7alar sayesinde \u00e7ok y\u00f6nl\u00fc uygulama se\u00e7enekleri  Y\u00fcksek kalite ve uzun f\u0131r\u00e7a \u00f6mr\u00fc  D\u00fc\u015f\u00fck ses bas\u0131n\u00e7 seviyesi 83 dB (A)  \u00c7al\u0131\u015fma h\u0131z\u0131 3500 rpm\" \/>\n<meta property=\"og:url\" content=\"https:\/\/bakirci.com\/ekipman\/servis-ekipmanlari\/kaporta\/kaporta-yardimci-ekipmanlari\/yuzey-temizleme-setimontenovo-born-in-italymbx\/\" \/>\n<meta property=\"og:site_name\" content=\"Bak\u0131rc\u0131 Garagineering\" \/>\n<meta property=\"article:publisher\" content=\"https:\/\/www.facebook.com\/bakirci.garagineering\" \/>\n<meta property=\"article:modified_time\" content=\"2022-04-06T05:56:51+00:00\" \/>\n<meta property=\"og:image\" content=\"https:\/\/bakirci.com\/ekipman\/wp-content\/uploads\/2021\/06\/MBX.png\" \/>\n\t<meta property=\"og:image:width\" content=\"1147\" \/>\n\t<meta property=\"og:image:height\" content=\"1147\" \/>\n<meta name=\"twitter:card\" content=\"summary_large_image\" \/>\n<meta name=\"twitter:label1\" content=\"Tahmini okuma s\u00fcresi\" \/>\n\t<meta name=\"twitter:data1\" content=\"1 dakika\" \/>\n<script type=\"application\/ld+json\" class=\"yoast-schema-graph\">{\"@context\":\"https:\/\/schema.org\",\"@graph\":[{\"@type\":\"Organization\",\"@id\":\"https:\/\/bakirci.com\/ekipman\/#organization\",\"name\":\"Bak\\u0131rc\\u0131 garagineering\",\"url\":\"https:\/\/bakirci.com\/ekipman\/\",\"sameAs\":[\"https:\/\/www.facebook.com\/bakirci.garagineering\",\"https:\/\/www.instagram.com\/bakirci.garagineering\/\",\"https:\/\/www.linkedin.com\/company\/bakirci-garagineering\/\",\"https:\/\/www.youtube.com\/channel\/UCiVG6s_jALJ6Zk8085XiOQg\"],\"logo\":{\"@type\":\"ImageObject\",\"@id\":\"https:\/\/bakirci.com\/ekipman\/#logo\",\"inLanguage\":\"tr\",\"url\":\"https:\/\/bakirci.com\/ekipman\/wp-content\/uploads\/2021\/09\/Bakirci-logo-lacivert.png\",\"contentUrl\":\"https:\/\/bakirci.com\/ekipman\/wp-content\/uploads\/2021\/09\/Bakirci-logo-lacivert.png\",\"width\":501,\"height\":501,\"caption\":\"Bak\\u0131rc\\u0131 garagineering\"},\"image\":{\"@id\":\"https:\/\/bakirci.com\/ekipman\/#logo\"}},{\"@type\":\"WebSite\",\"@id\":\"https:\/\/bakirci.com\/ekipman\/#website\",\"url\":\"https:\/\/bakirci.com\/ekipman\/\",\"name\":\"Bak\\u0131rc\\u0131 Garagineering\",\"description\":\"Otomotiv sekt\\u00f6r\\u00fcne \\u00f6zel, \\u201c\\u00dcretici Standard\\u0131nda\\u201d \\u00e7\\u00f6z\\u00fcmler\\u2026\",\"publisher\":{\"@id\":\"https:\/\/bakirci.com\/ekipman\/#organization\"},\"potentialAction\":[{\"@type\":\"SearchAction\",\"target\":{\"@type\":\"EntryPoint\",\"urlTemplate\":\"https:\/\/bakirci.com\/ekipman\/?s={search_term_string}\"},\"query-input\":\"required name=search_term_string\"}],\"inLanguage\":\"tr\"},{\"@type\":\"ImageObject\",\"@id\":\"https:\/\/bakirci.com\/ekipman\/servis-ekipmanlari\/kaporta\/kaporta-yardimci-ekipmanlari\/yuzey-temizleme-setimontenovo-born-in-italymbx\/#primaryimage\",\"inLanguage\":\"tr\",\"url\":\"https:\/\/bakirci.com\/ekipman\/wp-content\/uploads\/2021\/06\/MBX.png\",\"contentUrl\":\"https:\/\/bakirci.com\/ekipman\/wp-content\/uploads\/2021\/06\/MBX.png\",\"width\":1147,\"height\":1147},{\"@type\":\"WebPage\",\"@id\":\"https:\/\/bakirci.com\/ekipman\/servis-ekipmanlari\/kaporta\/kaporta-yardimci-ekipmanlari\/yuzey-temizleme-setimontenovo-born-in-italymbx\/#webpage\",\"url\":\"https:\/\/bakirci.com\/ekipman\/servis-ekipmanlari\/kaporta\/kaporta-yardimci-ekipmanlari\/yuzey-temizleme-setimontenovo-born-in-italymbx\/\",\"name\":\"Y\\u00fczey Temizleme Seti MONTI (Born in GERMANY)Haval\\u0131 MBX - Bak\\u0131rc\\u0131 Garagineering\",\"isPartOf\":{\"@id\":\"https:\/\/bakirci.com\/ekipman\/#website\"},\"primaryImageOfPage\":{\"@id\":\"https:\/\/bakirci.com\/ekipman\/servis-ekipmanlari\/kaporta\/kaporta-yardimci-ekipmanlari\/yuzey-temizleme-setimontenovo-born-in-italymbx\/#primaryimage\"},\"datePublished\":\"2021-01-02T03:50:02+00:00\",\"dateModified\":\"2022-04-06T05:56:51+00:00\",\"breadcrumb\":{\"@id\":\"https:\/\/bakirci.com\/ekipman\/servis-ekipmanlari\/kaporta\/kaporta-yardimci-ekipmanlari\/yuzey-temizleme-setimontenovo-born-in-italymbx\/#breadcrumb\"},\"inLanguage\":\"tr\",\"potentialAction\":[{\"@type\":\"ReadAction\",\"target\":[\"https:\/\/bakirci.com\/ekipman\/servis-ekipmanlari\/kaporta\/kaporta-yardimci-ekipmanlari\/yuzey-temizleme-setimontenovo-born-in-italymbx\/\"]}]},{\"@type\":\"BreadcrumbList\",\"@id\":\"https:\/\/bakirci.com\/ekipman\/servis-ekipmanlari\/kaporta\/kaporta-yardimci-ekipmanlari\/yuzey-temizleme-setimontenovo-born-in-italymbx\/#breadcrumb\",\"itemListElement\":[{\"@type\":\"ListItem\",\"position\":1,\"name\":\"Ekipman\",\"item\":\"https:\/\/bakirci.com\/ekipman\/\"},{\"@type\":\"ListItem\",\"position\":2,\"name\":\"Otomotiv Tesisleri \\u0130\\u00e7in Servis Ekipmanlar\\u0131\",\"item\":\"https:\/\/bakirci.com\/ekipman\/\"},{\"@type\":\"ListItem\",\"position\":3,\"name\":\"Y\\u00fczey Temizleme SetiMONTI (Born in GERMANY)Haval\\u0131 MBX\"}]}]}<\/script>\n<!-- \/ Yoast SEO plugin. -->","yoast_head_json":{"title":"Y\u00fczey Temizleme SetiMONTI (Born in GERMANY)Haval\u0131 MBX - Bak\u0131rc\u0131 Garagineering","robots":{"index":"index","follow":"follow","max-snippet":"max-snippet:-1","max-image-preview":"max-image-preview:large","max-video-preview":"max-video-preview:-1"},"canonical":"https:\/\/bakirci.com\/ekipman\/servis-ekipmanlari\/kaporta\/kaporta-yardimci-ekipmanlari\/yuzey-temizleme-setimontenovo-born-in-italymbx\/","og_locale":"tr_TR","og_type":"article","og_title":"Y\u00fczey Temizleme SetiMONTI (Born in GERMANY)Haval\u0131 MBX - Bak\u0131rc\u0131 Garagineering","og_description":"Y\u00fczey Temizleme Seti - MBX  MBX teknolojisi, otomotiv at\u00f6lyelerinde kullan\u0131lmak \u00fczere \u00f6zel olarak geli\u015ftirilmi\u015ftir  Pas, boya, alt tabaka ve s\u0131zd\u0131rmazl\u0131k malzemelerini h\u0131zl\u0131 bir \u015fekilde otomotiv sac\u0131ndan temizler  Minimum ana malzeme kayb\u0131 ve minimum \u0131s\u0131 \u00fcretimi  \u00c7e\u015fitli f\u0131r\u00e7alar sayesinde \u00e7ok y\u00f6nl\u00fc uygulama se\u00e7enekleri  Y\u00fcksek kalite ve uzun f\u0131r\u00e7a \u00f6mr\u00fc  D\u00fc\u015f\u00fck ses bas\u0131n\u00e7 seviyesi 83 dB (A)  \u00c7al\u0131\u015fma h\u0131z\u0131 3500 rpm","og_url":"https:\/\/bakirci.com\/ekipman\/servis-ekipmanlari\/kaporta\/kaporta-yardimci-ekipmanlari\/yuzey-temizleme-setimontenovo-born-in-italymbx\/","og_site_name":"Bak\u0131rc\u0131 Garagineering","article_publisher":"https:\/\/www.facebook.com\/bakirci.garagineering","article_modified_time":"2022-04-06T05:56:51+00:00","og_image":[{"width":1147,"height":1147,"url":"https:\/\/bakirci.com\/ekipman\/wp-content\/uploads\/2021\/06\/MBX.png","path":"\/home\/bakirciwebsitesi\/public_html\/ekipman\/wp-content\/uploads\/2021\/06\/MBX.png","size":"full","id":4757,"alt":"","pixels":1315609,"type":"image\/png"}],"twitter_card":"summary_large_image","twitter_misc":{"Tahmini okuma s\u00fcresi":"1 dakika"},"schema":{"@context":"https:\/\/schema.org","@graph":[{"@type":"Organization","@id":"https:\/\/bakirci.com\/ekipman\/#organization","name":"Bak\u0131rc\u0131 garagineering","url":"https:\/\/bakirci.com\/ekipman\/","sameAs":["https:\/\/www.facebook.com\/bakirci.garagineering","https:\/\/www.instagram.com\/bakirci.garagineering\/","https:\/\/www.linkedin.com\/company\/bakirci-garagineering\/","https:\/\/www.youtube.com\/channel\/UCiVG6s_jALJ6Zk8085XiOQg"],"logo":{"@type":"ImageObject","@id":"https:\/\/bakirci.com\/ekipman\/#logo","inLanguage":"tr","url":"https:\/\/bakirci.com\/ekipman\/wp-content\/uploads\/2021\/09\/Bakirci-logo-lacivert.png","contentUrl":"https:\/\/bakirci.com\/ekipman\/wp-content\/uploads\/2021\/09\/Bakirci-logo-lacivert.png","width":501,"height":501,"caption":"Bak\u0131rc\u0131 garagineering"},"image":{"@id":"https:\/\/bakirci.com\/ekipman\/#logo"}},{"@type":"WebSite","@id":"https:\/\/bakirci.com\/ekipman\/#website","url":"https:\/\/bakirci.com\/ekipman\/","name":"Bak\u0131rc\u0131 Garagineering","description":"Otomotiv sekt\u00f6r\u00fcne \u00f6zel, \u201c\u00dcretici Standard\u0131nda\u201d \u00e7\u00f6z\u00fcmler\u2026","publisher":{"@id":"https:\/\/bakirci.com\/ekipman\/#organization"},"potentialAction":[{"@type":"SearchAction","target":{"@type":"EntryPoint","urlTemplate":"https:\/\/bakirci.com\/ekipman\/?s={search_term_string}"},"query-input":"required name=search_term_string"}],"inLanguage":"tr"},{"@type":"ImageObject","@id":"https:\/\/bakirci.com\/ekipman\/servis-ekipmanlari\/kaporta\/kaporta-yardimci-ekipmanlari\/yuzey-temizleme-setimontenovo-born-in-italymbx\/#primaryimage","inLanguage":"tr","url":"https:\/\/bakirci.com\/ekipman\/wp-content\/uploads\/2021\/06\/MBX.png","contentUrl":"https:\/\/bakirci.com\/ekipman\/wp-content\/uploads\/2021\/06\/MBX.png","width":1147,"height":1147},{"@type":"WebPage","@id":"https:\/\/bakirci.com\/ekipman\/servis-ekipmanlari\/kaporta\/kaporta-yardimci-ekipmanlari\/yuzey-temizleme-setimontenovo-born-in-italymbx\/#webpage","url":"https:\/\/bakirci.com\/ekipman\/servis-ekipmanlari\/kaporta\/kaporta-yardimci-ekipmanlari\/yuzey-temizleme-setimontenovo-born-in-italymbx\/","name":"Y\u00fczey Temizleme Seti MONTI (Born in GERMANY)Haval\u0131 MBX - Bak\u0131rc\u0131 Garagineering","isPartOf":{"@id":"https:\/\/bakirci.com\/ekipman\/#website"},"primaryImageOfPage":{"@id":"https:\/\/bakirci.com\/ekipman\/servis-ekipmanlari\/kaporta\/kaporta-yardimci-ekipmanlari\/yuzey-temizleme-setimontenovo-born-in-italymbx\/#primaryimage"},"datePublished":"2021-01-02T03:50:02+00:00","dateModified":"2022-04-06T05:56:51+00:00","breadcrumb":{"@id":"https:\/\/bakirci.com\/ekipman\/servis-ekipmanlari\/kaporta\/kaporta-yardimci-ekipmanlari\/yuzey-temizleme-setimontenovo-born-in-italymbx\/#breadcrumb"},"inLanguage":"tr","potentialAction":[{"@type":"ReadAction","target":["https:\/\/bakirci.com\/ekipman\/servis-ekipmanlari\/kaporta\/kaporta-yardimci-ekipmanlari\/yuzey-temizleme-setimontenovo-born-in-italymbx\/"]}]},{"@type":"BreadcrumbList","@id":"https:\/\/bakirci.com\/ekipman\/servis-ekipmanlari\/kaporta\/kaporta-yardimci-ekipmanlari\/yuzey-temizleme-setimontenovo-born-in-italymbx\/#breadcrumb","itemListElement":[{"@type":"ListItem","position":1,"name":"Ekipman","item":"https:\/\/bakirci.com\/ekipman\/"},{"@type":"ListItem","position":2,"name":"Otomotiv Tesisleri \u0130\u00e7in Servis Ekipmanlar\u0131","item":"https:\/\/bakirci.com\/ekipman\/"},{"@type":"ListItem","position":3,"name":"Y\u00fczey Temizleme SetiMONTI (Born in GERMANY)Haval\u0131 MBX"}]}]}},"_links":{"self":[{"href":"https:\/\/bakirci.com\/ekipman\/wp-json\/wp\/v2\/product\/4614","targetHints":{"allow":["GET"]}}],"collection":[{"href":"https:\/\/bakirci.com\/ekipman\/wp-json\/wp\/v2\/product"}],"about":[{"href":"https:\/\/bakirci.com\/ekipman\/wp-json\/wp\/v2\/types\/product"}],"replies":[{"embeddable":true,"href":"https:\/\/bakirci.com\/ekipman\/wp-json\/wp\/v2\/comments?post=4614"}],"wp:featuredmedia":[{"embeddable":true,"href":"https:\/\/bakirci.com\/ekipman\/wp-json\/wp\/v2\/media\/4757"}],"wp:attachment":[{"href":"https:\/\/bakirci.com\/ekipman\/wp-json\/wp\/v2\/media?parent=4614"}],"wp:term":[{"taxonomy":"product_cat","embeddable":true,"href":"https:\/\/bakirci.com\/ekipman\/wp-json\/wp\/v2\/product_cat?post=4614"},{"taxonomy":"product_tag","embeddable":true,"href":"https:\/\/bakirci.com\/ekipman\/wp-json\/wp\/v2\/product_tag?post=4614"}],"curies":[{"name":"wp","href":"https:\/\/api.w.org\/{rel}","templated":true}]}}