{"id":4597,"date":"2021-01-02T05:20:32","date_gmt":"2021-01-02T05:20:32","guid":{"rendered":"https:\/\/j6l.65c.myftpupload.com\/?post_type=product&#038;p=4597"},"modified":"2021-08-06T16:17:48","modified_gmt":"2021-08-06T16:17:48","slug":"induksiyon-cihazigys-born-in-francepowerduction-50lgcalisma-gucu-5-200-w","status":"publish","type":"product","link":"https:\/\/bakirci.com\/ekipman\/servis-ekipmanlari\/kaporta\/induksiyon-cihazlari\/induksiyon-cihazigys-born-in-francepowerduction-50lgcalisma-gucu-5-200-w\/","title":{"rendered":"<p class=\"ustmetin\">\u0130nd\u00fcksiyon Cihaz\u0131<\/p><p class=\"ortametin\">GYS <span class=\"ortametin2\">(Born in FRANCE)<\/span><p class=\"altmetin\">Powerduction 50LG<br>\u00c7al\u0131\u015fma g\u00fcc\u00fc 5.200 W<\/p>"},"content":{"rendered":"<ul>\n<li>\u0130nd\u00fcksiyon Cihaz\u0131 &#8211; Powerduction 50LG<\/li>\n<li>Oksitlenmi\u015f s\u00f6k\u00fclemeyen \u00e7elik ve al\u00fcminyum par\u00e7alar\u0131n h\u0131zl\u0131 ve g\u00fcvenli bir \u015fekilde \u0131s\u0131t\u0131lmas\u0131 i\u00e7in tasarlanm\u0131\u015ft\u0131r<\/li>\n<li>Saniyeler i\u00e7inde somun ve civatalar\u0131n \u0131s\u0131t\u0131lmas\u0131 ve s\u00f6k\u00fclmesi<\/li>\n<li>Y\u00fcksek g\u00fcvenlik ve zaman tasarrufu<\/li>\n<li>Entegre s\u0131v\u0131 so\u011futma sistemi<\/li>\n<li>20\u00b0C a\u00e7\u0131l\u0131 u\u00e7 ile birlikte (G-056862)<\/li>\n<li>\u0130nd\u00fcksiyon kablo uzunlu\u011fu 3 mt<\/li>\n<li>\u00c7al\u0131\u015fma g\u00fcc\u00fc 5.200 W<\/li>\n<li>\u00c7al\u0131\u015fma voltaj\u0131 230 V<\/li>\n<\/ul>\n","protected":false},"excerpt":{"rendered":"<ul>\n<li>\u0130nd\u00fcksiyon Cihaz\u0131 &#8211; Powerduction 50LG<\/li>\n<li>Oksitlenmi\u015f s\u00f6k\u00fclemeyen \u00e7elik ve al\u00fcminyum par\u00e7alar\u0131n h\u0131zl\u0131 ve g\u00fcvenli bir \u015fekilde \u0131s\u0131t\u0131lmas\u0131 i\u00e7in tasarlanm\u0131\u015ft\u0131r<\/li>\n<li>Saniyeler i\u00e7inde somun ve civatalar\u0131n \u0131s\u0131t\u0131lmas\u0131 ve s\u00f6k\u00fclmesi<\/li>\n<li>Y\u00fcksek g\u00fcvenlik ve zaman tasarrufu<\/li>\n<li>Entegre s\u0131v\u0131 so\u011futma sistemi<\/li>\n<li>20\u00b0C a\u00e7\u0131l\u0131 u\u00e7 ile birlikte (G-056862)<\/li>\n<li>\u0130nd\u00fcksiyon kablo uzunlu\u011fu 3 mt<\/li>\n<li>\u00c7al\u0131\u015fma g\u00fcc\u00fc 5.200 W<\/li>\n<li>\u00c7al\u0131\u015fma voltaj\u0131 230 V<\/li>\n<\/ul>\n","protected":false},"featured_media":4745,"comment_status":"closed","ping_status":"closed","template":"","meta":[],"product_cat":[174],"product_tag":[698,701,700,696,697,346,692,694,704,693,695,705,702,703,699],"class_list":["post-4597","product","type-product","status-publish","has-post-thumbnail","hentry","pwb-brand-gys","product_cat-induksiyon-cihazlari","product_tag-civata-isitma","product_tag-dingil-dogrultma","product_tag-dingil-isitma","product_tag-enduksiyon-cihazi","product_tag-enduksiyon-isitma","product_tag-gys","product_tag-indiksiyon-cihazi","product_tag-indiksiyon-makinasi","product_tag-induksiyon-isiticilar","product_tag-induksuyon-cihazi","product_tag-induksuyon-makinesi","product_tag-kovan-duzeltme","product_tag-rot-kolu-isitma","product_tag-rotil-isitma","product_tag-sase-isitma"],"brands":[{"id":378,"name":"GYS","slug":"gys"}],"yoast_head":"<!-- This site is optimized with the Yoast SEO plugin v17.1 - https:\/\/yoast.com\/wordpress\/plugins\/seo\/ -->\n<title>\u0130nd\u00fcksiyon Cihaz\u0131GYS (Born in FRANCE)Powerduction 50LG\u00c7al\u0131\u015fma g\u00fcc\u00fc 5.200 W - Bak\u0131rc\u0131 Garagineering<\/title>\n<meta name=\"robots\" content=\"index, follow, max-snippet:-1, max-image-preview:large, max-video-preview:-1\" \/>\n<link rel=\"canonical\" href=\"https:\/\/bakirci.com\/ekipman\/servis-ekipmanlari\/kaporta\/induksiyon-cihazlari\/induksiyon-cihazigys-born-in-francepowerduction-50lgcalisma-gucu-5-200-w\/\" \/>\n<meta property=\"og:locale\" content=\"tr_TR\" \/>\n<meta property=\"og:type\" content=\"article\" \/>\n<meta property=\"og:title\" content=\"\u0130nd\u00fcksiyon Cihaz\u0131GYS (Born in FRANCE)Powerduction 50LG\u00c7al\u0131\u015fma g\u00fcc\u00fc 5.200 W - Bak\u0131rc\u0131 Garagineering\" \/>\n<meta property=\"og:description\" content=\"\u0130nd\u00fcksiyon Cihaz\u0131 - Powerduction 50LG  Oksitlenmi\u015f s\u00f6k\u00fclemeyen \u00e7elik ve al\u00fcminyum par\u00e7alar\u0131n h\u0131zl\u0131 ve g\u00fcvenli bir \u015fekilde \u0131s\u0131t\u0131lmas\u0131 i\u00e7in tasarlanm\u0131\u015ft\u0131r  Saniyeler i\u00e7inde somun ve civatalar\u0131n \u0131s\u0131t\u0131lmas\u0131 ve s\u00f6k\u00fclmesi  Y\u00fcksek g\u00fcvenlik ve zaman tasarrufu  Entegre s\u0131v\u0131 so\u011futma sistemi  20\u00b0C a\u00e7\u0131l\u0131 u\u00e7 ile birlikte (G-056862)  \u0130nd\u00fcksiyon kablo uzunlu\u011fu 3 mt  \u00c7al\u0131\u015fma g\u00fcc\u00fc 5.200 W  \u00c7al\u0131\u015fma voltaj\u0131 230 V\" \/>\n<meta property=\"og:url\" content=\"https:\/\/bakirci.com\/ekipman\/servis-ekipmanlari\/kaporta\/induksiyon-cihazlari\/induksiyon-cihazigys-born-in-francepowerduction-50lgcalisma-gucu-5-200-w\/\" \/>\n<meta property=\"og:site_name\" content=\"Bak\u0131rc\u0131 Garagineering\" \/>\n<meta property=\"article:publisher\" content=\"https:\/\/www.facebook.com\/bakirci.garagineering\" \/>\n<meta property=\"article:modified_time\" content=\"2021-08-06T16:17:48+00:00\" \/>\n<meta property=\"og:image\" content=\"https:\/\/bakirci.com\/ekipman\/wp-content\/uploads\/2021\/06\/Powerduction-50LG-.png\" \/>\n\t<meta property=\"og:image:width\" content=\"1025\" \/>\n\t<meta property=\"og:image:height\" content=\"1025\" \/>\n<meta name=\"twitter:card\" content=\"summary_large_image\" \/>\n<meta name=\"twitter:label1\" content=\"Tahmini okuma s\u00fcresi\" \/>\n\t<meta name=\"twitter:data1\" content=\"1 dakika\" \/>\n<script type=\"application\/ld+json\" class=\"yoast-schema-graph\">{\"@context\":\"https:\/\/schema.org\",\"@graph\":[{\"@type\":\"Organization\",\"@id\":\"https:\/\/bakirci.com\/ekipman\/#organization\",\"name\":\"Bak\\u0131rc\\u0131 garagineering\",\"url\":\"https:\/\/bakirci.com\/ekipman\/\",\"sameAs\":[\"https:\/\/www.facebook.com\/bakirci.garagineering\",\"https:\/\/www.instagram.com\/bakirci.garagineering\/\",\"https:\/\/www.linkedin.com\/company\/bakirci-garagineering\/\",\"https:\/\/www.youtube.com\/channel\/UCiVG6s_jALJ6Zk8085XiOQg\"],\"logo\":{\"@type\":\"ImageObject\",\"@id\":\"https:\/\/bakirci.com\/ekipman\/#logo\",\"inLanguage\":\"tr\",\"url\":\"https:\/\/bakirci.com\/ekipman\/wp-content\/uploads\/2021\/09\/Bakirci-logo-lacivert.png\",\"contentUrl\":\"https:\/\/bakirci.com\/ekipman\/wp-content\/uploads\/2021\/09\/Bakirci-logo-lacivert.png\",\"width\":501,\"height\":501,\"caption\":\"Bak\\u0131rc\\u0131 garagineering\"},\"image\":{\"@id\":\"https:\/\/bakirci.com\/ekipman\/#logo\"}},{\"@type\":\"WebSite\",\"@id\":\"https:\/\/bakirci.com\/ekipman\/#website\",\"url\":\"https:\/\/bakirci.com\/ekipman\/\",\"name\":\"Bak\\u0131rc\\u0131 Garagineering\",\"description\":\"Otomotiv sekt\\u00f6r\\u00fcne \\u00f6zel, \\u201c\\u00dcretici Standard\\u0131nda\\u201d \\u00e7\\u00f6z\\u00fcmler\\u2026\",\"publisher\":{\"@id\":\"https:\/\/bakirci.com\/ekipman\/#organization\"},\"potentialAction\":[{\"@type\":\"SearchAction\",\"target\":{\"@type\":\"EntryPoint\",\"urlTemplate\":\"https:\/\/bakirci.com\/ekipman\/?s={search_term_string}\"},\"query-input\":\"required name=search_term_string\"}],\"inLanguage\":\"tr\"},{\"@type\":\"ImageObject\",\"@id\":\"https:\/\/bakirci.com\/ekipman\/servis-ekipmanlari\/kaporta\/induksiyon-cihazlari\/induksiyon-cihazigys-born-in-francepowerduction-50lgcalisma-gucu-5-200-w\/#primaryimage\",\"inLanguage\":\"tr\",\"url\":\"https:\/\/bakirci.com\/ekipman\/wp-content\/uploads\/2021\/06\/Powerduction-50LG-.png\",\"contentUrl\":\"https:\/\/bakirci.com\/ekipman\/wp-content\/uploads\/2021\/06\/Powerduction-50LG-.png\",\"width\":1025,\"height\":1025},{\"@type\":\"WebPage\",\"@id\":\"https:\/\/bakirci.com\/ekipman\/servis-ekipmanlari\/kaporta\/induksiyon-cihazlari\/induksiyon-cihazigys-born-in-francepowerduction-50lgcalisma-gucu-5-200-w\/#webpage\",\"url\":\"https:\/\/bakirci.com\/ekipman\/servis-ekipmanlari\/kaporta\/induksiyon-cihazlari\/induksiyon-cihazigys-born-in-francepowerduction-50lgcalisma-gucu-5-200-w\/\",\"name\":\"\\u0130nd\\u00fcksiyon Cihaz\\u0131 GYS (Born in FRANCE)Powerduction 50LG \\u00c7al\\u0131\\u015fma g\\u00fcc\\u00fc 5.200 W - Bak\\u0131rc\\u0131 Garagineering\",\"isPartOf\":{\"@id\":\"https:\/\/bakirci.com\/ekipman\/#website\"},\"primaryImageOfPage\":{\"@id\":\"https:\/\/bakirci.com\/ekipman\/servis-ekipmanlari\/kaporta\/induksiyon-cihazlari\/induksiyon-cihazigys-born-in-francepowerduction-50lgcalisma-gucu-5-200-w\/#primaryimage\"},\"datePublished\":\"2021-01-02T05:20:32+00:00\",\"dateModified\":\"2021-08-06T16:17:48+00:00\",\"breadcrumb\":{\"@id\":\"https:\/\/bakirci.com\/ekipman\/servis-ekipmanlari\/kaporta\/induksiyon-cihazlari\/induksiyon-cihazigys-born-in-francepowerduction-50lgcalisma-gucu-5-200-w\/#breadcrumb\"},\"inLanguage\":\"tr\",\"potentialAction\":[{\"@type\":\"ReadAction\",\"target\":[\"https:\/\/bakirci.com\/ekipman\/servis-ekipmanlari\/kaporta\/induksiyon-cihazlari\/induksiyon-cihazigys-born-in-francepowerduction-50lgcalisma-gucu-5-200-w\/\"]}]},{\"@type\":\"BreadcrumbList\",\"@id\":\"https:\/\/bakirci.com\/ekipman\/servis-ekipmanlari\/kaporta\/induksiyon-cihazlari\/induksiyon-cihazigys-born-in-francepowerduction-50lgcalisma-gucu-5-200-w\/#breadcrumb\",\"itemListElement\":[{\"@type\":\"ListItem\",\"position\":1,\"name\":\"Ekipman\",\"item\":\"https:\/\/bakirci.com\/ekipman\/\"},{\"@type\":\"ListItem\",\"position\":2,\"name\":\"Otomotiv Tesisleri \\u0130\\u00e7in Servis Ekipmanlar\\u0131\",\"item\":\"https:\/\/bakirci.com\/ekipman\/\"},{\"@type\":\"ListItem\",\"position\":3,\"name\":\"\\u0130nd\\u00fcksiyon Cihaz\\u0131GYS (Born in FRANCE)Powerduction 50LG\\u00c7al\\u0131\\u015fma g\\u00fcc\\u00fc 5.200 W\"}]}]}<\/script>\n<!-- \/ Yoast SEO plugin. -->","yoast_head_json":{"title":"\u0130nd\u00fcksiyon Cihaz\u0131GYS (Born in FRANCE)Powerduction 50LG\u00c7al\u0131\u015fma g\u00fcc\u00fc 5.200 W - Bak\u0131rc\u0131 Garagineering","robots":{"index":"index","follow":"follow","max-snippet":"max-snippet:-1","max-image-preview":"max-image-preview:large","max-video-preview":"max-video-preview:-1"},"canonical":"https:\/\/bakirci.com\/ekipman\/servis-ekipmanlari\/kaporta\/induksiyon-cihazlari\/induksiyon-cihazigys-born-in-francepowerduction-50lgcalisma-gucu-5-200-w\/","og_locale":"tr_TR","og_type":"article","og_title":"\u0130nd\u00fcksiyon Cihaz\u0131GYS (Born in FRANCE)Powerduction 50LG\u00c7al\u0131\u015fma g\u00fcc\u00fc 5.200 W - Bak\u0131rc\u0131 Garagineering","og_description":"\u0130nd\u00fcksiyon Cihaz\u0131 - Powerduction 50LG  Oksitlenmi\u015f s\u00f6k\u00fclemeyen \u00e7elik ve al\u00fcminyum par\u00e7alar\u0131n h\u0131zl\u0131 ve g\u00fcvenli bir \u015fekilde \u0131s\u0131t\u0131lmas\u0131 i\u00e7in tasarlanm\u0131\u015ft\u0131r  Saniyeler i\u00e7inde somun ve civatalar\u0131n \u0131s\u0131t\u0131lmas\u0131 ve s\u00f6k\u00fclmesi  Y\u00fcksek g\u00fcvenlik ve zaman tasarrufu  Entegre s\u0131v\u0131 so\u011futma sistemi  20\u00b0C a\u00e7\u0131l\u0131 u\u00e7 ile birlikte (G-056862)  \u0130nd\u00fcksiyon kablo uzunlu\u011fu 3 mt  \u00c7al\u0131\u015fma g\u00fcc\u00fc 5.200 W  \u00c7al\u0131\u015fma voltaj\u0131 230 V","og_url":"https:\/\/bakirci.com\/ekipman\/servis-ekipmanlari\/kaporta\/induksiyon-cihazlari\/induksiyon-cihazigys-born-in-francepowerduction-50lgcalisma-gucu-5-200-w\/","og_site_name":"Bak\u0131rc\u0131 Garagineering","article_publisher":"https:\/\/www.facebook.com\/bakirci.garagineering","article_modified_time":"2021-08-06T16:17:48+00:00","og_image":[{"width":1025,"height":1025,"url":"https:\/\/bakirci.com\/ekipman\/wp-content\/uploads\/2021\/06\/Powerduction-50LG-.png","path":"\/home\/bakirciwebsitesi\/public_html\/ekipman\/wp-content\/uploads\/2021\/06\/Powerduction-50LG-.png","size":"full","id":4745,"alt":"","pixels":1050625,"type":"image\/png"}],"twitter_card":"summary_large_image","twitter_misc":{"Tahmini okuma s\u00fcresi":"1 dakika"},"schema":{"@context":"https:\/\/schema.org","@graph":[{"@type":"Organization","@id":"https:\/\/bakirci.com\/ekipman\/#organization","name":"Bak\u0131rc\u0131 garagineering","url":"https:\/\/bakirci.com\/ekipman\/","sameAs":["https:\/\/www.facebook.com\/bakirci.garagineering","https:\/\/www.instagram.com\/bakirci.garagineering\/","https:\/\/www.linkedin.com\/company\/bakirci-garagineering\/","https:\/\/www.youtube.com\/channel\/UCiVG6s_jALJ6Zk8085XiOQg"],"logo":{"@type":"ImageObject","@id":"https:\/\/bakirci.com\/ekipman\/#logo","inLanguage":"tr","url":"https:\/\/bakirci.com\/ekipman\/wp-content\/uploads\/2021\/09\/Bakirci-logo-lacivert.png","contentUrl":"https:\/\/bakirci.com\/ekipman\/wp-content\/uploads\/2021\/09\/Bakirci-logo-lacivert.png","width":501,"height":501,"caption":"Bak\u0131rc\u0131 garagineering"},"image":{"@id":"https:\/\/bakirci.com\/ekipman\/#logo"}},{"@type":"WebSite","@id":"https:\/\/bakirci.com\/ekipman\/#website","url":"https:\/\/bakirci.com\/ekipman\/","name":"Bak\u0131rc\u0131 Garagineering","description":"Otomotiv sekt\u00f6r\u00fcne \u00f6zel, \u201c\u00dcretici Standard\u0131nda\u201d \u00e7\u00f6z\u00fcmler\u2026","publisher":{"@id":"https:\/\/bakirci.com\/ekipman\/#organization"},"potentialAction":[{"@type":"SearchAction","target":{"@type":"EntryPoint","urlTemplate":"https:\/\/bakirci.com\/ekipman\/?s={search_term_string}"},"query-input":"required name=search_term_string"}],"inLanguage":"tr"},{"@type":"ImageObject","@id":"https:\/\/bakirci.com\/ekipman\/servis-ekipmanlari\/kaporta\/induksiyon-cihazlari\/induksiyon-cihazigys-born-in-francepowerduction-50lgcalisma-gucu-5-200-w\/#primaryimage","inLanguage":"tr","url":"https:\/\/bakirci.com\/ekipman\/wp-content\/uploads\/2021\/06\/Powerduction-50LG-.png","contentUrl":"https:\/\/bakirci.com\/ekipman\/wp-content\/uploads\/2021\/06\/Powerduction-50LG-.png","width":1025,"height":1025},{"@type":"WebPage","@id":"https:\/\/bakirci.com\/ekipman\/servis-ekipmanlari\/kaporta\/induksiyon-cihazlari\/induksiyon-cihazigys-born-in-francepowerduction-50lgcalisma-gucu-5-200-w\/#webpage","url":"https:\/\/bakirci.com\/ekipman\/servis-ekipmanlari\/kaporta\/induksiyon-cihazlari\/induksiyon-cihazigys-born-in-francepowerduction-50lgcalisma-gucu-5-200-w\/","name":"\u0130nd\u00fcksiyon Cihaz\u0131 GYS (Born in FRANCE)Powerduction 50LG \u00c7al\u0131\u015fma g\u00fcc\u00fc 5.200 W - Bak\u0131rc\u0131 Garagineering","isPartOf":{"@id":"https:\/\/bakirci.com\/ekipman\/#website"},"primaryImageOfPage":{"@id":"https:\/\/bakirci.com\/ekipman\/servis-ekipmanlari\/kaporta\/induksiyon-cihazlari\/induksiyon-cihazigys-born-in-francepowerduction-50lgcalisma-gucu-5-200-w\/#primaryimage"},"datePublished":"2021-01-02T05:20:32+00:00","dateModified":"2021-08-06T16:17:48+00:00","breadcrumb":{"@id":"https:\/\/bakirci.com\/ekipman\/servis-ekipmanlari\/kaporta\/induksiyon-cihazlari\/induksiyon-cihazigys-born-in-francepowerduction-50lgcalisma-gucu-5-200-w\/#breadcrumb"},"inLanguage":"tr","potentialAction":[{"@type":"ReadAction","target":["https:\/\/bakirci.com\/ekipman\/servis-ekipmanlari\/kaporta\/induksiyon-cihazlari\/induksiyon-cihazigys-born-in-francepowerduction-50lgcalisma-gucu-5-200-w\/"]}]},{"@type":"BreadcrumbList","@id":"https:\/\/bakirci.com\/ekipman\/servis-ekipmanlari\/kaporta\/induksiyon-cihazlari\/induksiyon-cihazigys-born-in-francepowerduction-50lgcalisma-gucu-5-200-w\/#breadcrumb","itemListElement":[{"@type":"ListItem","position":1,"name":"Ekipman","item":"https:\/\/bakirci.com\/ekipman\/"},{"@type":"ListItem","position":2,"name":"Otomotiv Tesisleri \u0130\u00e7in Servis Ekipmanlar\u0131","item":"https:\/\/bakirci.com\/ekipman\/"},{"@type":"ListItem","position":3,"name":"\u0130nd\u00fcksiyon Cihaz\u0131GYS (Born in FRANCE)Powerduction 50LG\u00c7al\u0131\u015fma g\u00fcc\u00fc 5.200 W"}]}]}},"_links":{"self":[{"href":"https:\/\/bakirci.com\/ekipman\/wp-json\/wp\/v2\/product\/4597","targetHints":{"allow":["GET"]}}],"collection":[{"href":"https:\/\/bakirci.com\/ekipman\/wp-json\/wp\/v2\/product"}],"about":[{"href":"https:\/\/bakirci.com\/ekipman\/wp-json\/wp\/v2\/types\/product"}],"replies":[{"embeddable":true,"href":"https:\/\/bakirci.com\/ekipman\/wp-json\/wp\/v2\/comments?post=4597"}],"wp:featuredmedia":[{"embeddable":true,"href":"https:\/\/bakirci.com\/ekipman\/wp-json\/wp\/v2\/media\/4745"}],"wp:attachment":[{"href":"https:\/\/bakirci.com\/ekipman\/wp-json\/wp\/v2\/media?parent=4597"}],"wp:term":[{"taxonomy":"product_cat","embeddable":true,"href":"https:\/\/bakirci.com\/ekipman\/wp-json\/wp\/v2\/product_cat?post=4597"},{"taxonomy":"product_tag","embeddable":true,"href":"https:\/\/bakirci.com\/ekipman\/wp-json\/wp\/v2\/product_tag?post=4597"}],"curies":[{"name":"wp","href":"https:\/\/api.w.org\/{rel}","templated":true}]}}