{"id":4561,"date":"2021-01-02T08:15:13","date_gmt":"2021-01-02T08:15:13","guid":{"rendered":"https:\/\/j6l.65c.myftpupload.com\/?post_type=product&#038;p=4561"},"modified":"2021-08-10T11:35:06","modified_gmt":"2021-08-10T11:35:06","slug":"seyyar-kaynak-dumani-emis-santralinederman-born-in-sweden","status":"publish","type":"product","link":"https:\/\/bakirci.com\/ekipman\/servis-ekipmanlari\/kaporta\/kaynak-cihazlari\/seyyar-kaynak-dumani-emis-santralinederman-born-in-sweden\/","title":{"rendered":"<p class=\"ustmetin\">Seyyar Kaynak Duman\u0131 Emi\u015f Santrali<\/p><p class=\"ortametin\">NEDERMAN <span class=\"ortametin2\">(Born in SWEDEN)<\/span><p class=\"altmetin\"><\/p>"},"content":{"rendered":"<ul>\n<li>Seyyar Kaynak Duman\u0131 Emi\u015f Santrali<\/li>\n<li>Kaynak i\u015flemi esnas\u0131nda ortaya \u00e7\u0131kan zehirli gazlar\u0131n emilerek teknisyenin korunmas\u0131<\/li>\n<li>Ayd\u0131nlatmal\u0131, y\u00fcksek manevra kabiliyetli ve \u00fczerinden ayar imkan\u0131 sa\u011flayan eklemli emi\u015f kolu<\/li>\n<li>Geni\u015f y\u00fczeye sahip uzun \u00f6m\u00fcrl\u00fc kartu\u015f filtre<\/li>\n<li>Servis i\u00e7erisinde rahat hareket imkan\u0131 sa\u011flayan kilitli tekerlek sistemi<\/li>\n<li>Eklemli emi\u015f kolu \u00d8160 mm, 3 mt<\/li>\n<li>Emi\u015f g\u00fcc\u00fc 1050 m\u00b3\/h<\/li>\n<\/ul>\n","protected":false},"excerpt":{"rendered":"<ul>\n<li>Seyyar Kaynak Duman\u0131 Emi\u015f Santrali<\/li>\n<li>Kaynak i\u015flemi esnas\u0131nda ortaya \u00e7\u0131kan zehirli gazlar\u0131n emilerek teknisyenin korunmas\u0131<\/li>\n<li>Ayd\u0131nlatmal\u0131, y\u00fcksek manevra kabiliyetli ve \u00fczerinden ayar imkan\u0131 sa\u011flayan eklemli emi\u015f kolu<\/li>\n<li>Geni\u015f y\u00fczeye sahip uzun \u00f6m\u00fcrl\u00fc kartu\u015f filtre<\/li>\n<li>Servis i\u00e7erisinde rahat hareket imkan\u0131 sa\u011flayan kilitli tekerlek sistemi<\/li>\n<li>Eklemli emi\u015f kolu \u00d8160 mm, 3 mt<\/li>\n<li>Emi\u015f g\u00fcc\u00fc 1050 m\u00b3\/h<\/li>\n<\/ul>\n","protected":false},"featured_media":4720,"comment_status":"closed","ping_status":"closed","template":"","meta":[],"product_cat":[176],"product_tag":[664,686,684,674,680,679,673,672,682,687,678,677,668,350,662,681,667,685,663,676,670,669,675,671,665,666,683,690,689,688],"class_list":["post-4561","product","type-product","status-publish","has-post-thumbnail","hentry","pwb-brand-nederman","product_cat-kaynak-cihazlari","product_tag-aliminyum-kaynak-cihazi","product_tag-alimunyum-kaynagi","product_tag-aluminyum-kaynagi","product_tag-ark-kaynagi","product_tag-cek-cek","product_tag-cekcek","product_tag-elektrod-kaynagi","product_tag-elektrot-kaynagi","product_tag-gocuk-duzeltme","product_tag-hizli-gocuk","product_tag-kaynakli-cektirme-cihazi","product_tag-kaynakli-cektirme-makinasi","product_tag-mig-mag-kaynagi","product_tag-nederman","product_tag-nokta-kaynagi","product_tag-panel-duzeltme","product_tag-parca-birlestirme","product_tag-percin-kaynagi","product_tag-punto-kaynagi","product_tag-punto-makinasi","product_tag-puntolama-cihazi","product_tag-puntoloma-cihazi","product_tag-putolama-makinesi","product_tag-sac-kaynagi","product_tag-sari-kaynagi","product_tag-sari-kaynak-cihazi","product_tag-spot-kaynak","product_tag-tek-tarafli-punta","product_tag-tek-tarafli-punto","product_tag-vurdurmali-duzeltme"],"brands":[{"id":391,"name":"NEDERMAN","slug":"nederman"}],"yoast_head":"<!-- This site is optimized with the Yoast SEO plugin v17.1 - https:\/\/yoast.com\/wordpress\/plugins\/seo\/ -->\n<title>Seyyar Kaynak Duman\u0131 Emi\u015f SantraliNEDERMAN (Born in SWEDEN) - Bak\u0131rc\u0131 Garagineering<\/title>\n<meta name=\"robots\" content=\"index, follow, max-snippet:-1, max-image-preview:large, max-video-preview:-1\" \/>\n<link rel=\"canonical\" href=\"https:\/\/bakirci.com\/ekipman\/servis-ekipmanlari\/kaporta\/kaynak-cihazlari\/seyyar-kaynak-dumani-emis-santralinederman-born-in-sweden\/\" \/>\n<meta property=\"og:locale\" content=\"tr_TR\" \/>\n<meta property=\"og:type\" content=\"article\" \/>\n<meta property=\"og:title\" content=\"Seyyar Kaynak Duman\u0131 Emi\u015f SantraliNEDERMAN (Born in SWEDEN) - Bak\u0131rc\u0131 Garagineering\" \/>\n<meta property=\"og:description\" content=\"Seyyar Kaynak Duman\u0131 Emi\u015f Santrali  Kaynak i\u015flemi esnas\u0131nda ortaya \u00e7\u0131kan zehirli gazlar\u0131n emilerek teknisyenin korunmas\u0131  Ayd\u0131nlatmal\u0131, y\u00fcksek manevra kabiliyetli ve \u00fczerinden ayar imkan\u0131 sa\u011flayan eklemli emi\u015f kolu  Geni\u015f y\u00fczeye sahip uzun \u00f6m\u00fcrl\u00fc kartu\u015f filtre  Servis i\u00e7erisinde rahat hareket imkan\u0131 sa\u011flayan kilitli tekerlek sistemi  Eklemli emi\u015f kolu \u00d8160 mm, 3 mt  Emi\u015f g\u00fcc\u00fc 1050 m\u00b3\/h\" \/>\n<meta property=\"og:url\" content=\"https:\/\/bakirci.com\/ekipman\/servis-ekipmanlari\/kaporta\/kaynak-cihazlari\/seyyar-kaynak-dumani-emis-santralinederman-born-in-sweden\/\" \/>\n<meta property=\"og:site_name\" content=\"Bak\u0131rc\u0131 Garagineering\" \/>\n<meta property=\"article:publisher\" content=\"https:\/\/www.facebook.com\/bakirci.garagineering\" \/>\n<meta property=\"article:modified_time\" content=\"2021-08-10T11:35:06+00:00\" \/>\n<meta property=\"og:image\" content=\"https:\/\/bakirci.com\/ekipman\/wp-content\/uploads\/2021\/06\/Seyyar-Kaynak-Dumani-Emis-Santrali.jpg\" \/>\n\t<meta property=\"og:image:width\" content=\"800\" \/>\n\t<meta property=\"og:image:height\" content=\"800\" \/>\n<meta name=\"twitter:card\" content=\"summary_large_image\" \/>\n<meta name=\"twitter:label1\" content=\"Tahmini okuma s\u00fcresi\" \/>\n\t<meta name=\"twitter:data1\" content=\"1 dakika\" \/>\n<script type=\"application\/ld+json\" class=\"yoast-schema-graph\">{\"@context\":\"https:\/\/schema.org\",\"@graph\":[{\"@type\":\"Organization\",\"@id\":\"https:\/\/bakirci.com\/ekipman\/#organization\",\"name\":\"Bak\\u0131rc\\u0131 garagineering\",\"url\":\"https:\/\/bakirci.com\/ekipman\/\",\"sameAs\":[\"https:\/\/www.facebook.com\/bakirci.garagineering\",\"https:\/\/www.instagram.com\/bakirci.garagineering\/\",\"https:\/\/www.linkedin.com\/company\/bakirci-garagineering\/\",\"https:\/\/www.youtube.com\/channel\/UCiVG6s_jALJ6Zk8085XiOQg\"],\"logo\":{\"@type\":\"ImageObject\",\"@id\":\"https:\/\/bakirci.com\/ekipman\/#logo\",\"inLanguage\":\"tr\",\"url\":\"https:\/\/bakirci.com\/ekipman\/wp-content\/uploads\/2021\/09\/Bakirci-logo-lacivert.png\",\"contentUrl\":\"https:\/\/bakirci.com\/ekipman\/wp-content\/uploads\/2021\/09\/Bakirci-logo-lacivert.png\",\"width\":501,\"height\":501,\"caption\":\"Bak\\u0131rc\\u0131 garagineering\"},\"image\":{\"@id\":\"https:\/\/bakirci.com\/ekipman\/#logo\"}},{\"@type\":\"WebSite\",\"@id\":\"https:\/\/bakirci.com\/ekipman\/#website\",\"url\":\"https:\/\/bakirci.com\/ekipman\/\",\"name\":\"Bak\\u0131rc\\u0131 Garagineering\",\"description\":\"Otomotiv sekt\\u00f6r\\u00fcne \\u00f6zel, \\u201c\\u00dcretici Standard\\u0131nda\\u201d \\u00e7\\u00f6z\\u00fcmler\\u2026\",\"publisher\":{\"@id\":\"https:\/\/bakirci.com\/ekipman\/#organization\"},\"potentialAction\":[{\"@type\":\"SearchAction\",\"target\":{\"@type\":\"EntryPoint\",\"urlTemplate\":\"https:\/\/bakirci.com\/ekipman\/?s={search_term_string}\"},\"query-input\":\"required name=search_term_string\"}],\"inLanguage\":\"tr\"},{\"@type\":\"ImageObject\",\"@id\":\"https:\/\/bakirci.com\/ekipman\/servis-ekipmanlari\/kaporta\/kaynak-cihazlari\/seyyar-kaynak-dumani-emis-santralinederman-born-in-sweden\/#primaryimage\",\"inLanguage\":\"tr\",\"url\":\"https:\/\/bakirci.com\/ekipman\/wp-content\/uploads\/2021\/06\/Seyyar-Kaynak-Dumani-Emis-Santrali.jpg\",\"contentUrl\":\"https:\/\/bakirci.com\/ekipman\/wp-content\/uploads\/2021\/06\/Seyyar-Kaynak-Dumani-Emis-Santrali.jpg\",\"width\":800,\"height\":800},{\"@type\":\"WebPage\",\"@id\":\"https:\/\/bakirci.com\/ekipman\/servis-ekipmanlari\/kaporta\/kaynak-cihazlari\/seyyar-kaynak-dumani-emis-santralinederman-born-in-sweden\/#webpage\",\"url\":\"https:\/\/bakirci.com\/ekipman\/servis-ekipmanlari\/kaporta\/kaynak-cihazlari\/seyyar-kaynak-dumani-emis-santralinederman-born-in-sweden\/\",\"name\":\"Seyyar Kaynak Duman\\u0131 Emi\\u015f Santrali NEDERMAN (Born in SWEDEN) - Bak\\u0131rc\\u0131 Garagineering\",\"isPartOf\":{\"@id\":\"https:\/\/bakirci.com\/ekipman\/#website\"},\"primaryImageOfPage\":{\"@id\":\"https:\/\/bakirci.com\/ekipman\/servis-ekipmanlari\/kaporta\/kaynak-cihazlari\/seyyar-kaynak-dumani-emis-santralinederman-born-in-sweden\/#primaryimage\"},\"datePublished\":\"2021-01-02T08:15:13+00:00\",\"dateModified\":\"2021-08-10T11:35:06+00:00\",\"breadcrumb\":{\"@id\":\"https:\/\/bakirci.com\/ekipman\/servis-ekipmanlari\/kaporta\/kaynak-cihazlari\/seyyar-kaynak-dumani-emis-santralinederman-born-in-sweden\/#breadcrumb\"},\"inLanguage\":\"tr\",\"potentialAction\":[{\"@type\":\"ReadAction\",\"target\":[\"https:\/\/bakirci.com\/ekipman\/servis-ekipmanlari\/kaporta\/kaynak-cihazlari\/seyyar-kaynak-dumani-emis-santralinederman-born-in-sweden\/\"]}]},{\"@type\":\"BreadcrumbList\",\"@id\":\"https:\/\/bakirci.com\/ekipman\/servis-ekipmanlari\/kaporta\/kaynak-cihazlari\/seyyar-kaynak-dumani-emis-santralinederman-born-in-sweden\/#breadcrumb\",\"itemListElement\":[{\"@type\":\"ListItem\",\"position\":1,\"name\":\"Ekipman\",\"item\":\"https:\/\/bakirci.com\/ekipman\/\"},{\"@type\":\"ListItem\",\"position\":2,\"name\":\"Otomotiv Tesisleri \\u0130\\u00e7in Servis Ekipmanlar\\u0131\",\"item\":\"https:\/\/bakirci.com\/ekipman\/\"},{\"@type\":\"ListItem\",\"position\":3,\"name\":\"Seyyar Kaynak Duman\\u0131 Emi\\u015f SantraliNEDERMAN (Born in SWEDEN)\"}]}]}<\/script>\n<!-- \/ Yoast SEO plugin. -->","yoast_head_json":{"title":"Seyyar Kaynak Duman\u0131 Emi\u015f SantraliNEDERMAN (Born in SWEDEN) - Bak\u0131rc\u0131 Garagineering","robots":{"index":"index","follow":"follow","max-snippet":"max-snippet:-1","max-image-preview":"max-image-preview:large","max-video-preview":"max-video-preview:-1"},"canonical":"https:\/\/bakirci.com\/ekipman\/servis-ekipmanlari\/kaporta\/kaynak-cihazlari\/seyyar-kaynak-dumani-emis-santralinederman-born-in-sweden\/","og_locale":"tr_TR","og_type":"article","og_title":"Seyyar Kaynak Duman\u0131 Emi\u015f SantraliNEDERMAN (Born in SWEDEN) - Bak\u0131rc\u0131 Garagineering","og_description":"Seyyar Kaynak Duman\u0131 Emi\u015f Santrali  Kaynak i\u015flemi esnas\u0131nda ortaya \u00e7\u0131kan zehirli gazlar\u0131n emilerek teknisyenin korunmas\u0131  Ayd\u0131nlatmal\u0131, y\u00fcksek manevra kabiliyetli ve \u00fczerinden ayar imkan\u0131 sa\u011flayan eklemli emi\u015f kolu  Geni\u015f y\u00fczeye sahip uzun \u00f6m\u00fcrl\u00fc kartu\u015f filtre  Servis i\u00e7erisinde rahat hareket imkan\u0131 sa\u011flayan kilitli tekerlek sistemi  Eklemli emi\u015f kolu \u00d8160 mm, 3 mt  Emi\u015f g\u00fcc\u00fc 1050 m\u00b3\/h","og_url":"https:\/\/bakirci.com\/ekipman\/servis-ekipmanlari\/kaporta\/kaynak-cihazlari\/seyyar-kaynak-dumani-emis-santralinederman-born-in-sweden\/","og_site_name":"Bak\u0131rc\u0131 Garagineering","article_publisher":"https:\/\/www.facebook.com\/bakirci.garagineering","article_modified_time":"2021-08-10T11:35:06+00:00","og_image":[{"width":800,"height":800,"url":"https:\/\/bakirci.com\/ekipman\/wp-content\/uploads\/2021\/06\/Seyyar-Kaynak-Dumani-Emis-Santrali.jpg","path":"\/home\/bakirciwebsitesi\/public_html\/ekipman\/wp-content\/uploads\/2021\/06\/Seyyar-Kaynak-Dumani-Emis-Santrali.jpg","size":"full","id":4720,"alt":"","pixels":640000,"type":"image\/jpeg"}],"twitter_card":"summary_large_image","twitter_misc":{"Tahmini okuma s\u00fcresi":"1 dakika"},"schema":{"@context":"https:\/\/schema.org","@graph":[{"@type":"Organization","@id":"https:\/\/bakirci.com\/ekipman\/#organization","name":"Bak\u0131rc\u0131 garagineering","url":"https:\/\/bakirci.com\/ekipman\/","sameAs":["https:\/\/www.facebook.com\/bakirci.garagineering","https:\/\/www.instagram.com\/bakirci.garagineering\/","https:\/\/www.linkedin.com\/company\/bakirci-garagineering\/","https:\/\/www.youtube.com\/channel\/UCiVG6s_jALJ6Zk8085XiOQg"],"logo":{"@type":"ImageObject","@id":"https:\/\/bakirci.com\/ekipman\/#logo","inLanguage":"tr","url":"https:\/\/bakirci.com\/ekipman\/wp-content\/uploads\/2021\/09\/Bakirci-logo-lacivert.png","contentUrl":"https:\/\/bakirci.com\/ekipman\/wp-content\/uploads\/2021\/09\/Bakirci-logo-lacivert.png","width":501,"height":501,"caption":"Bak\u0131rc\u0131 garagineering"},"image":{"@id":"https:\/\/bakirci.com\/ekipman\/#logo"}},{"@type":"WebSite","@id":"https:\/\/bakirci.com\/ekipman\/#website","url":"https:\/\/bakirci.com\/ekipman\/","name":"Bak\u0131rc\u0131 Garagineering","description":"Otomotiv sekt\u00f6r\u00fcne \u00f6zel, \u201c\u00dcretici Standard\u0131nda\u201d \u00e7\u00f6z\u00fcmler\u2026","publisher":{"@id":"https:\/\/bakirci.com\/ekipman\/#organization"},"potentialAction":[{"@type":"SearchAction","target":{"@type":"EntryPoint","urlTemplate":"https:\/\/bakirci.com\/ekipman\/?s={search_term_string}"},"query-input":"required name=search_term_string"}],"inLanguage":"tr"},{"@type":"ImageObject","@id":"https:\/\/bakirci.com\/ekipman\/servis-ekipmanlari\/kaporta\/kaynak-cihazlari\/seyyar-kaynak-dumani-emis-santralinederman-born-in-sweden\/#primaryimage","inLanguage":"tr","url":"https:\/\/bakirci.com\/ekipman\/wp-content\/uploads\/2021\/06\/Seyyar-Kaynak-Dumani-Emis-Santrali.jpg","contentUrl":"https:\/\/bakirci.com\/ekipman\/wp-content\/uploads\/2021\/06\/Seyyar-Kaynak-Dumani-Emis-Santrali.jpg","width":800,"height":800},{"@type":"WebPage","@id":"https:\/\/bakirci.com\/ekipman\/servis-ekipmanlari\/kaporta\/kaynak-cihazlari\/seyyar-kaynak-dumani-emis-santralinederman-born-in-sweden\/#webpage","url":"https:\/\/bakirci.com\/ekipman\/servis-ekipmanlari\/kaporta\/kaynak-cihazlari\/seyyar-kaynak-dumani-emis-santralinederman-born-in-sweden\/","name":"Seyyar Kaynak Duman\u0131 Emi\u015f Santrali NEDERMAN (Born in SWEDEN) - Bak\u0131rc\u0131 Garagineering","isPartOf":{"@id":"https:\/\/bakirci.com\/ekipman\/#website"},"primaryImageOfPage":{"@id":"https:\/\/bakirci.com\/ekipman\/servis-ekipmanlari\/kaporta\/kaynak-cihazlari\/seyyar-kaynak-dumani-emis-santralinederman-born-in-sweden\/#primaryimage"},"datePublished":"2021-01-02T08:15:13+00:00","dateModified":"2021-08-10T11:35:06+00:00","breadcrumb":{"@id":"https:\/\/bakirci.com\/ekipman\/servis-ekipmanlari\/kaporta\/kaynak-cihazlari\/seyyar-kaynak-dumani-emis-santralinederman-born-in-sweden\/#breadcrumb"},"inLanguage":"tr","potentialAction":[{"@type":"ReadAction","target":["https:\/\/bakirci.com\/ekipman\/servis-ekipmanlari\/kaporta\/kaynak-cihazlari\/seyyar-kaynak-dumani-emis-santralinederman-born-in-sweden\/"]}]},{"@type":"BreadcrumbList","@id":"https:\/\/bakirci.com\/ekipman\/servis-ekipmanlari\/kaporta\/kaynak-cihazlari\/seyyar-kaynak-dumani-emis-santralinederman-born-in-sweden\/#breadcrumb","itemListElement":[{"@type":"ListItem","position":1,"name":"Ekipman","item":"https:\/\/bakirci.com\/ekipman\/"},{"@type":"ListItem","position":2,"name":"Otomotiv Tesisleri \u0130\u00e7in Servis Ekipmanlar\u0131","item":"https:\/\/bakirci.com\/ekipman\/"},{"@type":"ListItem","position":3,"name":"Seyyar Kaynak Duman\u0131 Emi\u015f SantraliNEDERMAN (Born in SWEDEN)"}]}]}},"_links":{"self":[{"href":"https:\/\/bakirci.com\/ekipman\/wp-json\/wp\/v2\/product\/4561","targetHints":{"allow":["GET"]}}],"collection":[{"href":"https:\/\/bakirci.com\/ekipman\/wp-json\/wp\/v2\/product"}],"about":[{"href":"https:\/\/bakirci.com\/ekipman\/wp-json\/wp\/v2\/types\/product"}],"replies":[{"embeddable":true,"href":"https:\/\/bakirci.com\/ekipman\/wp-json\/wp\/v2\/comments?post=4561"}],"wp:featuredmedia":[{"embeddable":true,"href":"https:\/\/bakirci.com\/ekipman\/wp-json\/wp\/v2\/media\/4720"}],"wp:attachment":[{"href":"https:\/\/bakirci.com\/ekipman\/wp-json\/wp\/v2\/media?parent=4561"}],"wp:term":[{"taxonomy":"product_cat","embeddable":true,"href":"https:\/\/bakirci.com\/ekipman\/wp-json\/wp\/v2\/product_cat?post=4561"},{"taxonomy":"product_tag","embeddable":true,"href":"https:\/\/bakirci.com\/ekipman\/wp-json\/wp\/v2\/product_tag?post=4561"}],"curies":[{"name":"wp","href":"https:\/\/api.w.org\/{rel}","templated":true}]}}