{"id":4500,"date":"2021-01-02T13:15:11","date_gmt":"2021-01-02T13:15:11","guid":{"rendered":"https:\/\/j6l.65c.myftpupload.com\/?post_type=product&#038;p=4500"},"modified":"2021-08-06T09:14:36","modified_gmt":"2021-08-06T09:14:36","slug":"tekerlek-montaj-sistemigl-technics-born-in-germanyeasyliftkaldirma-kapasitesi-60-kg-vw-ag-bmw-ag-ve-daimler-ag-onayli","status":"publish","type":"product","link":"https:\/\/bakirci.com\/ekipman\/servis-ekipmanlari\/mekanik\/kriko-ve-hidrolik-ekipmanlar\/tekerlek-montaj-sistemigl-technics-born-in-germanyeasyliftkaldirma-kapasitesi-60-kg-vw-ag-bmw-ag-ve-daimler-ag-onayli\/","title":{"rendered":"<p class=\"ustmetin\">Tekerlek Montaj Sistemi<\/p><p class=\"ortametin\">GL TECHNICS <span class=\"ortametin2\">(Born in GERMANY)<\/span><\/p><p class=\"altmetin\">Easylift<br>Kald\u0131rma kapasitesi 60 kg<br>(VW AG, BMW AG ve Daimler AG onayl\u0131)<\/p>"},"content":{"rendered":"<ul>\n<li>Tekerlek Montaj Sistemi &#8211; Easylift<\/li>\n<li>VW AG, BMW AG ve Daimler AG taraf\u0131ndan onayl\u0131<\/li>\n<li>Patentli mekanizma ve asans\u00f6r sayesinde kolay, h\u0131zl\u0131 tekerlek montaj\u0131<\/li>\n<li>Bilyal\u0131 rulman sayesinde tekerle\u011fi rahat ve h\u0131zl\u0131 d\u00f6nd\u00fcrme<\/li>\n<li>Sisteme entegre hava \u00e7\u0131k\u0131\u015f\u0131<\/li>\n<li>Elektri\u011fe gereksinim duymadan hava ile \u00e7al\u0131\u015fabilme<\/li>\n<li>Kald\u0131rma kapasitesi 60 kg<\/li>\n<li>Minimum tekerlek boyutu 135 \/ 80 R13<\/li>\n<li>Maksimum tekerlek boyutu 305 \/ 30 R26<\/li>\n<li>Lastik hava saati ve haval\u0131 bijon tabancas\u0131 i\u00e7in balans\u00f6rl\u00fc ta\u015f\u0131y\u0131c\u0131<\/li>\n<\/ul>\n","protected":false},"excerpt":{"rendered":"<ul>\n<li>Tekerlek Montaj Sistemi &#8211; Easylift<\/li>\n<li>VW AG, BMW AG ve Daimler AG taraf\u0131ndan onayl\u0131<\/li>\n<li>Patentli mekanizma ve asans\u00f6r sayesinde kolay, h\u0131zl\u0131 tekerlek montaj\u0131<\/li>\n<li>Bilyal\u0131 rulman sayesinde tekerle\u011fi rahat ve h\u0131zl\u0131 d\u00f6nd\u00fcrme<\/li>\n<li>Sisteme entegre hava \u00e7\u0131k\u0131\u015f\u0131<\/li>\n<li>Elektri\u011fe gereksinim duymadan hava ile \u00e7al\u0131\u015fabilme<\/li>\n<li>Kald\u0131rma kapasitesi 60 kg<\/li>\n<li>Minimum tekerlek boyutu 135 \/ 80 R13<\/li>\n<li>Maksimum tekerlek boyutu 305 \/ 30 R26<\/li>\n<li>Lastik hava saati ve haval\u0131 bijon tabancas\u0131 i\u00e7in balans\u00f6rl\u00fc ta\u015f\u0131y\u0131c\u0131<\/li>\n<\/ul>\n","protected":false},"featured_media":4501,"comment_status":"closed","ping_status":"closed","template":"","meta":[],"product_cat":[151],"product_tag":[79],"class_list":["post-4500","product","type-product","status-publish","has-post-thumbnail","hentry","pwb-brand-gl-technics","product_cat-kriko-ve-hidrolik-ekipmanlar","product_tag-gl-technics"],"brands":[{"id":380,"name":"GL TECHNICS","slug":"gl-technics"}],"yoast_head":"<!-- This site is optimized with the Yoast SEO plugin v17.1 - https:\/\/yoast.com\/wordpress\/plugins\/seo\/ -->\n<title>Tekerlek Montaj SistemiGL TECHNICS (Born in GERMANY)EasyliftKald\u0131rma kapasitesi 60 kg(VW AG, BMW AG ve Daimler AG onayl\u0131) - Bak\u0131rc\u0131 Garagineering<\/title>\n<meta name=\"robots\" content=\"index, follow, max-snippet:-1, max-image-preview:large, max-video-preview:-1\" \/>\n<link rel=\"canonical\" href=\"https:\/\/bakirci.com\/ekipman\/servis-ekipmanlari\/mekanik\/kriko-ve-hidrolik-ekipmanlar\/tekerlek-montaj-sistemigl-technics-born-in-germanyeasyliftkaldirma-kapasitesi-60-kg-vw-ag-bmw-ag-ve-daimler-ag-onayli\/\" \/>\n<meta property=\"og:locale\" content=\"tr_TR\" \/>\n<meta property=\"og:type\" content=\"article\" \/>\n<meta property=\"og:title\" content=\"Tekerlek Montaj SistemiGL TECHNICS (Born in GERMANY)EasyliftKald\u0131rma kapasitesi 60 kg(VW AG, BMW AG ve Daimler AG onayl\u0131) - Bak\u0131rc\u0131 Garagineering\" \/>\n<meta property=\"og:description\" content=\"Tekerlek Montaj Sistemi - Easylift  VW AG, BMW AG ve Daimler AG taraf\u0131ndan onayl\u0131  Patentli mekanizma ve asans\u00f6r sayesinde kolay, h\u0131zl\u0131 tekerlek montaj\u0131  Bilyal\u0131 rulman sayesinde tekerle\u011fi rahat ve h\u0131zl\u0131 d\u00f6nd\u00fcrme  Sisteme entegre hava \u00e7\u0131k\u0131\u015f\u0131  Elektri\u011fe gereksinim duymadan hava ile \u00e7al\u0131\u015fabilme  Kald\u0131rma kapasitesi 60 kg  Minimum tekerlek boyutu 135 \/ 80 R13  Maksimum tekerlek boyutu 305 \/ 30 R26  Lastik hava saati ve haval\u0131 bijon tabancas\u0131 i\u00e7in balans\u00f6rl\u00fc ta\u015f\u0131y\u0131c\u0131\" \/>\n<meta property=\"og:url\" content=\"https:\/\/bakirci.com\/ekipman\/servis-ekipmanlari\/mekanik\/kriko-ve-hidrolik-ekipmanlar\/tekerlek-montaj-sistemigl-technics-born-in-germanyeasyliftkaldirma-kapasitesi-60-kg-vw-ag-bmw-ag-ve-daimler-ag-onayli\/\" \/>\n<meta property=\"og:site_name\" content=\"Bak\u0131rc\u0131 Garagineering\" \/>\n<meta property=\"article:publisher\" content=\"https:\/\/www.facebook.com\/bakirci.garagineering\" \/>\n<meta property=\"article:modified_time\" content=\"2021-08-06T09:14:36+00:00\" \/>\n<meta property=\"og:image\" content=\"https:\/\/bakirci.com\/ekipman\/wp-content\/uploads\/2021\/06\/Easylift.png\" \/>\n\t<meta property=\"og:image:width\" content=\"1200\" \/>\n\t<meta property=\"og:image:height\" content=\"1200\" \/>\n<meta name=\"twitter:card\" content=\"summary_large_image\" \/>\n<meta name=\"twitter:label1\" content=\"Tahmini okuma s\u00fcresi\" \/>\n\t<meta name=\"twitter:data1\" content=\"1 dakika\" \/>\n<script type=\"application\/ld+json\" class=\"yoast-schema-graph\">{\"@context\":\"https:\/\/schema.org\",\"@graph\":[{\"@type\":\"Organization\",\"@id\":\"https:\/\/bakirci.com\/ekipman\/#organization\",\"name\":\"Bak\\u0131rc\\u0131 garagineering\",\"url\":\"https:\/\/bakirci.com\/ekipman\/\",\"sameAs\":[\"https:\/\/www.facebook.com\/bakirci.garagineering\",\"https:\/\/www.instagram.com\/bakirci.garagineering\/\",\"https:\/\/www.linkedin.com\/company\/bakirci-garagineering\/\",\"https:\/\/www.youtube.com\/channel\/UCiVG6s_jALJ6Zk8085XiOQg\"],\"logo\":{\"@type\":\"ImageObject\",\"@id\":\"https:\/\/bakirci.com\/ekipman\/#logo\",\"inLanguage\":\"tr\",\"url\":\"https:\/\/bakirci.com\/ekipman\/wp-content\/uploads\/2021\/09\/Bakirci-logo-lacivert.png\",\"contentUrl\":\"https:\/\/bakirci.com\/ekipman\/wp-content\/uploads\/2021\/09\/Bakirci-logo-lacivert.png\",\"width\":501,\"height\":501,\"caption\":\"Bak\\u0131rc\\u0131 garagineering\"},\"image\":{\"@id\":\"https:\/\/bakirci.com\/ekipman\/#logo\"}},{\"@type\":\"WebSite\",\"@id\":\"https:\/\/bakirci.com\/ekipman\/#website\",\"url\":\"https:\/\/bakirci.com\/ekipman\/\",\"name\":\"Bak\\u0131rc\\u0131 Garagineering\",\"description\":\"Otomotiv sekt\\u00f6r\\u00fcne \\u00f6zel, \\u201c\\u00dcretici Standard\\u0131nda\\u201d \\u00e7\\u00f6z\\u00fcmler\\u2026\",\"publisher\":{\"@id\":\"https:\/\/bakirci.com\/ekipman\/#organization\"},\"potentialAction\":[{\"@type\":\"SearchAction\",\"target\":{\"@type\":\"EntryPoint\",\"urlTemplate\":\"https:\/\/bakirci.com\/ekipman\/?s={search_term_string}\"},\"query-input\":\"required name=search_term_string\"}],\"inLanguage\":\"tr\"},{\"@type\":\"ImageObject\",\"@id\":\"https:\/\/bakirci.com\/ekipman\/servis-ekipmanlari\/mekanik\/kriko-ve-hidrolik-ekipmanlar\/tekerlek-montaj-sistemigl-technics-born-in-germanyeasyliftkaldirma-kapasitesi-60-kg-vw-ag-bmw-ag-ve-daimler-ag-onayli\/#primaryimage\",\"inLanguage\":\"tr\",\"url\":\"https:\/\/bakirci.com\/ekipman\/wp-content\/uploads\/2021\/06\/Easylift.png\",\"contentUrl\":\"https:\/\/bakirci.com\/ekipman\/wp-content\/uploads\/2021\/06\/Easylift.png\",\"width\":1200,\"height\":1200},{\"@type\":\"WebPage\",\"@id\":\"https:\/\/bakirci.com\/ekipman\/servis-ekipmanlari\/mekanik\/kriko-ve-hidrolik-ekipmanlar\/tekerlek-montaj-sistemigl-technics-born-in-germanyeasyliftkaldirma-kapasitesi-60-kg-vw-ag-bmw-ag-ve-daimler-ag-onayli\/#webpage\",\"url\":\"https:\/\/bakirci.com\/ekipman\/servis-ekipmanlari\/mekanik\/kriko-ve-hidrolik-ekipmanlar\/tekerlek-montaj-sistemigl-technics-born-in-germanyeasyliftkaldirma-kapasitesi-60-kg-vw-ag-bmw-ag-ve-daimler-ag-onayli\/\",\"name\":\"Tekerlek Montaj Sistemi GL TECHNICS (Born in GERMANY) Easylift Kald\\u0131rma kapasitesi 60 kg (VW AG, BMW AG ve Daimler AG onayl\\u0131) - Bak\\u0131rc\\u0131 Garagineering\",\"isPartOf\":{\"@id\":\"https:\/\/bakirci.com\/ekipman\/#website\"},\"primaryImageOfPage\":{\"@id\":\"https:\/\/bakirci.com\/ekipman\/servis-ekipmanlari\/mekanik\/kriko-ve-hidrolik-ekipmanlar\/tekerlek-montaj-sistemigl-technics-born-in-germanyeasyliftkaldirma-kapasitesi-60-kg-vw-ag-bmw-ag-ve-daimler-ag-onayli\/#primaryimage\"},\"datePublished\":\"2021-01-02T13:15:11+00:00\",\"dateModified\":\"2021-08-06T09:14:36+00:00\",\"breadcrumb\":{\"@id\":\"https:\/\/bakirci.com\/ekipman\/servis-ekipmanlari\/mekanik\/kriko-ve-hidrolik-ekipmanlar\/tekerlek-montaj-sistemigl-technics-born-in-germanyeasyliftkaldirma-kapasitesi-60-kg-vw-ag-bmw-ag-ve-daimler-ag-onayli\/#breadcrumb\"},\"inLanguage\":\"tr\",\"potentialAction\":[{\"@type\":\"ReadAction\",\"target\":[\"https:\/\/bakirci.com\/ekipman\/servis-ekipmanlari\/mekanik\/kriko-ve-hidrolik-ekipmanlar\/tekerlek-montaj-sistemigl-technics-born-in-germanyeasyliftkaldirma-kapasitesi-60-kg-vw-ag-bmw-ag-ve-daimler-ag-onayli\/\"]}]},{\"@type\":\"BreadcrumbList\",\"@id\":\"https:\/\/bakirci.com\/ekipman\/servis-ekipmanlari\/mekanik\/kriko-ve-hidrolik-ekipmanlar\/tekerlek-montaj-sistemigl-technics-born-in-germanyeasyliftkaldirma-kapasitesi-60-kg-vw-ag-bmw-ag-ve-daimler-ag-onayli\/#breadcrumb\",\"itemListElement\":[{\"@type\":\"ListItem\",\"position\":1,\"name\":\"Ekipman\",\"item\":\"https:\/\/bakirci.com\/ekipman\/\"},{\"@type\":\"ListItem\",\"position\":2,\"name\":\"Otomotiv Tesisleri \\u0130\\u00e7in Servis Ekipmanlar\\u0131\",\"item\":\"https:\/\/bakirci.com\/ekipman\/\"},{\"@type\":\"ListItem\",\"position\":3,\"name\":\"Tekerlek Montaj SistemiGL TECHNICS (Born in GERMANY)EasyliftKald\\u0131rma kapasitesi 60 kg(VW AG, BMW AG ve Daimler AG onayl\\u0131)\"}]}]}<\/script>\n<!-- \/ Yoast SEO plugin. -->","yoast_head_json":{"title":"Tekerlek Montaj SistemiGL TECHNICS (Born in GERMANY)EasyliftKald\u0131rma kapasitesi 60 kg(VW AG, BMW AG ve Daimler AG onayl\u0131) - Bak\u0131rc\u0131 Garagineering","robots":{"index":"index","follow":"follow","max-snippet":"max-snippet:-1","max-image-preview":"max-image-preview:large","max-video-preview":"max-video-preview:-1"},"canonical":"https:\/\/bakirci.com\/ekipman\/servis-ekipmanlari\/mekanik\/kriko-ve-hidrolik-ekipmanlar\/tekerlek-montaj-sistemigl-technics-born-in-germanyeasyliftkaldirma-kapasitesi-60-kg-vw-ag-bmw-ag-ve-daimler-ag-onayli\/","og_locale":"tr_TR","og_type":"article","og_title":"Tekerlek Montaj SistemiGL TECHNICS (Born in GERMANY)EasyliftKald\u0131rma kapasitesi 60 kg(VW AG, BMW AG ve Daimler AG onayl\u0131) - Bak\u0131rc\u0131 Garagineering","og_description":"Tekerlek Montaj Sistemi - Easylift  VW AG, BMW AG ve Daimler AG taraf\u0131ndan onayl\u0131  Patentli mekanizma ve asans\u00f6r sayesinde kolay, h\u0131zl\u0131 tekerlek montaj\u0131  Bilyal\u0131 rulman sayesinde tekerle\u011fi rahat ve h\u0131zl\u0131 d\u00f6nd\u00fcrme  Sisteme entegre hava \u00e7\u0131k\u0131\u015f\u0131  Elektri\u011fe gereksinim duymadan hava ile \u00e7al\u0131\u015fabilme  Kald\u0131rma kapasitesi 60 kg  Minimum tekerlek boyutu 135 \/ 80 R13  Maksimum tekerlek boyutu 305 \/ 30 R26  Lastik hava saati ve haval\u0131 bijon tabancas\u0131 i\u00e7in balans\u00f6rl\u00fc ta\u015f\u0131y\u0131c\u0131","og_url":"https:\/\/bakirci.com\/ekipman\/servis-ekipmanlari\/mekanik\/kriko-ve-hidrolik-ekipmanlar\/tekerlek-montaj-sistemigl-technics-born-in-germanyeasyliftkaldirma-kapasitesi-60-kg-vw-ag-bmw-ag-ve-daimler-ag-onayli\/","og_site_name":"Bak\u0131rc\u0131 Garagineering","article_publisher":"https:\/\/www.facebook.com\/bakirci.garagineering","article_modified_time":"2021-08-06T09:14:36+00:00","og_image":[{"width":1200,"height":1200,"url":"https:\/\/bakirci.com\/ekipman\/wp-content\/uploads\/2021\/06\/Easylift.png","path":"\/home\/bakirciwebsitesi\/public_html\/ekipman\/wp-content\/uploads\/2021\/06\/Easylift.png","size":"full","id":4501,"alt":"","pixels":1440000,"type":"image\/png"}],"twitter_card":"summary_large_image","twitter_misc":{"Tahmini okuma s\u00fcresi":"1 dakika"},"schema":{"@context":"https:\/\/schema.org","@graph":[{"@type":"Organization","@id":"https:\/\/bakirci.com\/ekipman\/#organization","name":"Bak\u0131rc\u0131 garagineering","url":"https:\/\/bakirci.com\/ekipman\/","sameAs":["https:\/\/www.facebook.com\/bakirci.garagineering","https:\/\/www.instagram.com\/bakirci.garagineering\/","https:\/\/www.linkedin.com\/company\/bakirci-garagineering\/","https:\/\/www.youtube.com\/channel\/UCiVG6s_jALJ6Zk8085XiOQg"],"logo":{"@type":"ImageObject","@id":"https:\/\/bakirci.com\/ekipman\/#logo","inLanguage":"tr","url":"https:\/\/bakirci.com\/ekipman\/wp-content\/uploads\/2021\/09\/Bakirci-logo-lacivert.png","contentUrl":"https:\/\/bakirci.com\/ekipman\/wp-content\/uploads\/2021\/09\/Bakirci-logo-lacivert.png","width":501,"height":501,"caption":"Bak\u0131rc\u0131 garagineering"},"image":{"@id":"https:\/\/bakirci.com\/ekipman\/#logo"}},{"@type":"WebSite","@id":"https:\/\/bakirci.com\/ekipman\/#website","url":"https:\/\/bakirci.com\/ekipman\/","name":"Bak\u0131rc\u0131 Garagineering","description":"Otomotiv sekt\u00f6r\u00fcne \u00f6zel, \u201c\u00dcretici Standard\u0131nda\u201d \u00e7\u00f6z\u00fcmler\u2026","publisher":{"@id":"https:\/\/bakirci.com\/ekipman\/#organization"},"potentialAction":[{"@type":"SearchAction","target":{"@type":"EntryPoint","urlTemplate":"https:\/\/bakirci.com\/ekipman\/?s={search_term_string}"},"query-input":"required name=search_term_string"}],"inLanguage":"tr"},{"@type":"ImageObject","@id":"https:\/\/bakirci.com\/ekipman\/servis-ekipmanlari\/mekanik\/kriko-ve-hidrolik-ekipmanlar\/tekerlek-montaj-sistemigl-technics-born-in-germanyeasyliftkaldirma-kapasitesi-60-kg-vw-ag-bmw-ag-ve-daimler-ag-onayli\/#primaryimage","inLanguage":"tr","url":"https:\/\/bakirci.com\/ekipman\/wp-content\/uploads\/2021\/06\/Easylift.png","contentUrl":"https:\/\/bakirci.com\/ekipman\/wp-content\/uploads\/2021\/06\/Easylift.png","width":1200,"height":1200},{"@type":"WebPage","@id":"https:\/\/bakirci.com\/ekipman\/servis-ekipmanlari\/mekanik\/kriko-ve-hidrolik-ekipmanlar\/tekerlek-montaj-sistemigl-technics-born-in-germanyeasyliftkaldirma-kapasitesi-60-kg-vw-ag-bmw-ag-ve-daimler-ag-onayli\/#webpage","url":"https:\/\/bakirci.com\/ekipman\/servis-ekipmanlari\/mekanik\/kriko-ve-hidrolik-ekipmanlar\/tekerlek-montaj-sistemigl-technics-born-in-germanyeasyliftkaldirma-kapasitesi-60-kg-vw-ag-bmw-ag-ve-daimler-ag-onayli\/","name":"Tekerlek Montaj Sistemi GL TECHNICS (Born in GERMANY) Easylift Kald\u0131rma kapasitesi 60 kg (VW AG, BMW AG ve Daimler AG onayl\u0131) - Bak\u0131rc\u0131 Garagineering","isPartOf":{"@id":"https:\/\/bakirci.com\/ekipman\/#website"},"primaryImageOfPage":{"@id":"https:\/\/bakirci.com\/ekipman\/servis-ekipmanlari\/mekanik\/kriko-ve-hidrolik-ekipmanlar\/tekerlek-montaj-sistemigl-technics-born-in-germanyeasyliftkaldirma-kapasitesi-60-kg-vw-ag-bmw-ag-ve-daimler-ag-onayli\/#primaryimage"},"datePublished":"2021-01-02T13:15:11+00:00","dateModified":"2021-08-06T09:14:36+00:00","breadcrumb":{"@id":"https:\/\/bakirci.com\/ekipman\/servis-ekipmanlari\/mekanik\/kriko-ve-hidrolik-ekipmanlar\/tekerlek-montaj-sistemigl-technics-born-in-germanyeasyliftkaldirma-kapasitesi-60-kg-vw-ag-bmw-ag-ve-daimler-ag-onayli\/#breadcrumb"},"inLanguage":"tr","potentialAction":[{"@type":"ReadAction","target":["https:\/\/bakirci.com\/ekipman\/servis-ekipmanlari\/mekanik\/kriko-ve-hidrolik-ekipmanlar\/tekerlek-montaj-sistemigl-technics-born-in-germanyeasyliftkaldirma-kapasitesi-60-kg-vw-ag-bmw-ag-ve-daimler-ag-onayli\/"]}]},{"@type":"BreadcrumbList","@id":"https:\/\/bakirci.com\/ekipman\/servis-ekipmanlari\/mekanik\/kriko-ve-hidrolik-ekipmanlar\/tekerlek-montaj-sistemigl-technics-born-in-germanyeasyliftkaldirma-kapasitesi-60-kg-vw-ag-bmw-ag-ve-daimler-ag-onayli\/#breadcrumb","itemListElement":[{"@type":"ListItem","position":1,"name":"Ekipman","item":"https:\/\/bakirci.com\/ekipman\/"},{"@type":"ListItem","position":2,"name":"Otomotiv Tesisleri \u0130\u00e7in Servis Ekipmanlar\u0131","item":"https:\/\/bakirci.com\/ekipman\/"},{"@type":"ListItem","position":3,"name":"Tekerlek Montaj SistemiGL TECHNICS (Born in GERMANY)EasyliftKald\u0131rma kapasitesi 60 kg(VW AG, BMW AG ve Daimler AG onayl\u0131)"}]}]}},"_links":{"self":[{"href":"https:\/\/bakirci.com\/ekipman\/wp-json\/wp\/v2\/product\/4500","targetHints":{"allow":["GET"]}}],"collection":[{"href":"https:\/\/bakirci.com\/ekipman\/wp-json\/wp\/v2\/product"}],"about":[{"href":"https:\/\/bakirci.com\/ekipman\/wp-json\/wp\/v2\/types\/product"}],"replies":[{"embeddable":true,"href":"https:\/\/bakirci.com\/ekipman\/wp-json\/wp\/v2\/comments?post=4500"}],"wp:featuredmedia":[{"embeddable":true,"href":"https:\/\/bakirci.com\/ekipman\/wp-json\/wp\/v2\/media\/4501"}],"wp:attachment":[{"href":"https:\/\/bakirci.com\/ekipman\/wp-json\/wp\/v2\/media?parent=4500"}],"wp:term":[{"taxonomy":"product_cat","embeddable":true,"href":"https:\/\/bakirci.com\/ekipman\/wp-json\/wp\/v2\/product_cat?post=4500"},{"taxonomy":"product_tag","embeddable":true,"href":"https:\/\/bakirci.com\/ekipman\/wp-json\/wp\/v2\/product_tag?post=4500"}],"curies":[{"name":"wp","href":"https:\/\/api.w.org\/{rel}","templated":true}]}}