{"id":4491,"date":"2021-01-02T13:45:55","date_gmt":"2021-01-02T13:45:55","guid":{"rendered":"https:\/\/j6l.65c.myftpupload.com\/?post_type=product&#038;p=4491"},"modified":"2021-08-06T15:03:01","modified_gmt":"2021-08-06T15:03:01","slug":"sanziman-krikosuac-hydraulic-born-in-denmarkvlt12kaldirma-kapasitesi-1200-kg","status":"publish","type":"product","link":"https:\/\/bakirci.com\/ekipman\/servis-ekipmanlari\/mekanik\/kriko-ve-hidrolik-ekipmanlar\/sanziman-krikosuac-hydraulic-born-in-denmarkvlt12kaldirma-kapasitesi-1200-kg\/","title":{"rendered":"<p class=\"ustmetin\">\u015eanz\u0131man Krikosu<\/p><p class=\"ortametin\">AC HYDRAULIC <span class=\"ortametin2\">(Born in DENMARK)<\/span><\/p><p class=\"altmetin\">VLT12<br>Kald\u0131rma kapasitesi 1200 kg<\/p>"},"content":{"rendered":"<ul>\n<li>\u015eanz\u0131man Krikosu &#8211; VLT12<\/li>\n<li>Teleskopik pistonlu, a\u011f\u0131r \u015fanz\u0131manlar i\u00e7in \u00f6zel dizayn<\/li>\n<li>H\u0131zl\u0131 kald\u0131rma \u00f6zelli\u011fine sahip ayak pedal\u0131 \u00e7al\u0131\u015fan hidrolik pompa sistemi<\/li>\n<li>\u015eanz\u0131man\u0131n konumland\u0131r\u0131lmas\u0131 i\u00e7in hassas ayar<\/li>\n<li>Galvanizli destek sehpas\u0131 ve taban \u00e7er\u00e7evesi<\/li>\n<li>Dahili emniyet a\u015f\u0131r\u0131 y\u00fck valfi<\/li>\n<li>Optimum denge ve manevra kabiliyeti<\/li>\n<li>Kald\u0131rma kapasitesi 1200 kg<\/li>\n<li>Kald\u0131rma y\u00fcksekli\u011fi 1920 mm<\/li>\n<\/ul>\n","protected":false},"excerpt":{"rendered":"<ul>\n<li>\u015eanz\u0131man Krikosu &#8211; VLT12<\/li>\n<li>Teleskopik pistonlu, a\u011f\u0131r \u015fanz\u0131manlar i\u00e7in \u00f6zel dizayn<\/li>\n<li>H\u0131zl\u0131 kald\u0131rma \u00f6zelli\u011fine sahip ayak pedal\u0131 \u00e7al\u0131\u015fan hidrolik pompa sistemi<\/li>\n<li>\u015eanz\u0131man\u0131n konumland\u0131r\u0131lmas\u0131 i\u00e7in hassas ayar<\/li>\n<li>Galvanizli destek sehpas\u0131 ve taban \u00e7er\u00e7evesi<\/li>\n<li>Dahili emniyet a\u015f\u0131r\u0131 y\u00fck valfi<\/li>\n<li>Optimum denge ve manevra kabiliyeti<\/li>\n<li>Kald\u0131rma kapasitesi 1200 kg<\/li>\n<li>Kald\u0131rma y\u00fcksekli\u011fi 1920 mm<\/li>\n<\/ul>\n","protected":false},"featured_media":4492,"comment_status":"closed","ping_status":"closed","template":"","meta":[],"product_cat":[151],"product_tag":[76,624],"class_list":["post-4491","product","type-product","status-publish","has-post-thumbnail","hentry","pwb-brand-ac-hydraulic","product_cat-kriko-ve-hidrolik-ekipmanlar","product_tag-ac-hydraulic","product_tag-sanzuman-krikosu"],"brands":[{"id":367,"name":"AC HYDRAULIC","slug":"ac-hydraulic"}],"yoast_head":"<!-- This site is optimized with the Yoast SEO plugin v17.1 - https:\/\/yoast.com\/wordpress\/plugins\/seo\/ -->\n<title>\u015eanz\u0131man KrikosuAC HYDRAULIC (Born in DENMARK)VLT12Kald\u0131rma kapasitesi 1200 kg - Bak\u0131rc\u0131 Garagineering<\/title>\n<meta name=\"robots\" content=\"index, follow, max-snippet:-1, max-image-preview:large, max-video-preview:-1\" \/>\n<link rel=\"canonical\" href=\"https:\/\/bakirci.com\/ekipman\/servis-ekipmanlari\/mekanik\/kriko-ve-hidrolik-ekipmanlar\/sanziman-krikosuac-hydraulic-born-in-denmarkvlt12kaldirma-kapasitesi-1200-kg\/\" \/>\n<meta property=\"og:locale\" content=\"tr_TR\" \/>\n<meta property=\"og:type\" content=\"article\" \/>\n<meta property=\"og:title\" content=\"\u015eanz\u0131man KrikosuAC HYDRAULIC (Born in DENMARK)VLT12Kald\u0131rma kapasitesi 1200 kg - Bak\u0131rc\u0131 Garagineering\" \/>\n<meta property=\"og:description\" content=\"\u015eanz\u0131man Krikosu - VLT12  Teleskopik pistonlu, a\u011f\u0131r \u015fanz\u0131manlar i\u00e7in \u00f6zel dizayn  H\u0131zl\u0131 kald\u0131rma \u00f6zelli\u011fine sahip ayak pedal\u0131 \u00e7al\u0131\u015fan hidrolik pompa sistemi  \u015eanz\u0131man\u0131n konumland\u0131r\u0131lmas\u0131 i\u00e7in hassas ayar  Galvanizli destek sehpas\u0131 ve taban \u00e7er\u00e7evesi  Dahili emniyet a\u015f\u0131r\u0131 y\u00fck valfi  Optimum denge ve manevra kabiliyeti  Kald\u0131rma kapasitesi 1200 kg  Kald\u0131rma y\u00fcksekli\u011fi 1920 mm\" \/>\n<meta property=\"og:url\" content=\"https:\/\/bakirci.com\/ekipman\/servis-ekipmanlari\/mekanik\/kriko-ve-hidrolik-ekipmanlar\/sanziman-krikosuac-hydraulic-born-in-denmarkvlt12kaldirma-kapasitesi-1200-kg\/\" \/>\n<meta property=\"og:site_name\" content=\"Bak\u0131rc\u0131 Garagineering\" \/>\n<meta property=\"article:publisher\" content=\"https:\/\/www.facebook.com\/bakirci.garagineering\" \/>\n<meta property=\"article:modified_time\" content=\"2021-08-06T15:03:01+00:00\" \/>\n<meta property=\"og:image\" content=\"https:\/\/bakirci.com\/ekipman\/wp-content\/uploads\/2021\/06\/VLT12.png\" \/>\n\t<meta property=\"og:image:width\" content=\"1200\" \/>\n\t<meta property=\"og:image:height\" content=\"1200\" \/>\n<meta name=\"twitter:card\" content=\"summary_large_image\" \/>\n<meta name=\"twitter:label1\" content=\"Tahmini okuma s\u00fcresi\" \/>\n\t<meta name=\"twitter:data1\" content=\"1 dakika\" \/>\n<script type=\"application\/ld+json\" class=\"yoast-schema-graph\">{\"@context\":\"https:\/\/schema.org\",\"@graph\":[{\"@type\":\"Organization\",\"@id\":\"https:\/\/bakirci.com\/ekipman\/#organization\",\"name\":\"Bak\\u0131rc\\u0131 garagineering\",\"url\":\"https:\/\/bakirci.com\/ekipman\/\",\"sameAs\":[\"https:\/\/www.facebook.com\/bakirci.garagineering\",\"https:\/\/www.instagram.com\/bakirci.garagineering\/\",\"https:\/\/www.linkedin.com\/company\/bakirci-garagineering\/\",\"https:\/\/www.youtube.com\/channel\/UCiVG6s_jALJ6Zk8085XiOQg\"],\"logo\":{\"@type\":\"ImageObject\",\"@id\":\"https:\/\/bakirci.com\/ekipman\/#logo\",\"inLanguage\":\"tr\",\"url\":\"https:\/\/bakirci.com\/ekipman\/wp-content\/uploads\/2021\/09\/Bakirci-logo-lacivert.png\",\"contentUrl\":\"https:\/\/bakirci.com\/ekipman\/wp-content\/uploads\/2021\/09\/Bakirci-logo-lacivert.png\",\"width\":501,\"height\":501,\"caption\":\"Bak\\u0131rc\\u0131 garagineering\"},\"image\":{\"@id\":\"https:\/\/bakirci.com\/ekipman\/#logo\"}},{\"@type\":\"WebSite\",\"@id\":\"https:\/\/bakirci.com\/ekipman\/#website\",\"url\":\"https:\/\/bakirci.com\/ekipman\/\",\"name\":\"Bak\\u0131rc\\u0131 Garagineering\",\"description\":\"Otomotiv sekt\\u00f6r\\u00fcne \\u00f6zel, \\u201c\\u00dcretici Standard\\u0131nda\\u201d \\u00e7\\u00f6z\\u00fcmler\\u2026\",\"publisher\":{\"@id\":\"https:\/\/bakirci.com\/ekipman\/#organization\"},\"potentialAction\":[{\"@type\":\"SearchAction\",\"target\":{\"@type\":\"EntryPoint\",\"urlTemplate\":\"https:\/\/bakirci.com\/ekipman\/?s={search_term_string}\"},\"query-input\":\"required name=search_term_string\"}],\"inLanguage\":\"tr\"},{\"@type\":\"ImageObject\",\"@id\":\"https:\/\/bakirci.com\/ekipman\/servis-ekipmanlari\/mekanik\/kriko-ve-hidrolik-ekipmanlar\/sanziman-krikosuac-hydraulic-born-in-denmarkvlt12kaldirma-kapasitesi-1200-kg\/#primaryimage\",\"inLanguage\":\"tr\",\"url\":\"https:\/\/bakirci.com\/ekipman\/wp-content\/uploads\/2021\/06\/VLT12.png\",\"contentUrl\":\"https:\/\/bakirci.com\/ekipman\/wp-content\/uploads\/2021\/06\/VLT12.png\",\"width\":1200,\"height\":1200},{\"@type\":\"WebPage\",\"@id\":\"https:\/\/bakirci.com\/ekipman\/servis-ekipmanlari\/mekanik\/kriko-ve-hidrolik-ekipmanlar\/sanziman-krikosuac-hydraulic-born-in-denmarkvlt12kaldirma-kapasitesi-1200-kg\/#webpage\",\"url\":\"https:\/\/bakirci.com\/ekipman\/servis-ekipmanlari\/mekanik\/kriko-ve-hidrolik-ekipmanlar\/sanziman-krikosuac-hydraulic-born-in-denmarkvlt12kaldirma-kapasitesi-1200-kg\/\",\"name\":\"\\u015eanz\\u0131man Krikosu AC HYDRAULIC (Born in DENMARK) VLT12 Kald\\u0131rma kapasitesi 1200 kg - Bak\\u0131rc\\u0131 Garagineering\",\"isPartOf\":{\"@id\":\"https:\/\/bakirci.com\/ekipman\/#website\"},\"primaryImageOfPage\":{\"@id\":\"https:\/\/bakirci.com\/ekipman\/servis-ekipmanlari\/mekanik\/kriko-ve-hidrolik-ekipmanlar\/sanziman-krikosuac-hydraulic-born-in-denmarkvlt12kaldirma-kapasitesi-1200-kg\/#primaryimage\"},\"datePublished\":\"2021-01-02T13:45:55+00:00\",\"dateModified\":\"2021-08-06T15:03:01+00:00\",\"breadcrumb\":{\"@id\":\"https:\/\/bakirci.com\/ekipman\/servis-ekipmanlari\/mekanik\/kriko-ve-hidrolik-ekipmanlar\/sanziman-krikosuac-hydraulic-born-in-denmarkvlt12kaldirma-kapasitesi-1200-kg\/#breadcrumb\"},\"inLanguage\":\"tr\",\"potentialAction\":[{\"@type\":\"ReadAction\",\"target\":[\"https:\/\/bakirci.com\/ekipman\/servis-ekipmanlari\/mekanik\/kriko-ve-hidrolik-ekipmanlar\/sanziman-krikosuac-hydraulic-born-in-denmarkvlt12kaldirma-kapasitesi-1200-kg\/\"]}]},{\"@type\":\"BreadcrumbList\",\"@id\":\"https:\/\/bakirci.com\/ekipman\/servis-ekipmanlari\/mekanik\/kriko-ve-hidrolik-ekipmanlar\/sanziman-krikosuac-hydraulic-born-in-denmarkvlt12kaldirma-kapasitesi-1200-kg\/#breadcrumb\",\"itemListElement\":[{\"@type\":\"ListItem\",\"position\":1,\"name\":\"Ekipman\",\"item\":\"https:\/\/bakirci.com\/ekipman\/\"},{\"@type\":\"ListItem\",\"position\":2,\"name\":\"Otomotiv Tesisleri \\u0130\\u00e7in Servis Ekipmanlar\\u0131\",\"item\":\"https:\/\/bakirci.com\/ekipman\/\"},{\"@type\":\"ListItem\",\"position\":3,\"name\":\"\\u015eanz\\u0131man KrikosuAC HYDRAULIC (Born in DENMARK)VLT12Kald\\u0131rma kapasitesi 1200 kg\"}]}]}<\/script>\n<!-- \/ Yoast SEO plugin. -->","yoast_head_json":{"title":"\u015eanz\u0131man KrikosuAC HYDRAULIC (Born in DENMARK)VLT12Kald\u0131rma kapasitesi 1200 kg - Bak\u0131rc\u0131 Garagineering","robots":{"index":"index","follow":"follow","max-snippet":"max-snippet:-1","max-image-preview":"max-image-preview:large","max-video-preview":"max-video-preview:-1"},"canonical":"https:\/\/bakirci.com\/ekipman\/servis-ekipmanlari\/mekanik\/kriko-ve-hidrolik-ekipmanlar\/sanziman-krikosuac-hydraulic-born-in-denmarkvlt12kaldirma-kapasitesi-1200-kg\/","og_locale":"tr_TR","og_type":"article","og_title":"\u015eanz\u0131man KrikosuAC HYDRAULIC (Born in DENMARK)VLT12Kald\u0131rma kapasitesi 1200 kg - Bak\u0131rc\u0131 Garagineering","og_description":"\u015eanz\u0131man Krikosu - VLT12  Teleskopik pistonlu, a\u011f\u0131r \u015fanz\u0131manlar i\u00e7in \u00f6zel dizayn  H\u0131zl\u0131 kald\u0131rma \u00f6zelli\u011fine sahip ayak pedal\u0131 \u00e7al\u0131\u015fan hidrolik pompa sistemi  \u015eanz\u0131man\u0131n konumland\u0131r\u0131lmas\u0131 i\u00e7in hassas ayar  Galvanizli destek sehpas\u0131 ve taban \u00e7er\u00e7evesi  Dahili emniyet a\u015f\u0131r\u0131 y\u00fck valfi  Optimum denge ve manevra kabiliyeti  Kald\u0131rma kapasitesi 1200 kg  Kald\u0131rma y\u00fcksekli\u011fi 1920 mm","og_url":"https:\/\/bakirci.com\/ekipman\/servis-ekipmanlari\/mekanik\/kriko-ve-hidrolik-ekipmanlar\/sanziman-krikosuac-hydraulic-born-in-denmarkvlt12kaldirma-kapasitesi-1200-kg\/","og_site_name":"Bak\u0131rc\u0131 Garagineering","article_publisher":"https:\/\/www.facebook.com\/bakirci.garagineering","article_modified_time":"2021-08-06T15:03:01+00:00","og_image":[{"width":1200,"height":1200,"url":"https:\/\/bakirci.com\/ekipman\/wp-content\/uploads\/2021\/06\/VLT12.png","path":"\/home\/bakirciwebsitesi\/public_html\/ekipman\/wp-content\/uploads\/2021\/06\/VLT12.png","size":"full","id":4492,"alt":"","pixels":1440000,"type":"image\/png"}],"twitter_card":"summary_large_image","twitter_misc":{"Tahmini okuma s\u00fcresi":"1 dakika"},"schema":{"@context":"https:\/\/schema.org","@graph":[{"@type":"Organization","@id":"https:\/\/bakirci.com\/ekipman\/#organization","name":"Bak\u0131rc\u0131 garagineering","url":"https:\/\/bakirci.com\/ekipman\/","sameAs":["https:\/\/www.facebook.com\/bakirci.garagineering","https:\/\/www.instagram.com\/bakirci.garagineering\/","https:\/\/www.linkedin.com\/company\/bakirci-garagineering\/","https:\/\/www.youtube.com\/channel\/UCiVG6s_jALJ6Zk8085XiOQg"],"logo":{"@type":"ImageObject","@id":"https:\/\/bakirci.com\/ekipman\/#logo","inLanguage":"tr","url":"https:\/\/bakirci.com\/ekipman\/wp-content\/uploads\/2021\/09\/Bakirci-logo-lacivert.png","contentUrl":"https:\/\/bakirci.com\/ekipman\/wp-content\/uploads\/2021\/09\/Bakirci-logo-lacivert.png","width":501,"height":501,"caption":"Bak\u0131rc\u0131 garagineering"},"image":{"@id":"https:\/\/bakirci.com\/ekipman\/#logo"}},{"@type":"WebSite","@id":"https:\/\/bakirci.com\/ekipman\/#website","url":"https:\/\/bakirci.com\/ekipman\/","name":"Bak\u0131rc\u0131 Garagineering","description":"Otomotiv sekt\u00f6r\u00fcne \u00f6zel, \u201c\u00dcretici Standard\u0131nda\u201d \u00e7\u00f6z\u00fcmler\u2026","publisher":{"@id":"https:\/\/bakirci.com\/ekipman\/#organization"},"potentialAction":[{"@type":"SearchAction","target":{"@type":"EntryPoint","urlTemplate":"https:\/\/bakirci.com\/ekipman\/?s={search_term_string}"},"query-input":"required name=search_term_string"}],"inLanguage":"tr"},{"@type":"ImageObject","@id":"https:\/\/bakirci.com\/ekipman\/servis-ekipmanlari\/mekanik\/kriko-ve-hidrolik-ekipmanlar\/sanziman-krikosuac-hydraulic-born-in-denmarkvlt12kaldirma-kapasitesi-1200-kg\/#primaryimage","inLanguage":"tr","url":"https:\/\/bakirci.com\/ekipman\/wp-content\/uploads\/2021\/06\/VLT12.png","contentUrl":"https:\/\/bakirci.com\/ekipman\/wp-content\/uploads\/2021\/06\/VLT12.png","width":1200,"height":1200},{"@type":"WebPage","@id":"https:\/\/bakirci.com\/ekipman\/servis-ekipmanlari\/mekanik\/kriko-ve-hidrolik-ekipmanlar\/sanziman-krikosuac-hydraulic-born-in-denmarkvlt12kaldirma-kapasitesi-1200-kg\/#webpage","url":"https:\/\/bakirci.com\/ekipman\/servis-ekipmanlari\/mekanik\/kriko-ve-hidrolik-ekipmanlar\/sanziman-krikosuac-hydraulic-born-in-denmarkvlt12kaldirma-kapasitesi-1200-kg\/","name":"\u015eanz\u0131man Krikosu AC HYDRAULIC (Born in DENMARK) VLT12 Kald\u0131rma kapasitesi 1200 kg - Bak\u0131rc\u0131 Garagineering","isPartOf":{"@id":"https:\/\/bakirci.com\/ekipman\/#website"},"primaryImageOfPage":{"@id":"https:\/\/bakirci.com\/ekipman\/servis-ekipmanlari\/mekanik\/kriko-ve-hidrolik-ekipmanlar\/sanziman-krikosuac-hydraulic-born-in-denmarkvlt12kaldirma-kapasitesi-1200-kg\/#primaryimage"},"datePublished":"2021-01-02T13:45:55+00:00","dateModified":"2021-08-06T15:03:01+00:00","breadcrumb":{"@id":"https:\/\/bakirci.com\/ekipman\/servis-ekipmanlari\/mekanik\/kriko-ve-hidrolik-ekipmanlar\/sanziman-krikosuac-hydraulic-born-in-denmarkvlt12kaldirma-kapasitesi-1200-kg\/#breadcrumb"},"inLanguage":"tr","potentialAction":[{"@type":"ReadAction","target":["https:\/\/bakirci.com\/ekipman\/servis-ekipmanlari\/mekanik\/kriko-ve-hidrolik-ekipmanlar\/sanziman-krikosuac-hydraulic-born-in-denmarkvlt12kaldirma-kapasitesi-1200-kg\/"]}]},{"@type":"BreadcrumbList","@id":"https:\/\/bakirci.com\/ekipman\/servis-ekipmanlari\/mekanik\/kriko-ve-hidrolik-ekipmanlar\/sanziman-krikosuac-hydraulic-born-in-denmarkvlt12kaldirma-kapasitesi-1200-kg\/#breadcrumb","itemListElement":[{"@type":"ListItem","position":1,"name":"Ekipman","item":"https:\/\/bakirci.com\/ekipman\/"},{"@type":"ListItem","position":2,"name":"Otomotiv Tesisleri \u0130\u00e7in Servis Ekipmanlar\u0131","item":"https:\/\/bakirci.com\/ekipman\/"},{"@type":"ListItem","position":3,"name":"\u015eanz\u0131man KrikosuAC HYDRAULIC (Born in DENMARK)VLT12Kald\u0131rma kapasitesi 1200 kg"}]}]}},"_links":{"self":[{"href":"https:\/\/bakirci.com\/ekipman\/wp-json\/wp\/v2\/product\/4491","targetHints":{"allow":["GET"]}}],"collection":[{"href":"https:\/\/bakirci.com\/ekipman\/wp-json\/wp\/v2\/product"}],"about":[{"href":"https:\/\/bakirci.com\/ekipman\/wp-json\/wp\/v2\/types\/product"}],"replies":[{"embeddable":true,"href":"https:\/\/bakirci.com\/ekipman\/wp-json\/wp\/v2\/comments?post=4491"}],"wp:featuredmedia":[{"embeddable":true,"href":"https:\/\/bakirci.com\/ekipman\/wp-json\/wp\/v2\/media\/4492"}],"wp:attachment":[{"href":"https:\/\/bakirci.com\/ekipman\/wp-json\/wp\/v2\/media?parent=4491"}],"wp:term":[{"taxonomy":"product_cat","embeddable":true,"href":"https:\/\/bakirci.com\/ekipman\/wp-json\/wp\/v2\/product_cat?post=4491"},{"taxonomy":"product_tag","embeddable":true,"href":"https:\/\/bakirci.com\/ekipman\/wp-json\/wp\/v2\/product_tag?post=4491"}],"curies":[{"name":"wp","href":"https:\/\/api.w.org\/{rel}","templated":true}]}}