{"id":4050,"date":"2021-06-01T08:25:25","date_gmt":"2021-06-01T08:25:25","guid":{"rendered":"https:\/\/j6l.65c.myftpupload.com\/?post_type=product&#038;p=4050"},"modified":"2021-10-30T13:36:11","modified_gmt":"2021-10-30T13:36:11","slug":"b9280","status":"publish","type":"product","link":"https:\/\/bakirci.com\/ekipman\/servis-ekipmanlari\/mekanik\/lastik-servis-ekipmanlari\/balans-cihazlari\/b9280\/","title":{"rendered":"<p class=\"ustmetin\">A\u011f\u0131r Ticari Ara\u00e7 Sabit Balans Cihaz\u0131<\/p><p class=\"ortametin\">JOHN BEAN <span class=\"ortametin2\">(Born in USA)<\/span><\/p><p class=\"altmetin\">B9280<br>Mekanik lastik s\u0131k\u0131\u015ft\u0131rma sistemi, maksimum jant \u00e7ap\u0131 30&#8243;<\/p>"},"content":{"rendered":"<ul>\n<li>A\u011f\u0131r Ticari Ara\u00e7 Sabit Balans Cihaz\u0131 &#8211; B9280<\/li>\n<li>Y\u00fcksek hassasiyet ve tekrarlanabilirlik i\u00e7in VPM \u00f6l\u00e7\u00fcm tekni\u011fi<\/li>\n<li>\u00d6l\u00e7\u00fcm kolu ile otomatik jant \u00e7ap\u0131 ve mesafesi tespiti<\/li>\n<li>19&#8243; TFT ekran ile t\u00fcm i\u015flemlerin grafiksel g\u00f6r\u00fcnt\u00fcs\u00fc<\/li>\n<li>Mekanik lastik s\u0131k\u0131\u015ft\u0131rma sistemi<\/li>\n<li>Kur\u015fun gizleme program\u0131<\/li>\n<li>Elektromekanik fren sistemi<\/li>\n<li>Tekerlek kald\u0131rma lifti sayesinde kolay kullan\u0131m<\/li>\n<li>A\u011f\u0131r ve hafif ticari ara\u00e7 konik adapt\u00f6r seti<\/li>\n<li>Merkezleme flan\u015f\u0131 4 ve 5 kollu<\/li>\n<li>Maksimum tekerlek a\u011f\u0131rl\u0131\u011f\u0131 250 kg<\/li>\n<li>Maksimum jant \u00e7ap\u0131 30&#8243;<\/li>\n<li>Maksimum jant geni\u015fli\u011fi 20&#8243;<\/li>\n<\/ul>\n","protected":false},"excerpt":{"rendered":"<ul>\n<li>A\u011f\u0131r Ticari Ara\u00e7 Sabit Balans Cihaz\u0131 &#8211; B9280<\/li>\n<li>Y\u00fcksek hassasiyet ve tekrarlanabilirlik i\u00e7in VPM \u00f6l\u00e7\u00fcm tekni\u011fi<\/li>\n<li>\u00d6l\u00e7\u00fcm kolu ile otomatik jant \u00e7ap\u0131 ve mesafesi tespiti<\/li>\n<li>19&#8243; TFT ekran ile t\u00fcm i\u015flemlerin grafiksel g\u00f6r\u00fcnt\u00fcs\u00fc<\/li>\n<li>Mekanik lastik s\u0131k\u0131\u015ft\u0131rma sistemi<\/li>\n<li>Kur\u015fun gizleme program\u0131<\/li>\n<li>Elektromekanik fren sistemi<\/li>\n<li>Tekerlek kald\u0131rma lifti sayesinde kolay kullan\u0131m<\/li>\n<li>A\u011f\u0131r ve hafif ticari ara\u00e7 konik adapt\u00f6r seti<\/li>\n<li>Merkezleme flan\u015f\u0131 4 ve 5 kollu<\/li>\n<li>Maksimum tekerlek a\u011f\u0131rl\u0131\u011f\u0131 250 kg<\/li>\n<li>Maksimum jant \u00e7ap\u0131 30&#8243;<\/li>\n<li>Maksimum jant geni\u015fli\u011fi 20&#8243;<\/li>\n<\/ul>\n","protected":false},"featured_media":4946,"comment_status":"closed","ping_status":"closed","template":"","meta":[],"product_cat":[152,155],"product_tag":[479,471,470,482,476,475,474,473,468,472,55,483,480,469,486,484,478,466,467,477,481,485,465],"class_list":["post-4050","product","type-product","status-publish","has-post-thumbnail","hentry","pwb-brand-john-bean","product_cat-lastik-servis-ekipmanlari","product_cat-balans-cihazlari","product_tag-balans-kursunu","product_tag-balans-makinasi","product_tag-balans-makinesi","product_tag-binek-balans","product_tag-diagnostik-balans","product_tag-diyagnostik-balans","product_tag-dokunmaktik-balans-cihazi","product_tag-dokunmatik-ekran","product_tag-ekranli-balans","product_tag-havali-sikistirma","product_tag-john-bean","product_tag-kamyon-balans","product_tag-lazerli-balans","product_tag-liftli-balans","product_tag-mobil-balans","product_tag-otobus-balans","product_tag-pnomatik-sikistirmali","product_tag-rot-balans-cihazi","product_tag-rot-balans-makinasi","product_tag-seyyar-balans","product_tag-sonarli-balans","product_tag-tekerlek-balans","product_tag-yol-baskili-balans-cihazi"],"brands":[{"id":362,"name":"JOHN BEAN","slug":"john-bean"}],"yoast_head":"<!-- This site is optimized with the Yoast SEO plugin v17.1 - https:\/\/yoast.com\/wordpress\/plugins\/seo\/ -->\n<title>A\u011f\u0131r Ticari Ara\u00e7 Sabit Balans Cihaz\u0131JOHN BEAN (Born in USA)B9280Mekanik lastik s\u0131k\u0131\u015ft\u0131rma sistemi, maksimum jant \u00e7ap\u0131 30&quot; - Bak\u0131rc\u0131 Garagineering<\/title>\n<meta name=\"robots\" content=\"index, follow, max-snippet:-1, max-image-preview:large, max-video-preview:-1\" \/>\n<link rel=\"canonical\" href=\"https:\/\/bakirci.com\/ekipman\/servis-ekipmanlari\/mekanik\/lastik-servis-ekipmanlari\/balans-cihazlari\/b9280\/\" \/>\n<meta property=\"og:locale\" content=\"tr_TR\" \/>\n<meta property=\"og:type\" content=\"article\" \/>\n<meta property=\"og:title\" content=\"A\u011f\u0131r Ticari Ara\u00e7 Sabit Balans Cihaz\u0131JOHN BEAN (Born in USA)B9280Mekanik lastik s\u0131k\u0131\u015ft\u0131rma sistemi, maksimum jant \u00e7ap\u0131 30&quot; - Bak\u0131rc\u0131 Garagineering\" \/>\n<meta property=\"og:description\" content=\"A\u011f\u0131r Ticari Ara\u00e7 Sabit Balans Cihaz\u0131 - B9280  Y\u00fcksek hassasiyet ve tekrarlanabilirlik i\u00e7in VPM \u00f6l\u00e7\u00fcm tekni\u011fi  \u00d6l\u00e7\u00fcm kolu ile otomatik jant \u00e7ap\u0131 ve mesafesi tespiti  19&quot; TFT ekran ile t\u00fcm i\u015flemlerin grafiksel g\u00f6r\u00fcnt\u00fcs\u00fc  Mekanik lastik s\u0131k\u0131\u015ft\u0131rma sistemi  Kur\u015fun gizleme program\u0131  Elektromekanik fren sistemi  Tekerlek kald\u0131rma lifti sayesinde kolay kullan\u0131m  A\u011f\u0131r ve hafif ticari ara\u00e7 konik adapt\u00f6r seti  Merkezleme flan\u015f\u0131 4 ve 5 kollu  Maksimum tekerlek a\u011f\u0131rl\u0131\u011f\u0131 250 kg  Maksimum jant \u00e7ap\u0131 30&quot;  Maksimum jant geni\u015fli\u011fi 20&quot;\" \/>\n<meta property=\"og:url\" content=\"https:\/\/bakirci.com\/ekipman\/servis-ekipmanlari\/mekanik\/lastik-servis-ekipmanlari\/balans-cihazlari\/b9280\/\" \/>\n<meta property=\"og:site_name\" content=\"Bak\u0131rc\u0131 Garagineering\" \/>\n<meta property=\"article:publisher\" content=\"https:\/\/www.facebook.com\/bakirci.garagineering\" \/>\n<meta property=\"article:modified_time\" content=\"2021-10-30T13:36:11+00:00\" \/>\n<meta property=\"og:image\" content=\"https:\/\/bakirci.com\/ekipman\/wp-content\/uploads\/2021\/06\/B9280.png\" \/>\n\t<meta property=\"og:image:width\" content=\"1167\" \/>\n\t<meta property=\"og:image:height\" content=\"1167\" \/>\n<meta name=\"twitter:card\" content=\"summary_large_image\" \/>\n<meta name=\"twitter:label1\" content=\"Tahmini okuma s\u00fcresi\" \/>\n\t<meta name=\"twitter:data1\" content=\"1 dakika\" \/>\n<script type=\"application\/ld+json\" class=\"yoast-schema-graph\">{\"@context\":\"https:\/\/schema.org\",\"@graph\":[{\"@type\":\"Organization\",\"@id\":\"https:\/\/bakirci.com\/ekipman\/#organization\",\"name\":\"Bak\\u0131rc\\u0131 garagineering\",\"url\":\"https:\/\/bakirci.com\/ekipman\/\",\"sameAs\":[\"https:\/\/www.facebook.com\/bakirci.garagineering\",\"https:\/\/www.instagram.com\/bakirci.garagineering\/\",\"https:\/\/www.linkedin.com\/company\/bakirci-garagineering\/\",\"https:\/\/www.youtube.com\/channel\/UCiVG6s_jALJ6Zk8085XiOQg\"],\"logo\":{\"@type\":\"ImageObject\",\"@id\":\"https:\/\/bakirci.com\/ekipman\/#logo\",\"inLanguage\":\"tr\",\"url\":\"https:\/\/bakirci.com\/ekipman\/wp-content\/uploads\/2021\/09\/Bakirci-logo-lacivert.png\",\"contentUrl\":\"https:\/\/bakirci.com\/ekipman\/wp-content\/uploads\/2021\/09\/Bakirci-logo-lacivert.png\",\"width\":501,\"height\":501,\"caption\":\"Bak\\u0131rc\\u0131 garagineering\"},\"image\":{\"@id\":\"https:\/\/bakirci.com\/ekipman\/#logo\"}},{\"@type\":\"WebSite\",\"@id\":\"https:\/\/bakirci.com\/ekipman\/#website\",\"url\":\"https:\/\/bakirci.com\/ekipman\/\",\"name\":\"Bak\\u0131rc\\u0131 Garagineering\",\"description\":\"Otomotiv sekt\\u00f6r\\u00fcne \\u00f6zel, \\u201c\\u00dcretici Standard\\u0131nda\\u201d \\u00e7\\u00f6z\\u00fcmler\\u2026\",\"publisher\":{\"@id\":\"https:\/\/bakirci.com\/ekipman\/#organization\"},\"potentialAction\":[{\"@type\":\"SearchAction\",\"target\":{\"@type\":\"EntryPoint\",\"urlTemplate\":\"https:\/\/bakirci.com\/ekipman\/?s={search_term_string}\"},\"query-input\":\"required name=search_term_string\"}],\"inLanguage\":\"tr\"},{\"@type\":\"ImageObject\",\"@id\":\"https:\/\/bakirci.com\/ekipman\/servis-ekipmanlari\/mekanik\/lastik-servis-ekipmanlari\/balans-cihazlari\/b9280\/#primaryimage\",\"inLanguage\":\"tr\",\"url\":\"https:\/\/bakirci.com\/ekipman\/wp-content\/uploads\/2021\/06\/B9280.png\",\"contentUrl\":\"https:\/\/bakirci.com\/ekipman\/wp-content\/uploads\/2021\/06\/B9280.png\",\"width\":1167,\"height\":1167},{\"@type\":\"WebPage\",\"@id\":\"https:\/\/bakirci.com\/ekipman\/servis-ekipmanlari\/mekanik\/lastik-servis-ekipmanlari\/balans-cihazlari\/b9280\/#webpage\",\"url\":\"https:\/\/bakirci.com\/ekipman\/servis-ekipmanlari\/mekanik\/lastik-servis-ekipmanlari\/balans-cihazlari\/b9280\/\",\"name\":\"A\\u011f\\u0131r Ticari Ara\\u00e7 Sabit Balans Cihaz\\u0131 JOHN BEAN (Born in USA) B9280 Mekanik lastik s\\u0131k\\u0131\\u015ft\\u0131rma sistemi, maksimum jant \\u00e7ap\\u0131 30\\\" - Bak\\u0131rc\\u0131 Garagineering\",\"isPartOf\":{\"@id\":\"https:\/\/bakirci.com\/ekipman\/#website\"},\"primaryImageOfPage\":{\"@id\":\"https:\/\/bakirci.com\/ekipman\/servis-ekipmanlari\/mekanik\/lastik-servis-ekipmanlari\/balans-cihazlari\/b9280\/#primaryimage\"},\"datePublished\":\"2021-06-01T08:25:25+00:00\",\"dateModified\":\"2021-10-30T13:36:11+00:00\",\"breadcrumb\":{\"@id\":\"https:\/\/bakirci.com\/ekipman\/servis-ekipmanlari\/mekanik\/lastik-servis-ekipmanlari\/balans-cihazlari\/b9280\/#breadcrumb\"},\"inLanguage\":\"tr\",\"potentialAction\":[{\"@type\":\"ReadAction\",\"target\":[\"https:\/\/bakirci.com\/ekipman\/servis-ekipmanlari\/mekanik\/lastik-servis-ekipmanlari\/balans-cihazlari\/b9280\/\"]}]},{\"@type\":\"BreadcrumbList\",\"@id\":\"https:\/\/bakirci.com\/ekipman\/servis-ekipmanlari\/mekanik\/lastik-servis-ekipmanlari\/balans-cihazlari\/b9280\/#breadcrumb\",\"itemListElement\":[{\"@type\":\"ListItem\",\"position\":1,\"name\":\"Ekipman\",\"item\":\"https:\/\/bakirci.com\/ekipman\/\"},{\"@type\":\"ListItem\",\"position\":2,\"name\":\"Otomotiv Tesisleri \\u0130\\u00e7in Servis Ekipmanlar\\u0131\",\"item\":\"https:\/\/bakirci.com\/ekipman\/\"},{\"@type\":\"ListItem\",\"position\":3,\"name\":\"A\\u011f\\u0131r Ticari Ara\\u00e7 Sabit Balans Cihaz\\u0131JOHN BEAN (Born in USA)B9280Mekanik lastik s\\u0131k\\u0131\\u015ft\\u0131rma sistemi, maksimum jant \\u00e7ap\\u0131 30&#8243;\"}]}]}<\/script>\n<!-- \/ Yoast SEO plugin. -->","yoast_head_json":{"title":"A\u011f\u0131r Ticari Ara\u00e7 Sabit Balans Cihaz\u0131JOHN BEAN (Born in USA)B9280Mekanik lastik s\u0131k\u0131\u015ft\u0131rma sistemi, maksimum jant \u00e7ap\u0131 30\" - Bak\u0131rc\u0131 Garagineering","robots":{"index":"index","follow":"follow","max-snippet":"max-snippet:-1","max-image-preview":"max-image-preview:large","max-video-preview":"max-video-preview:-1"},"canonical":"https:\/\/bakirci.com\/ekipman\/servis-ekipmanlari\/mekanik\/lastik-servis-ekipmanlari\/balans-cihazlari\/b9280\/","og_locale":"tr_TR","og_type":"article","og_title":"A\u011f\u0131r Ticari Ara\u00e7 Sabit Balans Cihaz\u0131JOHN BEAN (Born in USA)B9280Mekanik lastik s\u0131k\u0131\u015ft\u0131rma sistemi, maksimum jant \u00e7ap\u0131 30\" - Bak\u0131rc\u0131 Garagineering","og_description":"A\u011f\u0131r Ticari Ara\u00e7 Sabit Balans Cihaz\u0131 - B9280  Y\u00fcksek hassasiyet ve tekrarlanabilirlik i\u00e7in VPM \u00f6l\u00e7\u00fcm tekni\u011fi  \u00d6l\u00e7\u00fcm kolu ile otomatik jant \u00e7ap\u0131 ve mesafesi tespiti  19\" TFT ekran ile t\u00fcm i\u015flemlerin grafiksel g\u00f6r\u00fcnt\u00fcs\u00fc  Mekanik lastik s\u0131k\u0131\u015ft\u0131rma sistemi  Kur\u015fun gizleme program\u0131  Elektromekanik fren sistemi  Tekerlek kald\u0131rma lifti sayesinde kolay kullan\u0131m  A\u011f\u0131r ve hafif ticari ara\u00e7 konik adapt\u00f6r seti  Merkezleme flan\u015f\u0131 4 ve 5 kollu  Maksimum tekerlek a\u011f\u0131rl\u0131\u011f\u0131 250 kg  Maksimum jant \u00e7ap\u0131 30\"  Maksimum jant geni\u015fli\u011fi 20\"","og_url":"https:\/\/bakirci.com\/ekipman\/servis-ekipmanlari\/mekanik\/lastik-servis-ekipmanlari\/balans-cihazlari\/b9280\/","og_site_name":"Bak\u0131rc\u0131 Garagineering","article_publisher":"https:\/\/www.facebook.com\/bakirci.garagineering","article_modified_time":"2021-10-30T13:36:11+00:00","og_image":[{"width":1167,"height":1167,"url":"https:\/\/bakirci.com\/ekipman\/wp-content\/uploads\/2021\/06\/B9280.png","path":"\/home\/bakirciwebsitesi\/public_html\/ekipman\/wp-content\/uploads\/2021\/06\/B9280.png","size":"full","id":4946,"alt":"","pixels":1361889,"type":"image\/png"}],"twitter_card":"summary_large_image","twitter_misc":{"Tahmini okuma s\u00fcresi":"1 dakika"},"schema":{"@context":"https:\/\/schema.org","@graph":[{"@type":"Organization","@id":"https:\/\/bakirci.com\/ekipman\/#organization","name":"Bak\u0131rc\u0131 garagineering","url":"https:\/\/bakirci.com\/ekipman\/","sameAs":["https:\/\/www.facebook.com\/bakirci.garagineering","https:\/\/www.instagram.com\/bakirci.garagineering\/","https:\/\/www.linkedin.com\/company\/bakirci-garagineering\/","https:\/\/www.youtube.com\/channel\/UCiVG6s_jALJ6Zk8085XiOQg"],"logo":{"@type":"ImageObject","@id":"https:\/\/bakirci.com\/ekipman\/#logo","inLanguage":"tr","url":"https:\/\/bakirci.com\/ekipman\/wp-content\/uploads\/2021\/09\/Bakirci-logo-lacivert.png","contentUrl":"https:\/\/bakirci.com\/ekipman\/wp-content\/uploads\/2021\/09\/Bakirci-logo-lacivert.png","width":501,"height":501,"caption":"Bak\u0131rc\u0131 garagineering"},"image":{"@id":"https:\/\/bakirci.com\/ekipman\/#logo"}},{"@type":"WebSite","@id":"https:\/\/bakirci.com\/ekipman\/#website","url":"https:\/\/bakirci.com\/ekipman\/","name":"Bak\u0131rc\u0131 Garagineering","description":"Otomotiv sekt\u00f6r\u00fcne \u00f6zel, \u201c\u00dcretici Standard\u0131nda\u201d \u00e7\u00f6z\u00fcmler\u2026","publisher":{"@id":"https:\/\/bakirci.com\/ekipman\/#organization"},"potentialAction":[{"@type":"SearchAction","target":{"@type":"EntryPoint","urlTemplate":"https:\/\/bakirci.com\/ekipman\/?s={search_term_string}"},"query-input":"required name=search_term_string"}],"inLanguage":"tr"},{"@type":"ImageObject","@id":"https:\/\/bakirci.com\/ekipman\/servis-ekipmanlari\/mekanik\/lastik-servis-ekipmanlari\/balans-cihazlari\/b9280\/#primaryimage","inLanguage":"tr","url":"https:\/\/bakirci.com\/ekipman\/wp-content\/uploads\/2021\/06\/B9280.png","contentUrl":"https:\/\/bakirci.com\/ekipman\/wp-content\/uploads\/2021\/06\/B9280.png","width":1167,"height":1167},{"@type":"WebPage","@id":"https:\/\/bakirci.com\/ekipman\/servis-ekipmanlari\/mekanik\/lastik-servis-ekipmanlari\/balans-cihazlari\/b9280\/#webpage","url":"https:\/\/bakirci.com\/ekipman\/servis-ekipmanlari\/mekanik\/lastik-servis-ekipmanlari\/balans-cihazlari\/b9280\/","name":"A\u011f\u0131r Ticari Ara\u00e7 Sabit Balans Cihaz\u0131 JOHN BEAN (Born in USA) B9280 Mekanik lastik s\u0131k\u0131\u015ft\u0131rma sistemi, maksimum jant \u00e7ap\u0131 30\" - Bak\u0131rc\u0131 Garagineering","isPartOf":{"@id":"https:\/\/bakirci.com\/ekipman\/#website"},"primaryImageOfPage":{"@id":"https:\/\/bakirci.com\/ekipman\/servis-ekipmanlari\/mekanik\/lastik-servis-ekipmanlari\/balans-cihazlari\/b9280\/#primaryimage"},"datePublished":"2021-06-01T08:25:25+00:00","dateModified":"2021-10-30T13:36:11+00:00","breadcrumb":{"@id":"https:\/\/bakirci.com\/ekipman\/servis-ekipmanlari\/mekanik\/lastik-servis-ekipmanlari\/balans-cihazlari\/b9280\/#breadcrumb"},"inLanguage":"tr","potentialAction":[{"@type":"ReadAction","target":["https:\/\/bakirci.com\/ekipman\/servis-ekipmanlari\/mekanik\/lastik-servis-ekipmanlari\/balans-cihazlari\/b9280\/"]}]},{"@type":"BreadcrumbList","@id":"https:\/\/bakirci.com\/ekipman\/servis-ekipmanlari\/mekanik\/lastik-servis-ekipmanlari\/balans-cihazlari\/b9280\/#breadcrumb","itemListElement":[{"@type":"ListItem","position":1,"name":"Ekipman","item":"https:\/\/bakirci.com\/ekipman\/"},{"@type":"ListItem","position":2,"name":"Otomotiv Tesisleri \u0130\u00e7in Servis Ekipmanlar\u0131","item":"https:\/\/bakirci.com\/ekipman\/"},{"@type":"ListItem","position":3,"name":"A\u011f\u0131r Ticari Ara\u00e7 Sabit Balans Cihaz\u0131JOHN BEAN (Born in USA)B9280Mekanik lastik s\u0131k\u0131\u015ft\u0131rma sistemi, maksimum jant \u00e7ap\u0131 30&#8243;"}]}]}},"_links":{"self":[{"href":"https:\/\/bakirci.com\/ekipman\/wp-json\/wp\/v2\/product\/4050","targetHints":{"allow":["GET"]}}],"collection":[{"href":"https:\/\/bakirci.com\/ekipman\/wp-json\/wp\/v2\/product"}],"about":[{"href":"https:\/\/bakirci.com\/ekipman\/wp-json\/wp\/v2\/types\/product"}],"replies":[{"embeddable":true,"href":"https:\/\/bakirci.com\/ekipman\/wp-json\/wp\/v2\/comments?post=4050"}],"wp:featuredmedia":[{"embeddable":true,"href":"https:\/\/bakirci.com\/ekipman\/wp-json\/wp\/v2\/media\/4946"}],"wp:attachment":[{"href":"https:\/\/bakirci.com\/ekipman\/wp-json\/wp\/v2\/media?parent=4050"}],"wp:term":[{"taxonomy":"product_cat","embeddable":true,"href":"https:\/\/bakirci.com\/ekipman\/wp-json\/wp\/v2\/product_cat?post=4050"},{"taxonomy":"product_tag","embeddable":true,"href":"https:\/\/bakirci.com\/ekipman\/wp-json\/wp\/v2\/product_tag?post=4050"}],"curies":[{"name":"wp","href":"https:\/\/api.w.org\/{rel}","templated":true}]}}